{"id":939,"date":"2025-11-13T09:43:11","date_gmt":"2025-11-13T07:43:11","guid":{"rendered":"https:\/\/blog.edu.turku.fi\/hepokulta\/?page_id=939"},"modified":"2025-11-19T14:06:36","modified_gmt":"2025-11-19T12:06:36","slug":"koulun-verkkolehti","status":"publish","type":"page","link":"https:\/\/blog.edu.turku.fi\/hepokulta\/koulun-arki\/koulun-verkkolehti\/","title":{"rendered":"Koulun verkkolehti"},"content":{"rendered":"<h1>Tietoa Hepokullan koulun verkkolehdest\u00e4<\/h1>\n<p>Verkkolehti on perustettu vuonna 2025.<\/p>\n<p>Verkkolehden toimituksesta lukuvuonna 2025-2026 vastaavat p\u00e4\u00e4toimittajat Saara M\u00e4lk\u00f6nen sek\u00e4 Kaisa Vartio. Toimittajina verkkolehdess\u00e4 juttuja julkaisevat t\u00e4n\u00e4 vuonna 4.-5.lk oppilaat.<\/p>\n<p>Ensimm\u00e4iset jutut ovat valmiita! Tervetuloa!<\/p>\n<p>Linkki verkkolehteen: <a href=\"https:\/\/blog.edu.turku.fi\/verkkolehti\/\">Hepokullan koulun verkkolehti<\/a><\/p>\n","protected":false},"excerpt":{"rendered":"<p>Tietoa Hepokullan koulun verkkolehdest\u00e4 Verkkolehti on perustettu vuonna 2025. Verkkolehden toimituksesta lukuvuonna 2025-2026 vastaavat p\u00e4\u00e4toimittajat Saara M\u00e4lk\u00f6nen sek\u00e4 Kaisa Vartio. Toimittajina verkkolehdess\u00e4 juttuja julkaisevat t\u00e4n\u00e4 vuonna 4.-5.lk oppilaat. Ensimm\u00e4iset jutut ovat valmiita! Tervetuloa! Linkki verkkolehteen: Hepokullan koulun verkkolehti<\/p>\n","protected":false},"author":3443,"featured_media":0,"parent":808,"menu_order":0,"comment_status":"closed","ping_status":"closed","template":"","meta":{"footnotes":""},"class_list":["post-939","page","type-page","status-publish","hentry"],"_links":{"self":[{"href":"https:\/\/blog.edu.turku.fi\/hepokulta\/wp-json\/wp\/v2\/pages\/939","targetHints":{"allow":["GET"]}}],"collection":[{"href":"https:\/\/blog.edu.turku.fi\/hepokulta\/wp-json\/wp\/v2\/pages"}],"about":[{"href":"https:\/\/blog.edu.turku.fi\/hepokulta\/wp-json\/wp\/v2\/types\/page"}],"author":[{"embeddable":true,"href":"https:\/\/blog.edu.turku.fi\/hepokulta\/wp-json\/wp\/v2\/users\/3443"}],"replies":[{"embeddable":true,"href":"https:\/\/blog.edu.turku.fi\/hepokulta\/wp-json\/wp\/v2\/comments?post=939"}],"version-history":[{"count":4,"href":"https:\/\/blog.edu.turku.fi\/hepokulta\/wp-json\/wp\/v2\/pages\/939\/revisions"}],"predecessor-version":[{"id":946,"href":"https:\/\/blog.edu.turku.fi\/hepokulta\/wp-json\/wp\/v2\/pages\/939\/revisions\/946"}],"up":[{"embeddable":true,"href":"https:\/\/blog.edu.turku.fi\/hepokulta\/wp-json\/wp\/v2\/pages\/808"}],"wp:attachment":[{"href":"https:\/\/blog.edu.turku.fi\/hepokulta\/wp-json\/wp\/v2\/media?parent=939"}],"curies":[{"name":"wp","href":"https:\/\/api.w.org\/{rel}","templated":true}]}}