{"id":802,"date":"2025-04-23T08:59:59","date_gmt":"2025-04-23T05:59:59","guid":{"rendered":"https:\/\/blog.edu.turku.fi\/hepokulta\/?page_id=802"},"modified":"2025-05-06T16:59:03","modified_gmt":"2025-05-06T13:59:03","slug":"osallisuus-ja-yhteistyo","status":"publish","type":"page","link":"https:\/\/blog.edu.turku.fi\/hepokulta\/osallisuus-ja-yhteistyo\/","title":{"rendered":"Osallisuus ja yhteisty\u00f6"},"content":{"rendered":"<p>T\u00e4t\u00e4 sivua p\u00e4ivitet\u00e4\u00e4n parhaillaan! Palaathan my\u00f6hemmin uudelleen.<\/p>\n","protected":false},"excerpt":{"rendered":"<p>T\u00e4t\u00e4 sivua p\u00e4ivitet\u00e4\u00e4n parhaillaan! Palaathan my\u00f6hemmin uudelleen.<\/p>\n","protected":false},"author":3443,"featured_media":0,"parent":0,"menu_order":0,"comment_status":"closed","ping_status":"closed","template":"","meta":{"footnotes":""},"class_list":["post-802","page","type-page","status-publish","hentry"],"_links":{"self":[{"href":"https:\/\/blog.edu.turku.fi\/hepokulta\/wp-json\/wp\/v2\/pages\/802","targetHints":{"allow":["GET"]}}],"collection":[{"href":"https:\/\/blog.edu.turku.fi\/hepokulta\/wp-json\/wp\/v2\/pages"}],"about":[{"href":"https:\/\/blog.edu.turku.fi\/hepokulta\/wp-json\/wp\/v2\/types\/page"}],"author":[{"embeddable":true,"href":"https:\/\/blog.edu.turku.fi\/hepokulta\/wp-json\/wp\/v2\/users\/3443"}],"replies":[{"embeddable":true,"href":"https:\/\/blog.edu.turku.fi\/hepokulta\/wp-json\/wp\/v2\/comments?post=802"}],"version-history":[{"count":2,"href":"https:\/\/blog.edu.turku.fi\/hepokulta\/wp-json\/wp\/v2\/pages\/802\/revisions"}],"predecessor-version":[{"id":857,"href":"https:\/\/blog.edu.turku.fi\/hepokulta\/wp-json\/wp\/v2\/pages\/802\/revisions\/857"}],"wp:attachment":[{"href":"https:\/\/blog.edu.turku.fi\/hepokulta\/wp-json\/wp\/v2\/media?parent=802"}],"curies":[{"name":"wp","href":"https:\/\/api.w.org\/{rel}","templated":true}]}}