{"id":48,"date":"2015-10-19T10:43:34","date_gmt":"2015-10-19T07:43:34","guid":{"rendered":"https:\/\/blog.edu.turku.fi\/harittuphy\/?page_id=48"},"modified":"2025-01-20T12:44:14","modified_gmt":"2025-01-20T10:44:14","slug":"yhteystiedot","status":"publish","type":"page","link":"https:\/\/blog.edu.turku.fi\/haritunpk\/yhteystiedot\/","title":{"rendered":"Yhteystiedot"},"content":{"rendered":"<p>Osoitteemme on<\/p>\n<p>KYMENLAAKSONKUJA 4 20740 TURKU<\/p>\n<p>&nbsp;<\/p>\n<p>P\u00e4iv\u00e4kodin johtaja<\/p>\n<p>P\u00e4ivi Valdolin 050-3967164<\/p>\n<p>paivi.valdolin@edu.turku.fi<\/p>\n<p>Ryhm\u00e4t<\/p>\n<p>Myssykasperit 040-7380854<\/p>\n<p>Leijonanhampaat 040-5397114<\/p>\n<p>Silkkitassut 040-6613439<\/p>\n<p>Tiikerit 040-4842312<\/p>\n<p>Karhut 040-5399763<\/p>\n<p>Avoin p\u00e4iv\u00e4koti ja leikkikoulu 040-3584822<\/p>\n<p>Seurakunnan perhekerho\/leikkikoulu 040-3417459<\/p>\n","protected":false},"excerpt":{"rendered":"<p>Osoitteemme on KYMENLAAKSONKUJA 4 20740 TURKU &nbsp; P\u00e4iv\u00e4kodin johtaja P\u00e4ivi Valdolin 050-3967164 paivi.valdolin@edu.turku.fi Ryhm\u00e4t Myssykasperit 040-7380854 Leijonanhampaat 040-5397114 Silkkitassut 040-6613439 Tiikerit 040-4842312 Karhut 040-5399763 Avoin p\u00e4iv\u00e4koti ja leikkikoulu 040-3584822 Seurakunnan perhekerho\/leikkikoulu 040-3417459<\/p>\n","protected":false},"author":1566,"featured_media":0,"parent":0,"menu_order":0,"comment_status":"closed","ping_status":"closed","template":"","meta":{"footnotes":""},"class_list":["post-48","page","type-page","status-publish","hentry"],"_links":{"self":[{"href":"https:\/\/blog.edu.turku.fi\/haritunpk\/wp-json\/wp\/v2\/pages\/48","targetHints":{"allow":["GET"]}}],"collection":[{"href":"https:\/\/blog.edu.turku.fi\/haritunpk\/wp-json\/wp\/v2\/pages"}],"about":[{"href":"https:\/\/blog.edu.turku.fi\/haritunpk\/wp-json\/wp\/v2\/types\/page"}],"author":[{"embeddable":true,"href":"https:\/\/blog.edu.turku.fi\/haritunpk\/wp-json\/wp\/v2\/users\/1566"}],"replies":[{"embeddable":true,"href":"https:\/\/blog.edu.turku.fi\/haritunpk\/wp-json\/wp\/v2\/comments?post=48"}],"version-history":[{"count":10,"href":"https:\/\/blog.edu.turku.fi\/haritunpk\/wp-json\/wp\/v2\/pages\/48\/revisions"}],"predecessor-version":[{"id":3615,"href":"https:\/\/blog.edu.turku.fi\/haritunpk\/wp-json\/wp\/v2\/pages\/48\/revisions\/3615"}],"wp:attachment":[{"href":"https:\/\/blog.edu.turku.fi\/haritunpk\/wp-json\/wp\/v2\/media?parent=48"}],"curies":[{"name":"wp","href":"https:\/\/api.w.org\/{rel}","templated":true}]}}