{"id":95,"date":"2012-03-10T10:54:10","date_gmt":"2012-03-10T10:54:10","guid":{"rendered":"https:\/\/blog.edu.turku.fi\/hannunniittu\/?page_id=95"},"modified":"2016-10-06T06:22:17","modified_gmt":"2016-10-06T06:22:17","slug":"opetus-2","status":"publish","type":"page","link":"https:\/\/blog.edu.turku.fi\/hannunniittu\/opetus-2\/","title":{"rendered":"OPETUS"},"content":{"rendered":"<p>Koulun toiminta-ajatuksena on toteuttaa lainlaatijan antama kasvatus- ja opetusteht\u00e4v\u00e4 niin, ett\u00e4 oppilaat pystyv\u00e4t jatkamaan opintojaan ja selviytym\u00e4\u00e4n tulevaisuuden yhteiskunnan haasteista.<br \/>\nKoulu antaa oppilailleen tietoisuuden menneisyydest\u00e4\u00e4n ja kasvattaa heid\u00e4n luovuuttaan, vastuutaan ja harrastuneisuuttaan kansainv\u00e4listyv\u00e4ss\u00e4 ja teknistyv\u00e4ss\u00e4 yhteiskunnassa.<br \/>\nPid\u00e4mme erityisen t\u00e4rke\u00e4n\u00e4, ett\u00e4 oppilaille kehittyy hyv\u00e4 itsetunto. Keskeisi\u00e4 arvoja, jotka ohjaavat toimintaamme ovat perusturvallisuus, muiden huomioonottaminen ja yhteisty\u00f6kyky, hyv\u00e4t tavat, vastuuntunto, omatoimisuus sek\u00e4 perinteiden kunnioitus.<br \/>\nKoulussa toteutuu oppilaan kokoinen opetus joustavin j\u00e4rjestelyin.<\/p>\n","protected":false},"excerpt":{"rendered":"<p>Koulun toiminta-ajatuksena on toteuttaa lainlaatijan antama kasvatus- ja opetusteht\u00e4v\u00e4 niin, ett\u00e4 oppilaat pystyv\u00e4t jatkamaan opintojaan ja selviytym\u00e4\u00e4n tulevaisuuden yhteiskunnan haasteista. Koulu antaa oppilailleen tietoisuuden menneisyydest\u00e4\u00e4n ja kasvattaa heid\u00e4n luovuuttaan, vastuutaan ja harrastuneisuuttaan kansainv\u00e4listyv\u00e4ss\u00e4 ja teknistyv\u00e4ss\u00e4 yhteiskunnassa. Pid\u00e4mme erityisen t\u00e4rke\u00e4n\u00e4, ett\u00e4 oppilaille kehittyy hyv\u00e4 itsetunto. Keskeisi\u00e4 arvoja, jotka ohjaavat toimintaamme ovat perusturvallisuus, muiden huomioonottaminen ja yhteisty\u00f6kyky, &hellip; <a href=\"https:\/\/blog.edu.turku.fi\/hannunniittu\/opetus-2\/\" class=\"more-link\">Jatka lukemista<span class=\"screen-reader-text\"> &#8221;OPETUS&#8221;<\/span><\/a><\/p>\n","protected":false},"author":48,"featured_media":0,"parent":0,"menu_order":0,"comment_status":"closed","ping_status":"closed","template":"","meta":{"ngg_post_thumbnail":0,"footnotes":""},"class_list":["post-95","page","type-page","status-publish","hentry"],"_links":{"self":[{"href":"https:\/\/blog.edu.turku.fi\/hannunniittu\/wp-json\/wp\/v2\/pages\/95","targetHints":{"allow":["GET"]}}],"collection":[{"href":"https:\/\/blog.edu.turku.fi\/hannunniittu\/wp-json\/wp\/v2\/pages"}],"about":[{"href":"https:\/\/blog.edu.turku.fi\/hannunniittu\/wp-json\/wp\/v2\/types\/page"}],"author":[{"embeddable":true,"href":"https:\/\/blog.edu.turku.fi\/hannunniittu\/wp-json\/wp\/v2\/users\/48"}],"replies":[{"embeddable":true,"href":"https:\/\/blog.edu.turku.fi\/hannunniittu\/wp-json\/wp\/v2\/comments?post=95"}],"version-history":[{"count":9,"href":"https:\/\/blog.edu.turku.fi\/hannunniittu\/wp-json\/wp\/v2\/pages\/95\/revisions"}],"predecessor-version":[{"id":2065,"href":"https:\/\/blog.edu.turku.fi\/hannunniittu\/wp-json\/wp\/v2\/pages\/95\/revisions\/2065"}],"wp:attachment":[{"href":"https:\/\/blog.edu.turku.fi\/hannunniittu\/wp-json\/wp\/v2\/media?parent=95"}],"curies":[{"name":"wp","href":"https:\/\/api.w.org\/{rel}","templated":true}]}}