{"id":110,"date":"2015-06-17T14:31:21","date_gmt":"2015-06-17T11:31:21","guid":{"rendered":"https:\/\/blog.edu.turku.fi\/halistenphy\/?page_id=110"},"modified":"2023-03-06T10:28:36","modified_gmt":"2023-03-06T08:28:36","slug":"etusivu","status":"publish","type":"page","link":"https:\/\/blog.edu.turku.fi\/halistenphy\/","title":{"rendered":"Etusivu"},"content":{"rendered":"<h2>Tervetuloa Halisten p\u00e4iv\u00e4kodin &#8211; Villa Vinsentin kotisivuille!<\/h2>\n<p><em>Lapsella on sata kielt\u00e4<\/em><br \/>\n<em>sata k\u00e4tt\u00e4<\/em><br \/>\n<em>sata ajatusta<\/em><br \/>\n<em>sata tapaa pohtia<\/em><br \/>\n<em>leikki\u00e4 ja puhua<\/em><br \/>\n<em>sata aina sata<\/em><br \/>\n<em>tapaa kuunnella<\/em><br \/>\n<em>ihastella rakastaa<\/em><br \/>\n<em>sata iloa<\/em><br \/>\n<em>laulaa ja ymm\u00e4rt\u00e4\u00e4<\/em><br \/>\n<em>sata maailmaa valloittaa<\/em><br \/>\n<em>sata maailmaa tutkia<\/em><br \/>\n<em>sata maailmaa uneksia.<\/em><\/p>\n<p>Loris Malaguzzi, suomentanut Liisa Puurula<\/p>\n","protected":false},"excerpt":{"rendered":"<p>Tervetuloa Halisten p\u00e4iv\u00e4kodin &#8211; Villa Vinsentin kotisivuille! Lapsella on sata kielt\u00e4 sata k\u00e4tt\u00e4 sata ajatusta sata tapaa pohtia leikki\u00e4 ja puhua sata aina sata tapaa kuunnella ihastella rakastaa sata iloa laulaa ja ymm\u00e4rt\u00e4\u00e4 sata maailmaa valloittaa sata maailmaa tutkia sata maailmaa uneksia. Loris Malaguzzi, suomentanut Liisa Puurula<\/p>\n","protected":false},"author":1270,"featured_media":0,"parent":0,"menu_order":1,"comment_status":"closed","ping_status":"closed","template":"","meta":{"footnotes":""},"class_list":["post-110","page","type-page","status-publish","hentry"],"_links":{"self":[{"href":"https:\/\/blog.edu.turku.fi\/halistenphy\/wp-json\/wp\/v2\/pages\/110","targetHints":{"allow":["GET"]}}],"collection":[{"href":"https:\/\/blog.edu.turku.fi\/halistenphy\/wp-json\/wp\/v2\/pages"}],"about":[{"href":"https:\/\/blog.edu.turku.fi\/halistenphy\/wp-json\/wp\/v2\/types\/page"}],"author":[{"embeddable":true,"href":"https:\/\/blog.edu.turku.fi\/halistenphy\/wp-json\/wp\/v2\/users\/1270"}],"replies":[{"embeddable":true,"href":"https:\/\/blog.edu.turku.fi\/halistenphy\/wp-json\/wp\/v2\/comments?post=110"}],"version-history":[{"count":3,"href":"https:\/\/blog.edu.turku.fi\/halistenphy\/wp-json\/wp\/v2\/pages\/110\/revisions"}],"predecessor-version":[{"id":371,"href":"https:\/\/blog.edu.turku.fi\/halistenphy\/wp-json\/wp\/v2\/pages\/110\/revisions\/371"}],"wp:attachment":[{"href":"https:\/\/blog.edu.turku.fi\/halistenphy\/wp-json\/wp\/v2\/media?parent=110"}],"curies":[{"name":"wp","href":"https:\/\/api.w.org\/{rel}","templated":true}]}}