{"id":1024,"date":"2018-11-30T12:20:35","date_gmt":"2018-11-30T10:20:35","guid":{"rendered":"https:\/\/blog.edu.turku.fi\/haarlapikisaariphy\/files\/2018\/11\/Kamppailun-n\u00e4ytt\u00e4m\u00f6.jpg"},"modified":"2019-05-15T10:12:13","modified_gmt":"2019-05-15T07:12:13","slug":"kamppailun-nayttamo","status":"inherit","type":"attachment","link":"https:\/\/blog.edu.turku.fi\/haarlanpk\/kamppailun-nayttamo\/","title":{"rendered":"Kamppailun n\u00e4ytt\u00e4m\u00f6"},"author":2517,"featured_media":0,"comment_status":"closed","ping_status":"closed","template":"","meta":[],"class_list":["post-1024","attachment","type-attachment","status-inherit","hentry"],"description":{"rendered":"<p class=\"attachment\"><a href='https:\/\/blog.edu.turku.fi\/haarlanpk\/files\/2018\/11\/Kamppailun-n\u00e4ytt\u00e4m\u00f6.jpg'><img loading=\"lazy\" decoding=\"async\" width=\"300\" height=\"225\" src=\"https:\/\/blog.edu.turku.fi\/haarlanpk\/files\/2018\/11\/Kamppailun-n\u00e4ytt\u00e4m\u00f6-300x225.jpg\" class=\"attachment-medium size-medium\" alt=\"J\u00e4\u00e4kiekkopeli.\" srcset=\"https:\/\/blog.edu.turku.fi\/haarlanpk\/files\/2018\/11\/Kamppailun-n\u00e4ytt\u00e4m\u00f6-300x225.jpg 300w, https:\/\/blog.edu.turku.fi\/haarlanpk\/files\/2018\/11\/Kamppailun-n\u00e4ytt\u00e4m\u00f6.jpg 600w\" sizes=\"auto, (max-width: 300px) 85vw, 300px\" \/><\/a><\/p>\n"},"caption":{"rendered":"<p>Otteluareena<\/p>\n"},"alt_text":"J\u00e4\u00e4kiekkopeli.","media_type":"image","mime_type":"image\/jpeg","media_details":{"width":600,"height":450,"file":"2018\/11\/Kamppailun-n\u00e4ytt\u00e4m\u00f6.jpg","sizes":{"thumbnail":{"file":"Kamppailun-n\u00e4ytt\u00e4m\u00f6-150x150.jpg","width":150,"height":150,"mime_type":"image\/jpeg","source_url":"https:\/\/blog.edu.turku.fi\/haarlanpk\/files\/2018\/11\/Kamppailun-n\u00e4ytt\u00e4m\u00f6-150x150.jpg"},"medium":{"file":"Kamppailun-n\u00e4ytt\u00e4m\u00f6-300x225.jpg","width":300,"height":225,"mime_type":"image\/jpeg","source_url":"https:\/\/blog.edu.turku.fi\/haarlanpk\/files\/2018\/11\/Kamppailun-n\u00e4ytt\u00e4m\u00f6-300x225.jpg"},"large":{"file":"Kamppailun-n\u00e4ytt\u00e4m\u00f6-600x450.jpg","width":600,"height":450,"mime_type":"image\/jpeg","source_url":"https:\/\/blog.edu.turku.fi\/haarlanpk\/files\/2018\/11\/Kamppailun-n\u00e4ytt\u00e4m\u00f6-600x450.jpg"},"full":{"file":"Kamppailun-n\u00e4ytt\u00e4m\u00f6.jpg","width":600,"height":450,"mime_type":"image\/jpeg","source_url":"https:\/\/blog.edu.turku.fi\/haarlanpk\/files\/2018\/11\/Kamppailun-n\u00e4ytt\u00e4m\u00f6.jpg"}},"image_meta":{"aperture":"0","credit":"","camera":"","caption":"","created_timestamp":"0","copyright":"","focal_length":"0","iso":"0","shutter_speed":"0","title":"","orientation":"0","keywords":[]}},"post":null,"source_url":"https:\/\/blog.edu.turku.fi\/haarlanpk\/files\/2018\/11\/Kamppailun-n\u00e4ytt\u00e4m\u00f6.jpg","_links":{"self":[{"href":"https:\/\/blog.edu.turku.fi\/haarlanpk\/wp-json\/wp\/v2\/media\/1024","targetHints":{"allow":["GET"]}}],"collection":[{"href":"https:\/\/blog.edu.turku.fi\/haarlanpk\/wp-json\/wp\/v2\/media"}],"about":[{"href":"https:\/\/blog.edu.turku.fi\/haarlanpk\/wp-json\/wp\/v2\/types\/attachment"}],"author":[{"embeddable":true,"href":"https:\/\/blog.edu.turku.fi\/haarlanpk\/wp-json\/wp\/v2\/users\/2517"}],"replies":[{"embeddable":true,"href":"https:\/\/blog.edu.turku.fi\/haarlanpk\/wp-json\/wp\/v2\/comments?post=1024"}]}}

https://blog.edu.turku.fi/haarlapikisaariphy/files/2018/11/Kamppailun-näyttämö.jpg

Kamppailun näyttämö

<p class="attachment"><a href='https://blog.edu.turku.fi/haarlanpk/files/2018/11/Kamppailun-näyttämö.jpg'><img loading="lazy" decoding="async" width="300" height="225" src="https://blog.edu.turku.fi/haarlanpk/files/2018/11/Kamppailun-näyttämö-300x225.jpg" class="attachment-medium size-medium" alt="Jääkiekkopeli." srcset="https://blog.edu.turku.fi/haarlanpk/files/2018/11/Kamppailun-näyttämö-300x225.jpg 300w, https://blog.edu.turku.fi/haarlanpk/files/2018/11/Kamppailun-näyttämö.jpg 600w" sizes="auto, (max-width: 300px) 85vw, 300px" /></a></p>

Jääkiekkopeli.

2018/11/Kamppailun-näyttämö.jpg

Kamppailun-näyttämö-150x150.jpg

https://blog.edu.turku.fi/haarlanpk/files/2018/11/Kamppailun-näyttämö-150x150.jpg

Kamppailun-näyttämö-300x225.jpg

https://blog.edu.turku.fi/haarlanpk/files/2018/11/Kamppailun-näyttämö-300x225.jpg

Kamppailun-näyttämö-600x450.jpg

https://blog.edu.turku.fi/haarlanpk/files/2018/11/Kamppailun-näyttämö-600x450.jpg

Kamppailun-näyttämö.jpg

https://blog.edu.turku.fi/haarlanpk/files/2018/11/Kamppailun-näyttämö.jpg
