{"id":60,"date":"2014-11-03T19:27:01","date_gmt":"2014-11-03T17:27:01","guid":{"rendered":"https:\/\/blog.edu.turku.fi\/haarla\/?page_id=60"},"modified":"2025-08-30T13:19:04","modified_gmt":"2025-08-30T10:19:04","slug":"ajankohtaista","status":"publish","type":"page","link":"https:\/\/blog.edu.turku.fi\/haarla\/","title":{"rendered":""},"content":{"rendered":"<p style=\"text-align: center\">Haarlan koulu on noin 300 oppilaan koulu Turun Hirvensalon saarella Saaristomeren rannalla. Koulun sijainti mahdollistaa monipuoliset ulkoilumahdollisuudet l\u00e4hiluonnossa.\u00a0 Koulurakennus on valmistunut v. 2005. Rakennuksessa toimivat alakoulun luokat, valmistavan opetuksen luokka, p\u00e4iv\u00e4koti ja aamu- ja iltap\u00e4iv\u00e4kerho. Oppilaamme tulevat Hirvensalon, Kakskerran ja Satavan saarilta.<\/p>\n<p style=\"text-align: center\">\u00a0Pyrimme luomaan kouluun my\u00f6nteisen, kiireett\u00f6m\u00e4n ja avoimen ilmapiirin, jossa kaikkien koulussa ty\u00f6skentelevien on helppo toimia.<\/p>\n<p>&nbsp;<\/p>\n<p style=\"text-align: center\">Haarlan koulussa<\/p>\n<p style=\"text-align: center\">toimimme sen periaatteen mukaan,<br \/>\nettei toista huonompi ole meist\u00e4 kukaan.<br \/>\nJoku osaa hyvin yht\u00e4 toinen toista.<br \/>\nEi l\u00f6ydy lasta kahta samanmoista.<\/p>\n<p style=\"text-align: center\">On t\u00e4rkeint\u00e4 aina yritt\u00e4\u00e4.<br \/>\nTekem\u00e4ll\u00e4 oppii, laiska j\u00e4lkeen j\u00e4\u00e4.<br \/>\nKysy neuvoa, mutta tee itse ty\u00f6.<br \/>\nEih\u00e4n n\u00e4lk\u00e4k\u00e4\u00e4n l\u00e4hde, jos vain kaveri sy\u00f6.<\/p>\n<p style=\"text-align: center\">On totta, ettei kaikki aina luista.<br \/>\nJoskus ei jaksa ja joskus ei muista.<br \/>\nKun tekee kaiken parhaan kykyns\u00e4 mukaan,<br \/>\non ansainnut kiitoksen. Moiti ei kukaan.<\/p>\n<p style=\"text-align: center\">Katso, kuuntele, lue ja mieleen paina<br \/>\nja mieless\u00e4s pohdi asiat aina.<br \/>\nOppia ik\u00e4 kaikki, ei koulu pelk\u00e4st\u00e4\u00e4n.<\/p>\n<p style=\"text-align: center\">Monenmoista oppii my\u00f6s vapaahetkin\u00e4\u00e4n.<\/p>\n<p>&nbsp;<\/p>\n<p><a href=\"https:\/\/blog.edu.turku.fi\/haarla\/files\/2020\/11\/colorful-4043742_1920.jpg\"><img loading=\"lazy\" decoding=\"async\" class=\"aligncenter wp-image-238\" src=\"https:\/\/blog.edu.turku.fi\/haarla\/files\/2020\/11\/colorful-4043742_1920-300x200.jpg\" alt=\"lapsen v\u00e4rik\u00e4s k\u00e4si\" width=\"398\" height=\"266\" srcset=\"https:\/\/blog.edu.turku.fi\/haarla\/files\/2020\/11\/colorful-4043742_1920-300x200.jpg 300w, https:\/\/blog.edu.turku.fi\/haarla\/files\/2020\/11\/colorful-4043742_1920.jpg 1024w\" sizes=\"auto, (max-width: 398px) 85vw, 398px\" \/><\/a><\/p>\n","protected":false},"excerpt":{"rendered":"<p>Haarlan koulu on noin 300 oppilaan koulu Turun Hirvensalon saarella Saaristomeren rannalla. Koulun sijainti mahdollistaa monipuoliset ulkoilumahdollisuudet l\u00e4hiluonnossa.\u00a0 Koulurakennus on valmistunut v. 2005. Rakennuksessa toimivat alakoulun luokat, valmistavan opetuksen luokka, p\u00e4iv\u00e4koti ja aamu- ja iltap\u00e4iv\u00e4kerho. Oppilaamme tulevat Hirvensalon, Kakskerran ja Satavan saarilta. \u00a0Pyrimme luomaan kouluun my\u00f6nteisen, kiireett\u00f6m\u00e4n ja avoimen ilmapiirin, jossa kaikkien koulussa ty\u00f6skentelevien on &hellip; <a href=\"https:\/\/blog.edu.turku.fi\/haarla\/\" class=\"more-link\">Jatka lukemista<span class=\"screen-reader-text\"> &#8221;&#8221;<\/span><\/a><\/p>\n","protected":false},"author":1122,"featured_media":0,"parent":0,"menu_order":0,"comment_status":"closed","ping_status":"closed","template":"","meta":{"footnotes":""},"class_list":["post-60","page","type-page","status-publish","hentry"],"_links":{"self":[{"href":"https:\/\/blog.edu.turku.fi\/haarla\/wp-json\/wp\/v2\/pages\/60","targetHints":{"allow":["GET"]}}],"collection":[{"href":"https:\/\/blog.edu.turku.fi\/haarla\/wp-json\/wp\/v2\/pages"}],"about":[{"href":"https:\/\/blog.edu.turku.fi\/haarla\/wp-json\/wp\/v2\/types\/page"}],"author":[{"embeddable":true,"href":"https:\/\/blog.edu.turku.fi\/haarla\/wp-json\/wp\/v2\/users\/1122"}],"replies":[{"embeddable":true,"href":"https:\/\/blog.edu.turku.fi\/haarla\/wp-json\/wp\/v2\/comments?post=60"}],"version-history":[{"count":19,"href":"https:\/\/blog.edu.turku.fi\/haarla\/wp-json\/wp\/v2\/pages\/60\/revisions"}],"predecessor-version":[{"id":353,"href":"https:\/\/blog.edu.turku.fi\/haarla\/wp-json\/wp\/v2\/pages\/60\/revisions\/353"}],"wp:attachment":[{"href":"https:\/\/blog.edu.turku.fi\/haarla\/wp-json\/wp\/v2\/media?parent=60"}],"curies":[{"name":"wp","href":"https:\/\/api.w.org\/{rel}","templated":true}]}}