{"id":146,"date":"2016-10-14T14:52:01","date_gmt":"2016-10-14T11:52:01","guid":{"rendered":"https:\/\/blog.edu.turku.fi\/haarla\/?page_id=146"},"modified":"2020-11-04T17:48:59","modified_gmt":"2020-11-04T15:48:59","slug":"ops-2","status":"publish","type":"page","link":"https:\/\/blog.edu.turku.fi\/haarla\/ops-2\/","title":{"rendered":"Opetussuunnitelma"},"content":{"rendered":"<p>Uusi opetussuunnitelma astui voimaan 1.8.2016. Haarlan koulun opetussuunnitelmaan p\u00e4\u00e4se t\u00e4st\u00e4 linkist\u00e4:<\/p>\n<p><a href=\"https:\/\/blog.edu.turku.fi\/ops2016\/files\/2015\/04\/HAARLA-OPS-2016.pdf\">https:\/\/blog.edu.turku.fi\/ops2016\/files\/2015\/04\/HAARLA-OPS-2016.pdf<\/a><\/p>\n<p><a href=\"https:\/\/blog.edu.turku.fi\/haarla\/files\/2020\/11\/books-484766_1920.jpg\"><img loading=\"lazy\" decoding=\"async\" class=\"wp-image-245 alignright\" src=\"https:\/\/blog.edu.turku.fi\/haarla\/files\/2020\/11\/books-484766_1920-300x200.jpg\" alt=\"\" width=\"404\" height=\"269\" srcset=\"https:\/\/blog.edu.turku.fi\/haarla\/files\/2020\/11\/books-484766_1920-300x200.jpg 300w, https:\/\/blog.edu.turku.fi\/haarla\/files\/2020\/11\/books-484766_1920.jpg 1024w\" sizes=\"auto, (max-width: 404px) 85vw, 404px\" \/><\/a><\/p>\n<p>&nbsp;<\/p>\n","protected":false},"excerpt":{"rendered":"<p>Uusi opetussuunnitelma astui voimaan 1.8.2016. Haarlan koulun opetussuunnitelmaan p\u00e4\u00e4se t\u00e4st\u00e4 linkist\u00e4: https:\/\/blog.edu.turku.fi\/ops2016\/files\/2015\/04\/HAARLA-OPS-2016.pdf &nbsp;<\/p>\n","protected":false},"author":1122,"featured_media":0,"parent":0,"menu_order":0,"comment_status":"closed","ping_status":"closed","template":"","meta":{"footnotes":""},"class_list":["post-146","page","type-page","status-publish","hentry"],"_links":{"self":[{"href":"https:\/\/blog.edu.turku.fi\/haarla\/wp-json\/wp\/v2\/pages\/146","targetHints":{"allow":["GET"]}}],"collection":[{"href":"https:\/\/blog.edu.turku.fi\/haarla\/wp-json\/wp\/v2\/pages"}],"about":[{"href":"https:\/\/blog.edu.turku.fi\/haarla\/wp-json\/wp\/v2\/types\/page"}],"author":[{"embeddable":true,"href":"https:\/\/blog.edu.turku.fi\/haarla\/wp-json\/wp\/v2\/users\/1122"}],"replies":[{"embeddable":true,"href":"https:\/\/blog.edu.turku.fi\/haarla\/wp-json\/wp\/v2\/comments?post=146"}],"version-history":[{"count":6,"href":"https:\/\/blog.edu.turku.fi\/haarla\/wp-json\/wp\/v2\/pages\/146\/revisions"}],"predecessor-version":[{"id":249,"href":"https:\/\/blog.edu.turku.fi\/haarla\/wp-json\/wp\/v2\/pages\/146\/revisions\/249"}],"wp:attachment":[{"href":"https:\/\/blog.edu.turku.fi\/haarla\/wp-json\/wp\/v2\/media?parent=146"}],"curies":[{"name":"wp","href":"https:\/\/api.w.org\/{rel}","templated":true}]}}