{"id":599,"date":"2021-12-20T10:19:21","date_gmt":"2021-12-20T08:19:21","guid":{"rendered":"https:\/\/blog.edu.turku.fi\/etaopetus\/?page_id=599"},"modified":"2023-05-24T10:07:39","modified_gmt":"2023-05-24T07:07:39","slug":"etaopetus-ja-ipadit","status":"publish","type":"page","link":"https:\/\/blog.edu.turku.fi\/etaopetus\/etaopetus-ja-ipadit\/","title":{"rendered":"Et\u00e4opetus ja iPadit"},"content":{"rendered":"<h2>Yhteisk\u00e4ytt\u00f6- ja 1:1-laitteet<\/h2>\n<p>Sek\u00e4 yhteisk\u00e4ytt\u00f6- ett\u00e4 1:1-iPadej\u00e4 on mahdollista k\u00e4ytt\u00e4\u00e4 et\u00e4opetukseen osallistumiseen. Tarkista kuitenkin ennen k\u00e4ytt\u00f6\u00e4, ett\u00e4 alla mainitut seikat ovat kunnossa.<\/p>\n<h2>Vaaditut sovellukset<\/h2>\n<p>Et\u00e4opetuksessa k\u00e4ytett\u00e4v\u00e4ss\u00e4 iPadiss\u00e4 on oltava asennettuna ainakin Teams-sovellukset. T\u00e4m\u00e4n lis\u00e4ksi opettaja saattaa edellytt\u00e4\u00e4 esimerkiksi Word-sovelluksen asentamista.<\/p>\n<p>Turun oppilask\u00e4yt\u00f6ss\u00e4 oleville laitteille voi asentaa sovelluksia Yritysportaali-sovelluskaupan kautta.<\/p>\n<h2>Sovelluksiin kirjautuminen<\/h2>\n<p>Jos k\u00e4yt\u00f6ss\u00e4 on yhteisk\u00e4ytt\u00f6-iPad, kirjautuminen Teamsiin et\u00e4tuntia ei ole v\u00e4ltt\u00e4m\u00e4t\u00f6nt\u00e4. Teamsin muu k\u00e4ytt\u00f6 tai esimerkiksi Word-tiedostojen muokkaaminen saattavat kuitenkin edellytt\u00e4\u00e4 kirjautumista. T\u00e4ll\u00f6in oppilaat kirjautuvat tunnus@edu.turku.fi-muodossa, omalla salasanallaan. <strong>Yhteisk\u00e4ytt\u00f6laitteilla tulee tunnin loputtua aina huolehtia, ett\u00e4 kaikista sovelluksista on kirjauduttu ulos.<\/strong><\/p>\n<p>Omassa k\u00e4yt\u00f6ss\u00e4 olevilla 1:1-iPadeill\u00e4 kannattaa kirjautua kaikkiin sovelluksiin omalla @edu.turku.fi-tunnuksella. N\u00e4ill\u00e4 laitteilla uloskirjautumista sovelluksista ei tarvitse tehd\u00e4.<\/p>\n<h2>Kuulokkeiden ja kuulokemikrofonien k\u00e4ytt\u00f6<\/h2>\n<p>iPadien kanssa tulee aina k\u00e4ytt\u00e4\u00e4 kuulokkeita. Suositeltavin vaihtoehto on kuulokemikrofoni, jolloin oppilaan \u00e4\u00e4ni kuuluu muille paremmin ilman taustah\u00e4lin\u00e4\u00e4.<\/p>\n","protected":false},"excerpt":{"rendered":"<p>Yhteisk\u00e4ytt\u00f6- ja 1:1-laitteet Sek\u00e4 yhteisk\u00e4ytt\u00f6- ett\u00e4 1:1-iPadej\u00e4 on mahdollista k\u00e4ytt\u00e4\u00e4 et\u00e4opetukseen osallistumiseen. Tarkista kuitenkin ennen k\u00e4ytt\u00f6\u00e4, ett\u00e4 alla mainitut seikat ovat kunnossa. Vaaditut sovellukset Et\u00e4opetuksessa k\u00e4ytett\u00e4v\u00e4ss\u00e4 iPadiss\u00e4 on oltava asennettuna ainakin Teams-sovellukset. T\u00e4m\u00e4n lis\u00e4ksi opettaja saattaa edellytt\u00e4\u00e4 esimerkiksi Word-sovelluksen asentamista. Turun oppilask\u00e4yt\u00f6ss\u00e4 oleville laitteille voi asentaa sovelluksia Yritysportaali-sovelluskaupan kautta. Sovelluksiin kirjautuminen Jos k\u00e4yt\u00f6ss\u00e4 on yhteisk\u00e4ytt\u00f6-iPad, &hellip; <a href=\"https:\/\/blog.edu.turku.fi\/etaopetus\/etaopetus-ja-ipadit\/\" class=\"more-link\">Jatka artikkeliin <span class=\"screen-reader-text\">Et\u00e4opetus ja iPadit<\/span><\/a><\/p>\n","protected":false},"author":56,"featured_media":0,"parent":0,"menu_order":0,"comment_status":"closed","ping_status":"closed","template":"","meta":{"footnotes":""},"class_list":["post-599","page","type-page","status-publish","hentry"],"_links":{"self":[{"href":"https:\/\/blog.edu.turku.fi\/etaopetus\/wp-json\/wp\/v2\/pages\/599","targetHints":{"allow":["GET"]}}],"collection":[{"href":"https:\/\/blog.edu.turku.fi\/etaopetus\/wp-json\/wp\/v2\/pages"}],"about":[{"href":"https:\/\/blog.edu.turku.fi\/etaopetus\/wp-json\/wp\/v2\/types\/page"}],"author":[{"embeddable":true,"href":"https:\/\/blog.edu.turku.fi\/etaopetus\/wp-json\/wp\/v2\/users\/56"}],"replies":[{"embeddable":true,"href":"https:\/\/blog.edu.turku.fi\/etaopetus\/wp-json\/wp\/v2\/comments?post=599"}],"version-history":[{"count":9,"href":"https:\/\/blog.edu.turku.fi\/etaopetus\/wp-json\/wp\/v2\/pages\/599\/revisions"}],"predecessor-version":[{"id":644,"href":"https:\/\/blog.edu.turku.fi\/etaopetus\/wp-json\/wp\/v2\/pages\/599\/revisions\/644"}],"wp:attachment":[{"href":"https:\/\/blog.edu.turku.fi\/etaopetus\/wp-json\/wp\/v2\/media?parent=599"}],"curies":[{"name":"wp","href":"https:\/\/api.w.org\/{rel}","templated":true}]}}