{"id":19,"date":"2016-02-05T13:35:51","date_gmt":"2016-02-05T11:35:51","guid":{"rendered":"https:\/\/blog.edu.turku.fi\/esimerkkikoulu\/?page_id=19"},"modified":"2023-08-22T13:27:50","modified_gmt":"2023-08-22T10:27:50","slug":"henkilokunta","status":"publish","type":"page","link":"https:\/\/blog.edu.turku.fi\/esimerkkikoulu\/henkilokunta\/","title":{"rendered":"Henkil\u00f6kunta"},"content":{"rendered":"<p><em>Kaikki s\u00e4hk\u00f6postiosoitteet muotoa etunimi.sukunimi@turku.fi<\/em><\/p>\n<p><iframe loading=\"lazy\" title=\"Star Wars | Ambient Soundtrack Mix\" width=\"840\" height=\"473\" src=\"https:\/\/www.youtube.com\/embed\/lET5OZmJesA?feature=oembed\" frameborder=\"0\" allow=\"accelerometer; autoplay; clipboard-write; encrypted-media; gyroscope; picture-in-picture; web-share\" allowfullscreen><\/iframe><\/p>\n<h2>Rehtori<\/h2>\n<p>Meik\u00e4l\u00e4inen Matti<br \/>\n02 061 2345<\/p>\n<h2>Koulusihteeri<\/h2>\n<p>Deik\u00e4l\u00e4inen Doris<br \/>\n02 061 2345<\/p>\n<h2>Opettajat<\/h2>\n<p>Teik\u00e4l\u00e4inen Teemu<br \/>\ntekninen ty\u00f6<br \/>\n02 061 2345<\/p>\n<p>Seik\u00e4l\u00e4inen Sirkku<br \/>\nluokanopettaja<br \/>\n02 061 2345<\/p>\n<p>Heik\u00e4l\u00e4inen Heikki-Matti<br \/>\nluokanopettaja<br \/>\n02 061 2345<\/p>\n","protected":false},"excerpt":{"rendered":"<p>Kaikki s\u00e4hk\u00f6postiosoitteet muotoa etunimi.sukunimi@turku.fi Rehtori Meik\u00e4l\u00e4inen Matti 02 061 2345 Koulusihteeri Deik\u00e4l\u00e4inen Doris 02 061 2345 Opettajat Teik\u00e4l\u00e4inen Teemu tekninen ty\u00f6 02 061 2345 Seik\u00e4l\u00e4inen Sirkku luokanopettaja 02 061 2345 Heik\u00e4l\u00e4inen Heikki-Matti luokanopettaja 02 061 2345<\/p>\n","protected":false},"author":56,"featured_media":0,"parent":0,"menu_order":0,"comment_status":"closed","ping_status":"closed","template":"","meta":{"footnotes":""},"class_list":["post-19","page","type-page","status-publish","hentry"],"_links":{"self":[{"href":"https:\/\/blog.edu.turku.fi\/esimerkkikoulu\/wp-json\/wp\/v2\/pages\/19","targetHints":{"allow":["GET"]}}],"collection":[{"href":"https:\/\/blog.edu.turku.fi\/esimerkkikoulu\/wp-json\/wp\/v2\/pages"}],"about":[{"href":"https:\/\/blog.edu.turku.fi\/esimerkkikoulu\/wp-json\/wp\/v2\/types\/page"}],"author":[{"embeddable":true,"href":"https:\/\/blog.edu.turku.fi\/esimerkkikoulu\/wp-json\/wp\/v2\/users\/56"}],"replies":[{"embeddable":true,"href":"https:\/\/blog.edu.turku.fi\/esimerkkikoulu\/wp-json\/wp\/v2\/comments?post=19"}],"version-history":[{"count":13,"href":"https:\/\/blog.edu.turku.fi\/esimerkkikoulu\/wp-json\/wp\/v2\/pages\/19\/revisions"}],"predecessor-version":[{"id":165,"href":"https:\/\/blog.edu.turku.fi\/esimerkkikoulu\/wp-json\/wp\/v2\/pages\/19\/revisions\/165"}],"wp:attachment":[{"href":"https:\/\/blog.edu.turku.fi\/esimerkkikoulu\/wp-json\/wp\/v2\/media?parent=19"}],"curies":[{"name":"wp","href":"https:\/\/api.w.org\/{rel}","templated":true}]}}