{"id":83,"date":"2023-03-16T20:15:11","date_gmt":"2023-03-16T18:15:11","guid":{"rendered":"https:\/\/blog.edu.turku.fi\/erasmusbarcelona\/?page_id=83"},"modified":"2023-03-16T20:15:11","modified_gmt":"2023-03-16T18:15:11","slug":"neljas-kurssipaiva-ict-ja-yhteisopettajuus","status":"publish","type":"page","link":"https:\/\/blog.edu.turku.fi\/erasmusbarcelona\/neljas-kurssipaiva-ict-ja-yhteisopettajuus\/","title":{"rendered":"Nelj\u00e4s kurssip\u00e4iv\u00e4, ict ja yhteisopettajuus"},"content":{"rendered":"<p>T\u00e4n\u00e4\u00e4n kurssilla tutustuttiin eri alustoihin ja appeihin, joita oppilaiden kanssa voisi koulussa k\u00e4ytt\u00e4\u00e4. T\u00e4ss\u00e4 tulikin huomatuksi aikamoiset erot kreikkalaisten ja suomalaisten v\u00e4lill\u00e4. Kreikkalaisilla ei ole laitteita, eik\u00e4 oppilaat saa tuoda puhelimia kouluun, kun taas meill\u00e4 Turussa tilanne on todella hyv\u00e4. Kaikki esitellyt alustat olivat meille enemm\u00e4n tai v\u00e4hemm\u00e4n tuttuja, tai jopa sellaisia joista olemme jo luopuneet, koska olemme saaneet parempia tilalle, kun taas kreikkalaiset totesivat ett\u00e4 heill\u00e4 ei ole n\u00e4ihin mink\u00e4\u00e4nlaisia resursseja. Italian opettajat opettavat ammattikoulussa, joten heill\u00e4 on jonkin verran laitteita k\u00e4yt\u00f6ss\u00e4, mutta he totesivat ett\u00e4 erityisopettajina heid\u00e4n oppilaansa toivovat p\u00e4\u00e4asiassa kyn\u00e4-paperit\u00f6it\u00e4, joten eiv\u00e4t k\u00e4yt\u00e4 laitteita kovinkaan paljon.<\/p>\n<p>Loppup\u00e4iv\u00e4st\u00e4 keskustelimme yhteisopettajuudesta, joka meill\u00e4 Pansiossa on vahvassa k\u00e4yt\u00f6ss\u00e4. Keskustelussa oli yhteisopettajuuden eri muodot, ja t\u00e4ss\u00e4 onkin hyv\u00e4 muistuttaa, ett\u00e4 kaikki oppilaat ja kaikki opettajat samassa tilassa on vain yksi yhteisopettajuuden muoto.<br \/>\nMuita tapoja on jakaa ryhmi\u00e4 eri tavoin ja tavoittein, samanaikaisopettaminen tai vaikkapa asian pilkkominen opettajille ja oppilaat kiert\u00e4\u00e4 eri opettajien luona.<br \/>\nKeskustelua her\u00e4tti my\u00f6s huonostivoivat lapset tai &#8211; perheet, ja totesimme ett\u00e4 kaikilla meill\u00e4 on t\u00e4m\u00e4n suhteen yhteinen ongelma ja vain v\u00e4h\u00e4n keinoja toimia tilanteessa. T\u00e4rke\u00e4\u00e4 kuitenkin muistaa oppilastuntemuksen merkitys, vahva moniammatillinen tuki ja yhteisty\u00f6 kotien kanssa.<br \/>\nLopuksi teimme viel\u00e4 ryhm\u00e4ytymisteht\u00e4v\u00e4n, jossa kokosimme mukeja.<\/p>\n<p><img loading=\"lazy\" decoding=\"async\" class=\"aligncenter size-full wp-image-85\" src=\"https:\/\/blog.edu.turku.fi\/erasmusbarcelona\/files\/2023\/03\/mukit.jpg\" alt=\"\" width=\"768\" height=\"1024\" srcset=\"https:\/\/blog.edu.turku.fi\/erasmusbarcelona\/files\/2023\/03\/mukit.jpg 768w, https:\/\/blog.edu.turku.fi\/erasmusbarcelona\/files\/2023\/03\/mukit-225x300.jpg 225w\" sizes=\"auto, (max-width: 768px) 85vw, 768px\" \/><\/p>\n","protected":false},"excerpt":{"rendered":"<p>T\u00e4n\u00e4\u00e4n kurssilla tutustuttiin eri alustoihin ja appeihin, joita oppilaiden kanssa voisi koulussa k\u00e4ytt\u00e4\u00e4. T\u00e4ss\u00e4 tulikin huomatuksi aikamoiset erot kreikkalaisten ja suomalaisten v\u00e4lill\u00e4. Kreikkalaisilla ei ole laitteita, eik\u00e4 oppilaat saa tuoda puhelimia kouluun, kun taas meill\u00e4 Turussa tilanne on todella hyv\u00e4. Kaikki esitellyt alustat olivat meille enemm\u00e4n tai v\u00e4hemm\u00e4n tuttuja, tai jopa sellaisia joista olemme jo &hellip; <a href=\"https:\/\/blog.edu.turku.fi\/erasmusbarcelona\/neljas-kurssipaiva-ict-ja-yhteisopettajuus\/\" class=\"more-link\">Jatka lukemista<span class=\"screen-reader-text\"> &#8221;Nelj\u00e4s kurssip\u00e4iv\u00e4, ict ja yhteisopettajuus&#8221;<\/span><\/a><\/p>\n","protected":false},"author":313,"featured_media":0,"parent":0,"menu_order":0,"comment_status":"closed","ping_status":"closed","template":"","meta":{"footnotes":""},"class_list":["post-83","page","type-page","status-publish","hentry"],"_links":{"self":[{"href":"https:\/\/blog.edu.turku.fi\/erasmusbarcelona\/wp-json\/wp\/v2\/pages\/83","targetHints":{"allow":["GET"]}}],"collection":[{"href":"https:\/\/blog.edu.turku.fi\/erasmusbarcelona\/wp-json\/wp\/v2\/pages"}],"about":[{"href":"https:\/\/blog.edu.turku.fi\/erasmusbarcelona\/wp-json\/wp\/v2\/types\/page"}],"author":[{"embeddable":true,"href":"https:\/\/blog.edu.turku.fi\/erasmusbarcelona\/wp-json\/wp\/v2\/users\/313"}],"replies":[{"embeddable":true,"href":"https:\/\/blog.edu.turku.fi\/erasmusbarcelona\/wp-json\/wp\/v2\/comments?post=83"}],"version-history":[{"count":2,"href":"https:\/\/blog.edu.turku.fi\/erasmusbarcelona\/wp-json\/wp\/v2\/pages\/83\/revisions"}],"predecessor-version":[{"id":86,"href":"https:\/\/blog.edu.turku.fi\/erasmusbarcelona\/wp-json\/wp\/v2\/pages\/83\/revisions\/86"}],"wp:attachment":[{"href":"https:\/\/blog.edu.turku.fi\/erasmusbarcelona\/wp-json\/wp\/v2\/media?parent=83"}],"curies":[{"name":"wp","href":"https:\/\/api.w.org\/{rel}","templated":true}]}}