{"id":93,"date":"2016-09-25T10:17:58","date_gmt":"2016-09-25T07:17:58","guid":{"rendered":"https:\/\/blog.edu.turku.fi\/elamyspolku\/?page_id=93"},"modified":"2026-03-17T22:26:38","modified_gmt":"2026-03-17T20:26:38","slug":"konsertti","status":"publish","type":"page","link":"https:\/\/blog.edu.turku.fi\/elamyspolku\/konsertti\/","title":{"rendered":"Konsertti"},"content":{"rendered":"<p>El\u00e4myspolun konsertit kuuluvat 2. ja 7. luokan oppilaille. Toisluokkalaisten konsertti j\u00e4rjestet\u00e4\u00e4n Turun konserttitalossa. Konserttiin l\u00e4hetet\u00e4\u00e4n erillinen kutsu.<\/p>\n<p>Seitsem\u00e4nnen luokan konserttivierailuun luokka voi valita sopivan konsertin esim. <a href=\"https:\/\/tfo.fi\/lapset\/\" target=\"_blank\" rel=\"noopener\">Turun filharmonisen orkesterin<\/a>, <a href=\"http:\/\/www.tsmo.fi\/\" target=\"_blank\" rel=\"noopener\">Turun seudun musiikkiopiston<\/a> tai <a href=\"http:\/\/www.turkujazz.fi\/\" target=\"_blank\" rel=\"noopener\">Turku Jazz ry<\/a>:n j\u00e4rjest\u00e4m\u00e4n koululaiskonsertin ohjelmistosta. El\u00e4myspolku tarjoaa musiikinopetukseen eri vuosiluokille my\u00f6s valinnaisia vierailuja.<br \/>\n<strong><br \/>\nPalasia OPSista:<\/strong><br \/>\n3.-6. \u2013luokkien musiikillisten tietojen ja taitojen oppiminen tapahtuu musisoiden eli laulaen, soittaen, kuunnellen, liikkuen, improvisoiden ja s\u00e4velt\u00e4en sek\u00e4 taiteidenv\u00e4lisess\u00e4 ty\u00f6skentelyss\u00e4. Sis\u00e4ll\u00f6t valitaan siten, ett\u00e4 oppilas tutustuu musiikkikulttuureihin ja -tyyleihin monipuolisesti. Sis\u00e4ll\u00f6t tukevat tavoitteiden saavuttamista ja hy\u00f6dynt\u00e4v\u00e4t paikallisia mahdollisuuksia ja oppilaiden kokemuksia.<br \/>\nMusiikillisten taitojen ja tietojen lis\u00e4ksi opetuksessa k\u00e4sitell\u00e4\u00e4n oppilaiden kokemuksia ja havaintoja musiikista ja musiikin tekemisest\u00e4 eri ymp\u00e4rist\u00f6iss\u00e4 koulussa ja koulun ulkopuolella.<br \/>\nOpetuksessa hy\u00f6dynnet\u00e4\u00e4n taide- ja kulttuurilaitosten sek\u00e4 muiden yhteisty\u00f6tahojen tarjoamia mahdollisuuksia.<br \/>\n7.-9. luokilla oppimisen ilo, luovaan ajatteluun rohkaiseva ilmapiiri sek\u00e4 my\u00f6nteiset musiikkikokemukset ja -el\u00e4mykset innostavat oppilaita ja sitouttavat heid\u00e4t kehitt\u00e4m\u00e4\u00e4n musiikillista osaamistaan.<\/p>\n<p>Opetuksessa hy\u00f6dynnet\u00e4\u00e4n taide- ja kulttuurilaitosten sek\u00e4 muiden yhteisty\u00f6tahojen tarjoamia mahdollisuuksia.<\/p>\n","protected":false},"excerpt":{"rendered":"<p>El\u00e4myspolun konsertit kuuluvat 2. ja 7. luokan oppilaille. Toisluokkalaisten konsertti j\u00e4rjestet\u00e4\u00e4n Turun konserttitalossa. Konserttiin l\u00e4hetet\u00e4\u00e4n erillinen kutsu. Seitsem\u00e4nnen luokan konserttivierailuun luokka voi valita sopivan konsertin esim. Turun filharmonisen orkesterin, Turun seudun musiikkiopiston tai Turku Jazz ry:n j\u00e4rjest\u00e4m\u00e4n koululaiskonsertin ohjelmistosta. El\u00e4myspolku tarjoaa musiikinopetukseen eri vuosiluokille my\u00f6s valinnaisia vierailuja. Palasia OPSista: 3.-6. \u2013luokkien musiikillisten tietojen ja taitojen &hellip; <a href=\"https:\/\/blog.edu.turku.fi\/elamyspolku\/konsertti\/\" class=\"more-link\">Jatka lukemista<span class=\"screen-reader-text\"> &#8221;Konsertti&#8221;<\/span><\/a><\/p>\n","protected":false},"author":754,"featured_media":0,"parent":0,"menu_order":0,"comment_status":"closed","ping_status":"closed","template":"","meta":{"footnotes":""},"class_list":["post-93","page","type-page","status-publish","hentry"],"_links":{"self":[{"href":"https:\/\/blog.edu.turku.fi\/elamyspolku\/wp-json\/wp\/v2\/pages\/93","targetHints":{"allow":["GET"]}}],"collection":[{"href":"https:\/\/blog.edu.turku.fi\/elamyspolku\/wp-json\/wp\/v2\/pages"}],"about":[{"href":"https:\/\/blog.edu.turku.fi\/elamyspolku\/wp-json\/wp\/v2\/types\/page"}],"author":[{"embeddable":true,"href":"https:\/\/blog.edu.turku.fi\/elamyspolku\/wp-json\/wp\/v2\/users\/754"}],"replies":[{"embeddable":true,"href":"https:\/\/blog.edu.turku.fi\/elamyspolku\/wp-json\/wp\/v2\/comments?post=93"}],"version-history":[{"count":23,"href":"https:\/\/blog.edu.turku.fi\/elamyspolku\/wp-json\/wp\/v2\/pages\/93\/revisions"}],"predecessor-version":[{"id":2992,"href":"https:\/\/blog.edu.turku.fi\/elamyspolku\/wp-json\/wp\/v2\/pages\/93\/revisions\/2992"}],"wp:attachment":[{"href":"https:\/\/blog.edu.turku.fi\/elamyspolku\/wp-json\/wp\/v2\/media?parent=93"}],"curies":[{"name":"wp","href":"https:\/\/api.w.org\/{rel}","templated":true}]}}