{"id":88,"date":"2016-09-25T10:17:39","date_gmt":"2016-09-25T07:17:39","guid":{"rendered":"https:\/\/blog.edu.turku.fi\/elamyspolku\/?page_id=88"},"modified":"2025-08-03T10:33:31","modified_gmt":"2025-08-03T07:33:31","slug":"teatteri","status":"publish","type":"page","link":"https:\/\/blog.edu.turku.fi\/elamyspolku\/teatteri\/","title":{"rendered":"Teatteri"},"content":{"rendered":"<p>El\u00e4myspolun teatterivierailut tehd\u00e4\u00e4n kolmannella, viidennell\u00e4 ja yhdeks\u00e4nnell\u00e4 luokalla.<\/p>\n<p>Opettaja voi luokkansa kanssa itse valita teatterin sek\u00e4 esityksen. Teatterik\u00e4yntej\u00e4 j\u00e4rjestett\u00e4ess\u00e4 eri oppiaineiden opettajien on hyv\u00e4 tehd\u00e4 yhteisty\u00f6t\u00e4. Teatteri voi my\u00f6s vierailla koulussa &#8211; ja se voi olla muukin kuin oheisen listan teatteri.<\/p>\n<p>Oppilailla\u00a0 on joissain teattereissa mahdollisuus tutustua esityksen n\u00e4yttelij\u00f6ihin ja ohjaajiin sek\u00e4 lavastajiin ja pukusuunnitteluun. Jotkut teatterit tarjoavat kummiluokkatoimintaa sek\u00e4 mahdollisuutta seurata n\u00e4ytelm\u00e4\u00e4n harjoituksia.<\/p>\n<p><strong>El\u00e4myspolun teatteritarjontaa<\/strong>:<\/p>\n<p><a href=\"https:\/\/www.aurinkobaletti.fi\/\">Aurinkobaletti<\/a>\u00a0\u00a0\u00a0 <a href=\"http:\/\/www.hirvarit.fi\/teatteri\/\" target=\"_blank\" rel=\"noopener noreferrer\">Hirvensalon nuorisoteatteri<\/a> \u00a0 <a href=\"http:\/\/www.jo-joteatteri.com\/home\/\" target=\"_blank\" rel=\"noopener noreferrer\">Jo-Jo Teatteri<\/a>\u00a0\u00a0 <a href=\"http:\/\/www.kaarinannuorisoteatteri.fi\/\" target=\"_blank\" rel=\"noopener noreferrer\">Kaarinan nuorisoteatteri<\/a>\u00a0\u00a0 <a href=\"http:\/\/www.kaarina-teatteri.fi\" target=\"_blank\" rel=\"noopener noreferrer\">Kaarina-Teatteri<\/a>\u00a0 <a href=\"https:\/\/www.turku.fi\/lastenkulttuurikeskus-fari\/paivakoti-ja-kouluryhmille\"><span data-olk-copy-source=\"MessageBody\">Lastenkulttuurikeskus F\u00e4ri<\/span><\/a> \u00a0 \u00a0\u00a0 <a href=\"http:\/\/www.linnateatteri.fi\/\" target=\"_blank\" rel=\"noopener noreferrer\">Linnateatteri<\/a> \u00a0 \u00a0 \u00a0 <a href=\"http:\/\/eri.fi\/\" target=\"_blank\" rel=\"noopener noreferrer\">Tanssitetatteri ERI<\/a>\u00a0 \u00a0 \u00a0 \u00a0\u00a0<a href=\"http:\/\/teatteriakseli.fi\/\" target=\"_blank\" rel=\"noopener noreferrer\">Teatteri Akseli<\/a>\u00a0 \u00a0 \u00a0<a href=\"http:\/\/www.tehdasteatteri.fi\/\" target=\"_blank\" rel=\"noopener noreferrer\">TEHDAS Teatteri<\/a>\u00a0 \u00a0\u00a0 <a href=\"http:\/\/teatteri.turku.fi\/turun-kaupunginteatteri\/liput\/ryhmat\/koululaiset\" target=\"_blank\" rel=\"noopener noreferrer\">Turun Kaupunginteatteri<\/a>\u00a0 \u00a0 \u00a0<a href=\"http:\/\/www.nuoriteatteri.com\/\" target=\"_blank\" rel=\"noopener noreferrer\">Turun Nuori teatteri<\/a>\u00a0 \u00a0 \u00a0<a href=\"http:\/\/turunylioppilasteatteri.fi\/\" target=\"_blank\" rel=\"noopener noreferrer\">Turun ylioppilasteatteri<\/a>\u00a0 \u00a0 \u00a0<a href=\"https:\/\/abosvenskateater.fi\/fi\/saapuminen-teatteriin\/yleisotyo-abo-svenska-teaterissa\/elamyspolku\/\" target=\"_blank\" rel=\"noopener noreferrer\">\u00c5bo Svenska Teater<\/a><\/p>\n<p>Kiert\u00e4vi\u00e4 teatteriryhmi\u00e4:<br \/>\n<a href=\"http:\/\/www.ahaateatteri.com\/kiertuemyynti2\" target=\"_blank\" rel=\"noopener noreferrer\">AHAA -teatteri<\/a>\u00a0\u00a0 <a href=\"http:\/\/www.taigamatto.com\/\" target=\"_blank\" rel=\"noopener noreferrer\">Nukketeatteri Taiga-matto<\/a>\u00a0 <a href=\"http:\/\/www.totemteatteri.com\/\" target=\"_blank\" rel=\"noopener noreferrer\">TOTEM-teatteri<\/a>\u00a0 <a href=\"http:\/\/www.ykkosryhma.fi\/\" target=\"_blank\" rel=\"noopener noreferrer\">Ykk\u00f6sryhm\u00e4<\/a><\/p>\n","protected":false},"excerpt":{"rendered":"<p>El\u00e4myspolun teatterivierailut tehd\u00e4\u00e4n kolmannella, viidennell\u00e4 ja yhdeks\u00e4nnell\u00e4 luokalla. Opettaja voi luokkansa kanssa itse valita teatterin sek\u00e4 esityksen. Teatterik\u00e4yntej\u00e4 j\u00e4rjestett\u00e4ess\u00e4 eri oppiaineiden opettajien on hyv\u00e4 tehd\u00e4 yhteisty\u00f6t\u00e4. Teatteri voi my\u00f6s vierailla koulussa &#8211; ja se voi olla muukin kuin oheisen listan teatteri. Oppilailla\u00a0 on joissain teattereissa mahdollisuus tutustua esityksen n\u00e4yttelij\u00f6ihin ja ohjaajiin sek\u00e4 lavastajiin ja pukusuunnitteluun. &hellip; <a href=\"https:\/\/blog.edu.turku.fi\/elamyspolku\/teatteri\/\" class=\"more-link\">Jatka lukemista<span class=\"screen-reader-text\"> &#8221;Teatteri&#8221;<\/span><\/a><\/p>\n","protected":false},"author":33,"featured_media":0,"parent":0,"menu_order":0,"comment_status":"closed","ping_status":"closed","template":"","meta":{"footnotes":""},"class_list":["post-88","page","type-page","status-publish","hentry"],"_links":{"self":[{"href":"https:\/\/blog.edu.turku.fi\/elamyspolku\/wp-json\/wp\/v2\/pages\/88","targetHints":{"allow":["GET"]}}],"collection":[{"href":"https:\/\/blog.edu.turku.fi\/elamyspolku\/wp-json\/wp\/v2\/pages"}],"about":[{"href":"https:\/\/blog.edu.turku.fi\/elamyspolku\/wp-json\/wp\/v2\/types\/page"}],"author":[{"embeddable":true,"href":"https:\/\/blog.edu.turku.fi\/elamyspolku\/wp-json\/wp\/v2\/users\/33"}],"replies":[{"embeddable":true,"href":"https:\/\/blog.edu.turku.fi\/elamyspolku\/wp-json\/wp\/v2\/comments?post=88"}],"version-history":[{"count":60,"href":"https:\/\/blog.edu.turku.fi\/elamyspolku\/wp-json\/wp\/v2\/pages\/88\/revisions"}],"predecessor-version":[{"id":2782,"href":"https:\/\/blog.edu.turku.fi\/elamyspolku\/wp-json\/wp\/v2\/pages\/88\/revisions\/2782"}],"wp:attachment":[{"href":"https:\/\/blog.edu.turku.fi\/elamyspolku\/wp-json\/wp\/v2\/media?parent=88"}],"curies":[{"name":"wp","href":"https:\/\/api.w.org\/{rel}","templated":true}]}}