{"id":779,"date":"2017-03-05T17:26:14","date_gmt":"2017-03-05T15:26:14","guid":{"rendered":"https:\/\/blog.edu.turku.fi\/elamyspolku\/?page_id=779"},"modified":"2026-03-17T22:29:55","modified_gmt":"2026-03-17T20:29:55","slug":"abo-domkyrka","status":"publish","type":"page","link":"https:\/\/blog.edu.turku.fi\/elamyspolku\/abo-domkyrka\/","title":{"rendered":"\u00c5bo domkyrka"},"content":{"rendered":"<p><strong>\u00c5bo domkyrka \u00e4r st\u00e4ngd fr\u00e5n 9 februari 2026 till 2 december 2028 p\u00e5 grund av renovering.<\/strong><\/p>\n<p>Bes\u00f6k till \u00c5bo domkyrka h\u00f6r till Upplevelsestigen som en viktig del av historia p\u00e5 \u00e5rskurs 7.\u00a0 Bes\u00f6kets syfte \u00e4r att undervisa eleverna om \u00c5bos historia, ber\u00e4tta om kyrkans centrala roll i samh\u00e4llet p\u00e5 medeltiden samt ge eleverna verktyg f\u00f6r att skapa sin kulturidentitet.<\/p>\n<p>M\u00e5let \u00e4r att ordna bes\u00f6ket till domkyrkan under h\u00f6sten. Guidningen r\u00e4cker ca 35 minuter, bes\u00f6ket g\u00e5r allts\u00e5 att ordna under en lektion.<\/p>\n<p>Under guidningen ut\u00f6vas inte religion, s\u00e5 alla elever kan delta.<\/p>\n<p>Bokningar g\u00f6rs till domkyrkan, tfn 02 261 7100. Bokning av guidning m\u00e5ste g\u00f6ras minst en vecka f\u00f6re det planerade bes\u00f6ket. D\u00e5 man bokar guidningen l\u00f6nar det sig att n\u00e4mna att det \u00e4r fr\u00e5gan om ett bes\u00f6k inom ramen f\u00f6r Upplevelsestigen och att ge l\u00e4rarens namn och telefonnummer samt ber\u00e4tta hur stor gruppen \u00e4r. Guidningar ordnas varje dag under kyrkans \u00f6ppeth\u00e5llningstider dvs. dagligen kl. 9.00\u201318.00.<\/p>\n","protected":false},"excerpt":{"rendered":"<p>\u00c5bo domkyrka \u00e4r st\u00e4ngd fr\u00e5n 9 februari 2026 till 2 december 2028 p\u00e5 grund av renovering. Bes\u00f6k till \u00c5bo domkyrka h\u00f6r till Upplevelsestigen som en viktig del av historia p\u00e5 \u00e5rskurs 7.\u00a0 Bes\u00f6kets syfte \u00e4r att undervisa eleverna om \u00c5bos historia, ber\u00e4tta om kyrkans centrala roll i samh\u00e4llet p\u00e5 medeltiden samt ge eleverna verktyg f\u00f6r &hellip; <a href=\"https:\/\/blog.edu.turku.fi\/elamyspolku\/abo-domkyrka\/\" class=\"more-link\">Jatka lukemista<span class=\"screen-reader-text\"> &#8221;\u00c5bo domkyrka&#8221;<\/span><\/a><\/p>\n","protected":false},"author":754,"featured_media":0,"parent":0,"menu_order":0,"comment_status":"closed","ping_status":"closed","template":"","meta":{"footnotes":""},"class_list":["post-779","page","type-page","status-publish","hentry"],"_links":{"self":[{"href":"https:\/\/blog.edu.turku.fi\/elamyspolku\/wp-json\/wp\/v2\/pages\/779","targetHints":{"allow":["GET"]}}],"collection":[{"href":"https:\/\/blog.edu.turku.fi\/elamyspolku\/wp-json\/wp\/v2\/pages"}],"about":[{"href":"https:\/\/blog.edu.turku.fi\/elamyspolku\/wp-json\/wp\/v2\/types\/page"}],"author":[{"embeddable":true,"href":"https:\/\/blog.edu.turku.fi\/elamyspolku\/wp-json\/wp\/v2\/users\/754"}],"replies":[{"embeddable":true,"href":"https:\/\/blog.edu.turku.fi\/elamyspolku\/wp-json\/wp\/v2\/comments?post=779"}],"version-history":[{"count":4,"href":"https:\/\/blog.edu.turku.fi\/elamyspolku\/wp-json\/wp\/v2\/pages\/779\/revisions"}],"predecessor-version":[{"id":2994,"href":"https:\/\/blog.edu.turku.fi\/elamyspolku\/wp-json\/wp\/v2\/pages\/779\/revisions\/2994"}],"wp:attachment":[{"href":"https:\/\/blog.edu.turku.fi\/elamyspolku\/wp-json\/wp\/v2\/media?parent=779"}],"curies":[{"name":"wp","href":"https:\/\/api.w.org\/{rel}","templated":true}]}}