{"id":64,"date":"2016-09-25T09:00:17","date_gmt":"2016-09-25T06:00:17","guid":{"rendered":"https:\/\/blog.edu.turku.fi\/elamyspolku\/?page_id=64"},"modified":"2025-09-14T19:30:36","modified_gmt":"2025-09-14T16:30:36","slug":"elokuva","status":"publish","type":"page","link":"https:\/\/blog.edu.turku.fi\/elamyspolku\/elokuva\/","title":{"rendered":"Elokuva"},"content":{"rendered":"<p>Elokuvissa k\u00e4yd\u00e4\u00e4n perusopetuksen aikana v\u00e4hint\u00e4\u00e4n toisella ja seitsem\u00e4nnell\u00e4 luokalla. El\u00e4myspolun yhteisty\u00f6kumppanit tarjoavat luokan valitsemia Koulukino-esityksi\u00e4, parhaillaan omassa ohjelmistossaan olevia esityksi\u00e4 ja erilaisiin teemoihin liittyvi\u00e4 elokuvia.<\/p>\n<p>Koulussa j\u00e4rjestet\u00e4\u00e4n elokuvaesitys ainakin kolmannella ja kahdeksannella luokalla. T\u00e4ss\u00e4 j\u00e4rjestelyss\u00e4 hyv\u00e4n\u00e4 apuna on lokakuussa kouluille tarjottava ilmainen <a href=\"http:\/\/www.elokuvaviikko.fi\/\" target=\"_blank\" rel=\"noopener noreferrer\">elokuvaviikko<\/a>.<\/p>\n<div class=\"_n_X4\">\n<div class=\"conductorContent\">\n<div class=\"_rp_J3 ShowReferenceAttachmentsLinks\">\n<div class=\"_rp_J3 disableTextSelection\">\n<div class=\"_rp_N3 disableTextSelection scrollContainer\">\n<div class=\"_rp_T3\">\n<div>\n<div class=\"_rp_Q3\">\n<div>\n<div class=\"_rp_R3 rpHighlightAllClass rpHighlightBodyClass allowTextSelection\">\n<div>\n<div class=\"_rp_S3 ms-font-weight-regular ms-font-color-neutralDark\">\n<div class=\"rps_512\">\n<div dir=\"ltr\">\n<div dir=\"ltr\">\n<div>\n<p>Maksullisiin esityksiin tarvitaan <a href=\"https:\/\/blog.edu.turku.fi\/elamyspolku\/tilauslomake\/\">tilauslomake<\/a>.<\/p>\n<p class=\"x_MsoNormal\"><a title=\"https:\/\/www.finnkino.fi\/teatterit\/kinopalatsi-turku\" href=\"https:\/\/www.finnkino.fi\/teatterit\/kinopalatsi-turku\" target=\"_blank\" rel=\"noopener noreferrer\" data-auth=\"NotApplicable\" data-linkindex=\"0\"><strong>Finnkino<\/strong><\/a> tarjoaa Turussa Koulukino-elokuvia Kinopalatsissa hintaan 7,90\u20ac \/oppilas.<br \/>\nYht\u00e4 luokkaa kohti p\u00e4\u00e4see 1-2 opettajaa\/ohjaajaa veloituksetta elokuviin.<\/p>\n<p>Opettaja ottaa yhteytt\u00e4 Finnkinoon ja ehdottaa elokuvaa ja ajankohtaa. Elokuviin voi tutustua Koulukinon nettisivulla, jossa on tarjolla my\u00f6s valmista oppimateriaalia. My\u00f6s omia elokuvaehdotuksia voi tehd\u00e4. Ryhm\u00e4n suositeltu minimikoko on 30 ja parhaat esitysajat Finnkinon kannalta ovat arkisin alkaen klo 9 \u2013 13. Huomioittehan, ettei teatteriin saa tuoda omia ev\u00e4it\u00e4.<\/p>\n<p>Yhteydenotot toivomme s\u00e4hk\u00f6postitse hyviss\u00e4 ajoin, kuitenkin viimeist\u00e4\u00e4n viikkoa ennen toivottua n\u00e4yt\u00f6sajankohtaa.<\/p>\n<p>Varaukset:\u00a0 Sara-Linnea Savokalliolta <a href=\"mailto:sara-linnea.savokallio@finnkino.fi\">sara-linnea.savokallio@finnkino.fi<\/a><br \/>\ntai <a href=\"mailto:turkub2b@finnkino.fi\">turkub2b@finnkino.fi<\/a><\/p>\n<p>N\u00e4yt\u00f6kset j\u00e4rjestet\u00e4\u00e4n Kinopalatsilla, Kauppiaskatu 11, Turku.<br \/>\nKinopalatsin puhelinnumero 0400 505 993, soitot klo 12-21.<\/p>\n<\/div>\n<\/div>\n<\/div>\n<\/div>\n<\/div>\n<\/div>\n<\/div>\n<\/div>\n<\/div>\n<\/div>\n<\/div>\n<\/div>\n<\/div>\n<\/div>\n<\/div>\n<\/div>\n<div><\/div>\n<div>\n<div>\n<p><strong><a title=\"https:\/\/www.kinokilta.fi\/\" href=\"https:\/\/www.kinokilta.fi\/\" target=\"_blank\" rel=\"noopener noreferrer\" data-auth=\"NotApplicable\" data-linkindex=\"0\">Kino Kilta<\/a><\/strong> (Varsinais-Suomen elokuvakeskus ry.) j\u00e4rjest\u00e4\u00e4 tilauksesta Koulukino-n\u00e4yt\u00f6ksi\u00e4. Kino Kilta sijaitsee Turun Taiteen talolla (Nunnankatu 4) ja salissa on 70 paikkaa. Elokuviin voi tutustua <a title=\"http:\/\/www.koulukino.fi\/\" href=\"http:\/\/www.koulukino.fi\/\" target=\"_blank\" rel=\"noopener noreferrer\" data-auth=\"NotApplicable\" data-linkindex=\"1\">Koulukinon<\/a>\u00a0sivulla, jossa on tarjolla my\u00f6s valmiita oppimateriaaleja. Kino Kiltaan voi my\u00f6s ehdottaa esitett\u00e4v\u00e4ksi kaikenlaisia elokuvia!<\/p>\n<\/div>\n<div>L\u00e4ht\u00f6hinta on 6,50 \u20ac \/ oppilas, minimiveloitus 25 oppilaan mukaan, mutta n\u00e4yt\u00f6ksen hinnasta sovitaan ryhm\u00e4koon ja elokuvan mukaan. Opettajat ja avustajat veloituksetta. Tiedustelut s\u00e4hk\u00f6postilla: emma.rautala@vselokuvakeskus.fi.<\/div>\n<\/div>\n<p>&nbsp;<\/p>\n<p><a href=\"https:\/\/www.kinodiana.fi\/elamyspolku\/\"><strong>Kino Diana<\/strong><\/a> (Turku, keskusta) ja <strong><a href=\"https:\/\/www.kinopiispanristi.fi\/elamyspolku\/\">Kino Piispanristi<\/a><\/strong>\u00a0 (Piispanristi, Kaarina) tarjoavat koululaisn\u00e4yt\u00f6ksi\u00e4 arkip\u00e4ivisin klo 8-16 v\u00e4lisen\u00e4 aikana (muut ajankohdat erikseen sovitusti).<\/p>\n<p>Kino Diana on 68-paikkainen kotoisa teatteri Turun keskustassa. Kino Piispanristi sijaitsee Piispanristill\u00e4 Turun ja Kaarinan rajamaastossa ja teatterissa on yhteens\u00e4 nelj\u00e4 eri kokoista salia, joista suurimmassa on 94 paikkaa ja pienimm\u00e4ss\u00e4 38 paikkaa. Teatterit ovat esteett\u00f6mi\u00e4.<\/p>\n<p>N\u00e4yt\u00f6ksen hinta m\u00e4\u00e4rittyy ryhm\u00e4n koon ja elokuvan mukaan. Hinta alkaen 6,50e\/oppilas, minimiveloitus 25 osallistujan mukaan. Opettajat ja\/tai mahdolliset avustajat p\u00e4\u00e4sev\u00e4t n\u00e4yt\u00f6kseen aina veloituksetta.<\/p>\n<p>Tiedustelut ja varaukset voi l\u00e4hett\u00e4\u00e4 s\u00e4hk\u00f6postitse osoitteeseen <a href=\"mailto:antti@cinemahouse.fi\">antti@cinemahouse.fi<\/a>.<br \/>\nTiedustelut puhelimitse arkip\u00e4ivisin klo 9 &#8211; 16 v\u00e4lisen\u00e4 aikana numerosta 040 4194628.<\/p>\n<p><strong>Muita elokuvalinkkej\u00e4: <\/strong><a href=\"https:\/\/logomo.fi\/tapahtumakalenteri?date_range=all&amp;month=&amp;date=&amp;category=11&amp;events_s=\">Logomon elokuvat<\/a>\u00a0\u00a0 <a href=\"http:\/\/www.unikankare.net\/elokuva\/turun_elokuvat.html\" target=\"_blank\" rel=\"noopener noreferrer\">Turun elokuvat<\/a><\/p>\n<p><strong>Palasia opsista:<br \/>\n<\/strong>1.-2. luokkien opetussuunnitelmassa elokuvaa k\u00e4sitell\u00e4\u00e4n monilukutaidon (L4) osana. Opetuksessa k\u00e4ytet\u00e4\u00e4n ik\u00e4kauden tarpeisiin soveltuvia tekstej\u00e4, kuten lehti\u00e4, kirjoja, pelej\u00e4, elokuvia ja musiikkia sek\u00e4 monimuotoisen ymp\u00e4rist\u00f6n havainnointia ja oppilaiden tekemi\u00e4 ja valitsemia sis\u00e4lt\u00f6j\u00e4.<\/p>\n<p>Muilla vuosiluokilla elokuva liittyy kielen kirjallisuuden ja kulttuurin ymm\u00e4rt\u00e4miseen (S4). Oppitunneilla tutustutaan kulttuurin k\u00e4sitteeseen ja sen eri ilmenemismuotoihin, kuten kansanperinteeseen, elokuvaan, teatteriin, puhekulttuuriin ja mediakulttuurin eri muotoihin<\/p>\n<p>&nbsp;<\/p>\n","protected":false},"excerpt":{"rendered":"<p>Elokuvissa k\u00e4yd\u00e4\u00e4n perusopetuksen aikana v\u00e4hint\u00e4\u00e4n toisella ja seitsem\u00e4nnell\u00e4 luokalla. El\u00e4myspolun yhteisty\u00f6kumppanit tarjoavat luokan valitsemia Koulukino-esityksi\u00e4, parhaillaan omassa ohjelmistossaan olevia esityksi\u00e4 ja erilaisiin teemoihin liittyvi\u00e4 elokuvia. Koulussa j\u00e4rjestet\u00e4\u00e4n elokuvaesitys ainakin kolmannella ja kahdeksannella luokalla. T\u00e4ss\u00e4 j\u00e4rjestelyss\u00e4 hyv\u00e4n\u00e4 apuna on lokakuussa kouluille tarjottava ilmainen elokuvaviikko. Maksullisiin esityksiin tarvitaan tilauslomake. Finnkino tarjoaa Turussa Koulukino-elokuvia Kinopalatsissa hintaan 7,90\u20ac \/oppilas. &hellip; <a href=\"https:\/\/blog.edu.turku.fi\/elamyspolku\/elokuva\/\" class=\"more-link\">Jatka lukemista<span class=\"screen-reader-text\"> &#8221;Elokuva&#8221;<\/span><\/a><\/p>\n","protected":false},"author":33,"featured_media":0,"parent":0,"menu_order":0,"comment_status":"closed","ping_status":"closed","template":"","meta":{"footnotes":""},"class_list":["post-64","page","type-page","status-publish","hentry"],"_links":{"self":[{"href":"https:\/\/blog.edu.turku.fi\/elamyspolku\/wp-json\/wp\/v2\/pages\/64","targetHints":{"allow":["GET"]}}],"collection":[{"href":"https:\/\/blog.edu.turku.fi\/elamyspolku\/wp-json\/wp\/v2\/pages"}],"about":[{"href":"https:\/\/blog.edu.turku.fi\/elamyspolku\/wp-json\/wp\/v2\/types\/page"}],"author":[{"embeddable":true,"href":"https:\/\/blog.edu.turku.fi\/elamyspolku\/wp-json\/wp\/v2\/users\/33"}],"replies":[{"embeddable":true,"href":"https:\/\/blog.edu.turku.fi\/elamyspolku\/wp-json\/wp\/v2\/comments?post=64"}],"version-history":[{"count":44,"href":"https:\/\/blog.edu.turku.fi\/elamyspolku\/wp-json\/wp\/v2\/pages\/64\/revisions"}],"predecessor-version":[{"id":2849,"href":"https:\/\/blog.edu.turku.fi\/elamyspolku\/wp-json\/wp\/v2\/pages\/64\/revisions\/2849"}],"wp:attachment":[{"href":"https:\/\/blog.edu.turku.fi\/elamyspolku\/wp-json\/wp\/v2\/media?parent=64"}],"curies":[{"name":"wp","href":"https:\/\/api.w.org\/{rel}","templated":true}]}}