{"id":412,"date":"2016-10-09T20:58:59","date_gmt":"2016-10-09T17:58:59","guid":{"rendered":"https:\/\/blog.edu.turku.fi\/elamyspolku\/?page_id=412"},"modified":"2018-09-18T18:19:01","modified_gmt":"2018-09-18T15:19:01","slug":"linkkeja-yrittajyyskasvatukseen","status":"publish","type":"page","link":"https:\/\/blog.edu.turku.fi\/elamyspolku\/yrittajyys\/linkkeja-yrittajyyskasvatukseen\/","title":{"rendered":"Linkkej\u00e4 yritt\u00e4jyyskasvatukseen"},"content":{"rendered":"<p><a href=\"http:\/\/www.opinkirjo.fi\/\" target=\"_blank\" rel=\"noopener\">Yritys hyv\u00e4 2017 -kirjoituskilpailu<\/a> (31.1.2017 asti)<\/p>\n<p><a href=\"http:\/\/www.mol.fi\/avo\/\" target=\"_blank\" rel=\"noopener\">AVO ammatinvalintaohjelma<\/a> on tarkoitettu ammatti- ja koulutusvalintoja suunnitteleville henkil\u00f6ille. Tietoja l\u00e4hes 300 ammatista sek\u00e4 ammatteihin johtavasta koulutuksesta. Ohjelman avulla voit arvioida omia kiinnostuksiasi ja kykyj\u00e4si.<\/p>\n<p><a href=\"http:\/\/www.ruokatieto.fi\/ruokakasvatus\">Finfoodin<\/a> verkkosivuilta l\u00f6ytyy paljon teht\u00e4vi\u00e4 ruuan reittiin liittyen.<\/p>\n<p><a href=\"http:\/\/kunkoululoppuu.fi\/\">Kun koulu loppuu<\/a> -verkkopalvelu tarjoaa nuorille tietoa peruskoulun ja lukion j\u00e4lkeisist\u00e4 valinnoista, opiskelusta ja ty\u00f6el\u00e4m\u00e4st\u00e4. Palvelusta l\u00f6ytyy my\u00f6s tietoa TET-harjoittelusta, kes\u00e4t\u00f6ist\u00e4 sek\u00e4 paljon linkkej\u00e4 hy\u00f6dyllisille sivuille. Testin avulla voi tutkia <a href=\"http:\/\/kunkoululoppuu.fi\/duunikone\/\" target=\"_blank\" rel=\"noopener\">omia mielenkiinnon kohteita<\/a>.<\/p>\n<p><a href=\"http:\/\/www.uramyrsky.fi\/Mansikkapaikka\/\" target=\"_blank\" rel=\"noopener\">Mik\u00e4 sinusta tulee isona?<\/a> Sivustolta l\u00f6ytyy teht\u00e4vi\u00e4, jotka edesauttavat itsetuntemusta ja eri vaihtoehtojen pohtimista.<\/p>\n<p><a href=\"http:\/\/www.nuortenakatemia.fi\/\">Nuorten Akatemia<\/a> on valtakunnallinen j\u00e4rjest\u00f6, jonka toiminta ja avustukset on kohdistettu kaikille 13\u201319 -vuotiaille.<\/p>\n<p><a href=\"http:\/\/www.opiskelupaikka.fi\/\" target=\"_blank\" rel=\"noopener\">Opinkirjon<\/a> sivuille on koottu tietoa koulutusaloista, oppilaitoksista, opiskelupaikoista ja opiskelijan uusista omaan opiskeluarkeen liittyvist\u00e4 asioista. Erikoisuutena on palsta, jossa vastataan koulutusta koskeviin kysymyksiin.<\/p>\n<p><a href=\"http:\/\/www.openmatikka.com\/prosentti\/\">Pro sentist\u00e4<\/a> l\u00f6ytyy erilaisia prosenttilaskuteht\u00e4vi\u00e4, jotka liittyv\u00e4t euroon.<\/p>\n<p><a href=\"http:\/\/tem.fi\/etusivu\">Ty\u00f6- ja elinkeinoministeri\u00f6n sivut<\/a> sis\u00e4lt\u00e4v\u00e4t elinkeinopolitiikkaa ja hyvi\u00e4 linkkej\u00e4 yritt\u00e4jyydest\u00e4, mm. ty\u00f6n, yritt\u00e4misen ja ty\u00f6el\u00e4m\u00e4n politiikkaohjelma.<\/p>\n<p><a href=\"\/\/www.te-palvelut.fi\/te\/fi\/\" target=\"_blank\" rel=\"noopener\">Ty\u00f6- ja elinkeinotoimiston<\/a> sivuilta l\u00f6ytyy linkki mm. starttirahan hakemiseen ja avoimiin ty\u00f6paikkoihin. L\u00f6yd\u00e4t lis\u00e4ksi tietoa ja koulutusta yritt\u00e4j\u00e4ksi aikoville.<\/p>\n<p><a href=\"http:\/\/www.ungafakta.se\/ungekonomi\/\" target=\"_blank\" rel=\"noopener\">Ung ekonomi<\/a> on sivusto, jolta l\u00f6ytyy ruotsiksi tietoa nuoren taloudesta ja pankin toiminnasta. Sivustolla on my\u00f6s erilaisia testej\u00e4 ja pelej\u00e4.<\/p>\n<p><a href=\"http:\/\/developmentcentre.lut.fi\/hankesivusto.asp?hid=7\" target=\"_blank\" rel=\"noopener\">Yritt\u00e4jyyskasvatuksen mittaristo<\/a> -hanke, jolla pyrit\u00e4\u00e4n vastaamaan yritt\u00e4jyyskasvatuksen haasteisiin. Sivustolta l\u00f6ytyy ty\u00f6kalu, jolla opettajat voivat ohjata, seurata ja arvioida yritt\u00e4jyyskasvatuksen toteutumista opetuksessaan.<\/p>\n<p><a href=\"http:\/\/www.yrittajat.fi\/varsinais-suomen-yrittajat\/turun-yrittajat\" target=\"_blank\" rel=\"noopener\">Turun yritt\u00e4j\u00e4t<\/a><\/p>\n<p><a href=\"http:\/\/www.yrittajat.fi\/varsinais-suomen-yrittajat\" target=\"_blank\" rel=\"noopener\">V-S yritt\u00e4j\u00e4t<\/a><\/p>\n<p><a href=\"http:\/\/www.yrittajat.fi\/\" target=\"_blank\" rel=\"noopener\">Yritt\u00e4j\u00e4t <\/a><\/p>\n","protected":false},"excerpt":{"rendered":"<p>Yritys hyv\u00e4 2017 -kirjoituskilpailu (31.1.2017 asti) AVO ammatinvalintaohjelma on tarkoitettu ammatti- ja koulutusvalintoja suunnitteleville henkil\u00f6ille. Tietoja l\u00e4hes 300 ammatista sek\u00e4 ammatteihin johtavasta koulutuksesta. Ohjelman avulla voit arvioida omia kiinnostuksiasi ja kykyj\u00e4si. Finfoodin verkkosivuilta l\u00f6ytyy paljon teht\u00e4vi\u00e4 ruuan reittiin liittyen. Kun koulu loppuu -verkkopalvelu tarjoaa nuorille tietoa peruskoulun ja lukion j\u00e4lkeisist\u00e4 valinnoista, opiskelusta ja ty\u00f6el\u00e4m\u00e4st\u00e4. Palvelusta &hellip; <a href=\"https:\/\/blog.edu.turku.fi\/elamyspolku\/yrittajyys\/linkkeja-yrittajyyskasvatukseen\/\" class=\"more-link\">Jatka lukemista<span class=\"screen-reader-text\"> &#8221;Linkkej\u00e4 yritt\u00e4jyyskasvatukseen&#8221;<\/span><\/a><\/p>\n","protected":false},"author":107,"featured_media":0,"parent":109,"menu_order":0,"comment_status":"closed","ping_status":"closed","template":"","meta":{"footnotes":""},"class_list":["post-412","page","type-page","status-publish","hentry"],"_links":{"self":[{"href":"https:\/\/blog.edu.turku.fi\/elamyspolku\/wp-json\/wp\/v2\/pages\/412","targetHints":{"allow":["GET"]}}],"collection":[{"href":"https:\/\/blog.edu.turku.fi\/elamyspolku\/wp-json\/wp\/v2\/pages"}],"about":[{"href":"https:\/\/blog.edu.turku.fi\/elamyspolku\/wp-json\/wp\/v2\/types\/page"}],"author":[{"embeddable":true,"href":"https:\/\/blog.edu.turku.fi\/elamyspolku\/wp-json\/wp\/v2\/users\/107"}],"replies":[{"embeddable":true,"href":"https:\/\/blog.edu.turku.fi\/elamyspolku\/wp-json\/wp\/v2\/comments?post=412"}],"version-history":[{"count":11,"href":"https:\/\/blog.edu.turku.fi\/elamyspolku\/wp-json\/wp\/v2\/pages\/412\/revisions"}],"predecessor-version":[{"id":1288,"href":"https:\/\/blog.edu.turku.fi\/elamyspolku\/wp-json\/wp\/v2\/pages\/412\/revisions\/1288"}],"up":[{"embeddable":true,"href":"https:\/\/blog.edu.turku.fi\/elamyspolku\/wp-json\/wp\/v2\/pages\/109"}],"wp:attachment":[{"href":"https:\/\/blog.edu.turku.fi\/elamyspolku\/wp-json\/wp\/v2\/media?parent=412"}],"curies":[{"name":"wp","href":"https:\/\/api.w.org\/{rel}","templated":true}]}}