{"id":104,"date":"2016-09-25T10:20:02","date_gmt":"2016-09-25T07:20:02","guid":{"rendered":"https:\/\/blog.edu.turku.fi\/elamyspolku\/?page_id=104"},"modified":"2026-03-17T22:09:30","modified_gmt":"2026-03-17T20:09:30","slug":"tuomiokirkko","status":"publish","type":"page","link":"https:\/\/blog.edu.turku.fi\/elamyspolku\/tuomiokirkko\/","title":{"rendered":"Turun tuomiokirkko"},"content":{"rendered":"<p><strong>Turun tuomiokirkko on suljettuna peruskorjauksen vuoksi adventtiin 2.12.2028 asti.<\/strong><\/p>\n<p>&nbsp;<\/p>\n<p>Vierailu Turun tuomiokirkkoon 7. luokalla kuuluu historian El\u00e4myspolkuun.\u00a0 Vierailun tarkoitus on opettaa Turun historiaa, kertoa kirkon keskeisest\u00e4 yhteiskunnallisesta asemasta keskiajalla ja antaa v\u00e4lineit\u00e4 turkulaisten oppilaiden kulttuuri-identiteetin rakentumiseen.<\/p>\n<p>Tuomiokirkko-k\u00e4ynti pyrit\u00e4\u00e4n tekem\u00e4\u00e4n syksyll\u00e4. Opastus kest\u00e4\u00e4 n. 35 minuuttia, eli k\u00e4ynti on mahdollista toteuttaa yhden oppitunnin aikana.<\/p>\n<p>Kierros ei ole uskonnon harjoittamista, joten jokainen voi osallistua.<\/p>\n<p>Ryhmien varaukset\u00a0 ylivahtimestari Juhana Ahlamolta numerosta 040 3417 102. Varaus pit\u00e4\u00e4 tehd\u00e4 v\u00e4hint\u00e4\u00e4n viikkoa ennen suunniteltua vierailua. Varatessa on hyv\u00e4 mainita, ett\u00e4 kyseess\u00e4 on El\u00e4myspolku-vierailu, opettajan nimi ja puhelinnumero sek\u00e4 ryhm\u00e4n koko. Opastuksia on tarjolla kirkon aukioloaikoina eli p\u00e4ivitt\u00e4in 9.00-18.00.<\/p>\n<p><strong>Virtuaalisesti<\/strong>: Kaupungissamme on kaksi historiallista vetonaulaa ylitse muiden: Turun tuomiokirkko ja Turun linna. Mutta kumpi onkaan merkitt\u00e4v\u00e4mpi? Se selvi\u00e4\u00e4 hauskassa oppaiden kaksintaisteluvideossa! <a href=\"https:\/\/www.turku.fi\/uutinen\/2020-06-27_kumpi-parempi-tuomiokirkko-vai-turun-linna\">Avaa esittelysivu ja video t\u00e4st\u00e4.<\/a><\/p>\n","protected":false},"excerpt":{"rendered":"<p>Turun tuomiokirkko on suljettuna peruskorjauksen vuoksi adventtiin 2.12.2028 asti. &nbsp; Vierailu Turun tuomiokirkkoon 7. luokalla kuuluu historian El\u00e4myspolkuun.\u00a0 Vierailun tarkoitus on opettaa Turun historiaa, kertoa kirkon keskeisest\u00e4 yhteiskunnallisesta asemasta keskiajalla ja antaa v\u00e4lineit\u00e4 turkulaisten oppilaiden kulttuuri-identiteetin rakentumiseen. Tuomiokirkko-k\u00e4ynti pyrit\u00e4\u00e4n tekem\u00e4\u00e4n syksyll\u00e4. Opastus kest\u00e4\u00e4 n. 35 minuuttia, eli k\u00e4ynti on mahdollista toteuttaa yhden oppitunnin aikana. Kierros &hellip; <a href=\"https:\/\/blog.edu.turku.fi\/elamyspolku\/tuomiokirkko\/\" class=\"more-link\">Jatka lukemista<span class=\"screen-reader-text\"> &#8221;Turun tuomiokirkko&#8221;<\/span><\/a><\/p>\n","protected":false},"author":754,"featured_media":0,"parent":0,"menu_order":0,"comment_status":"closed","ping_status":"closed","template":"","meta":{"footnotes":""},"class_list":["post-104","page","type-page","status-publish","hentry"],"_links":{"self":[{"href":"https:\/\/blog.edu.turku.fi\/elamyspolku\/wp-json\/wp\/v2\/pages\/104","targetHints":{"allow":["GET"]}}],"collection":[{"href":"https:\/\/blog.edu.turku.fi\/elamyspolku\/wp-json\/wp\/v2\/pages"}],"about":[{"href":"https:\/\/blog.edu.turku.fi\/elamyspolku\/wp-json\/wp\/v2\/types\/page"}],"author":[{"embeddable":true,"href":"https:\/\/blog.edu.turku.fi\/elamyspolku\/wp-json\/wp\/v2\/users\/754"}],"replies":[{"embeddable":true,"href":"https:\/\/blog.edu.turku.fi\/elamyspolku\/wp-json\/wp\/v2\/comments?post=104"}],"version-history":[{"count":14,"href":"https:\/\/blog.edu.turku.fi\/elamyspolku\/wp-json\/wp\/v2\/pages\/104\/revisions"}],"predecessor-version":[{"id":2988,"href":"https:\/\/blog.edu.turku.fi\/elamyspolku\/wp-json\/wp\/v2\/pages\/104\/revisions\/2988"}],"wp:attachment":[{"href":"https:\/\/blog.edu.turku.fi\/elamyspolku\/wp-json\/wp\/v2\/media?parent=104"}],"curies":[{"name":"wp","href":"https:\/\/api.w.org\/{rel}","templated":true}]}}