{"id":48,"date":"2018-11-22T18:10:14","date_gmt":"2018-11-22T16:10:14","guid":{"rendered":"https:\/\/blog.edu.turku.fi\/dli\/?page_id=48"},"modified":"2021-02-11T09:16:46","modified_gmt":"2021-02-11T07:16:46","slug":"yksikot","status":"publish","type":"page","link":"https:\/\/blog.edu.turku.fi\/dli\/yksikot\/","title":{"rendered":"Toimijat"},"content":{"rendered":"<p>Projektissa mukana toimivat:<\/p>\n<p>Arkeologinkadun p\u00e4iv\u00e4koti, Turku<br \/>\nAsemanseudun p\u00e4iv\u00e4koti, Turku<br \/>\nIlpoisten p\u00e4iv\u00e4koti, Turku<br \/>\nIspoisten-Petreliuksen p\u00e4iv\u00e4koti, Turku<br \/>\nKerttulin p\u00e4iv\u00e4koti, Turku<br \/>\nLausteen p\u00e4iv\u00e4koti, Turku<br \/>\nMunterinkadun p\u00e4iv\u00e4koti, Turku<br \/>\nPiinokankadun p\u00e4iv\u00e4koti, Turku<br \/>\nP\u00e4\u00e4skyvuoren p\u00e4iv\u00e4koti, Turku<br \/>\nRahjekadun p\u00e4iv\u00e4koti, Turku<\/p>\n<p>Turun sivistystoimialan projektitoimisto<br \/>\n<a href=\"https:\/\/edu.turku.fi\/top-keskus\/\" target=\"_blank\" rel=\"noopener noreferrer\">Tietokone opetuksessa &#8211; TOP-keskus<\/a>, Turun kaupunki<br \/>\n<a href=\"https:\/\/www.turku.fi\/uutinen\/2018-04-27_steam-turku-avaa-vaylan-teknologiakampukselle-koko-lounais-suomessa\">STEAM Turku<\/a><\/p>\n","protected":false},"excerpt":{"rendered":"<p>Projektissa mukana toimivat: Arkeologinkadun p\u00e4iv\u00e4koti, Turku Asemanseudun p\u00e4iv\u00e4koti, Turku Ilpoisten p\u00e4iv\u00e4koti, Turku Ispoisten-Petreliuksen p\u00e4iv\u00e4koti, Turku Kerttulin p\u00e4iv\u00e4koti, Turku Lausteen p\u00e4iv\u00e4koti, Turku Munterinkadun p\u00e4iv\u00e4koti, Turku Piinokankadun p\u00e4iv\u00e4koti, Turku P\u00e4\u00e4skyvuoren p\u00e4iv\u00e4koti, Turku Rahjekadun p\u00e4iv\u00e4koti, Turku Turun sivistystoimialan projektitoimisto Tietokone opetuksessa &#8211; TOP-keskus,<\/p>\n","protected":false},"author":9,"featured_media":0,"parent":0,"menu_order":0,"comment_status":"closed","ping_status":"closed","template":"","meta":{"footnotes":""},"class_list":["post-48","page","type-page","status-publish","hentry"],"_links":{"self":[{"href":"https:\/\/blog.edu.turku.fi\/dli\/wp-json\/wp\/v2\/pages\/48","targetHints":{"allow":["GET"]}}],"collection":[{"href":"https:\/\/blog.edu.turku.fi\/dli\/wp-json\/wp\/v2\/pages"}],"about":[{"href":"https:\/\/blog.edu.turku.fi\/dli\/wp-json\/wp\/v2\/types\/page"}],"author":[{"embeddable":true,"href":"https:\/\/blog.edu.turku.fi\/dli\/wp-json\/wp\/v2\/users\/9"}],"replies":[{"embeddable":true,"href":"https:\/\/blog.edu.turku.fi\/dli\/wp-json\/wp\/v2\/comments?post=48"}],"version-history":[{"count":8,"href":"https:\/\/blog.edu.turku.fi\/dli\/wp-json\/wp\/v2\/pages\/48\/revisions"}],"predecessor-version":[{"id":825,"href":"https:\/\/blog.edu.turku.fi\/dli\/wp-json\/wp\/v2\/pages\/48\/revisions\/825"}],"wp:attachment":[{"href":"https:\/\/blog.edu.turku.fi\/dli\/wp-json\/wp\/v2\/media?parent=48"}],"curies":[{"name":"wp","href":"https:\/\/api.w.org\/{rel}","templated":true}]}}