{"id":204,"date":"2020-08-25T11:21:27","date_gmt":"2020-08-25T08:21:27","guid":{"rendered":"https:\/\/blog.edu.turku.fi\/digioppimo\/?page_id=204"},"modified":"2026-02-23T14:04:19","modified_gmt":"2026-02-23T12:04:19","slug":"materiaalit","status":"publish","type":"page","link":"https:\/\/blog.edu.turku.fi\/digioppimo\/materiaalit\/","title":{"rendered":"Ammatillisten tutkinnon osien materiaalit ty\u00f6el\u00e4m\u00e4jaksoa varten"},"content":{"rendered":"<h2>Sosiaali- ja terveysalan perustutkinto; l\u00e4hihoitaja<\/h2>\n<p><a href=\"https:\/\/edumailturku.sharepoint.com\/:w:\/r\/sites\/Uudenmaantie\/Shared Documents\/General\/SOTE-yksik%C3%B6n koulutusk%C3%A4sikirja\/08 Koulutussopimus, ty%C3%B6ss%C3%A4oppiminen ja n%C3%A4yt%C3%B6t\/Hyvinvoinnin ja toimintakyvyn edist%C3%A4minen\/04_Tyovuorolista.docx?d=w14a2d0377ff34c85a99f6d8b990e5247&amp;csf=1&amp;web=1&amp;e=sdmbLn\"><strong>Ty\u00f6vuorolista<\/strong><\/a><br \/>\n<a href=\"https:\/\/edumailturku.sharepoint.com\/:b:\/s\/Uudenmaantie\/IQAoiU2lfEh4SouhBTzqdng2AcQdDO9rpUGs9dSQNE2eQMU?e=itnc9V\"><strong>Salassapito- ja vaitiolositoumus<\/strong><\/a><br \/>\n<a href=\"https:\/\/edumailturku.sharepoint.com\/:w:\/r\/sites\/Uudenmaantie\/Shared Documents\/General\/SOTE-yksik%C3%B6n koulutusk%C3%A4sikirja\/08 Koulutussopimus, ty%C3%B6ss%C3%A4oppiminen ja n%C3%A4yt%C3%B6t\/Hyvinvoinnin ja toimintakyvyn edist%C3%A4minen\/N%C3%A4yt%C3%B6n arviointilomake.docx?d=w647df5a8b76242319a6761c06b721991&amp;csf=1&amp;web=1&amp;e=dtzOQd\"><strong>N\u00e4yt\u00f6n arviointilomake<\/strong><\/a><br \/>\n<a href=\"https:\/\/tai.fi\/tapaturmaohjeet-kun-opiskelijalle-sattuu-tapaturma\/\"><strong>Tapaturmaohjeet<\/strong><\/a><br \/>\n<a href=\"https:\/\/edumailturku.sharepoint.com\/:b:\/r\/sites\/Uudenmaantie\/Shared Documents\/General\/SOTE-yksik%C3%B6n koulutusk%C3%A4sikirja\/08 Koulutussopimus, ty%C3%B6ss%C3%A4oppiminen ja n%C3%A4yt%C3%B6t\/Hyvinvoinnin ja toimintakyvyn edist%C3%A4minen\/07_VARHA 2025 Opiskelijan osallistuminen eristyspotilaan hoitoon harjoittelujaksolla.pdf?csf=1&amp;web=1&amp;e=jeuG2g\"><strong>VARHA: Opiskelijan osallistuminen eristyspotilaan hoitoon harjoittelujaksolla<\/strong><\/a><\/p>\n<hr \/>\n<h2>Tutkinnon osien ammattitaitovaatimukset<\/h2>\n<h3><a href=\"https:\/\/eperusteet.opintopolku.fi\/#\/fi\/ammatillinen\/9616799\/tutkinnonosat\/9616677\">Asiakkaan kohtaaminen ja ohjaaminen 20 osp<\/a><\/h3>\n<h3><a href=\"https:\/\/eperusteet.opintopolku.fi\/#\/fi\/ammatillinen\/9616799\/tutkinnonosat\/9616678\">Hyvinvoinnin ja toimintakyvyn edist\u00e4minen 25 osp<\/a><\/h3>\n<h3 class=\"otsikko mb-4\"><a href=\"https:\/\/eperusteet.opintopolku.fi\/#\/fi\/ammatillinen\/9616799\/tutkinnonosat\/9616679\">L\u00e4\u00e4kehoito l\u00e4hihoitajan vastuualueella 10 osp<\/a><\/h3>\n<p>&nbsp;<\/p>\n<hr \/>\n<hr \/>\n<h2>Ik\u00e4\u00e4ntyneiden hoidon ja kuntoutuksen osaamisala<\/h2>\n<h3><a href=\"https:\/\/eperusteet.opintopolku.fi\/#\/fi\/ammatillinen\/9616799\/tutkinnonosat\/9616681\">Kotihoidossa toimiminen 30 osp<\/a><\/h3>\n<h3><a href=\"https:\/\/eperusteet.opintopolku.fi\/#\/fi\/ammatillinen\/9616799\/tutkinnonosat\/9616680\">Ik\u00e4\u00e4ntyvien osallisuuden edist\u00e4minen 30 osp<\/a><\/h3>\n<p>&nbsp;<\/p>\n<hr \/>\n<h2>Lasten ja nuorten hoidon ja kasvatuksen osaamisala<\/h2>\n<h3><a href=\"https:\/\/eperusteet.opintopolku.fi\/#\/fi\/ammatillinen\/9616799\/tutkinnonosat\/9851427\">Lapsen kasvun, hyvinvoinnin ja oppimisen edist\u00e4minen 40osp<\/a><\/h3>\n<h3><a href=\"https:\/\/eperusteet.opintopolku.fi\/#\/fi\/ammatillinen\/9616799\/tutkinnonosat\/9616682\">Lapsen, nuoren ja perheen terveyden ja hyvinvoinnin edist\u00e4minen 35osp<\/a><\/h3>\n<p>&nbsp;<\/p>\n<hr \/>\n<h2>Mielenterveys- ja p\u00e4ihdety\u00f6n osaamisala<\/h2>\n<h3><a href=\"https:\/\/eperusteet.opintopolku.fi\/#\/fi\/ammatillinen\/9616799\/tutkinnonosat\/9648657\">Mielenterveys- ja riippuvuusty\u00f6ss\u00e4 toimiminen 30osp<\/a><\/h3>\n<h3><a href=\"https:\/\/eperusteet.opintopolku.fi\/#\/fi\/ammatillinen\/9616799\/tutkinnonosat\/9616684\">Mielenterveyden edist\u00e4minen ja ehk\u00e4isev\u00e4 p\u00e4ihdety\u00f6 35osp<\/a><\/h3>\n<p class=\"otsikko mb-4\"><a href=\"https:\/\/eperusteet.opintopolku.fi\/#\/fi\/ammatillinen\/8531450\/tutkinnonosat\/8588039\">Mielenterveys- ja p\u00e4ihdety\u00f6 60 osp 2024<\/a><\/p>\n<p><a href=\"https:\/\/blog.edu.turku.fi\/digioppimo\/files\/2020\/08\/Mielenterveys-ja-p\u00e4ihdety\u00f6ss\u00e4-ty\u00f6skenteleminen-arviointilomake-40osp_2018-1.docx\">Mielenterveys- ja p\u00e4ihdety\u00f6ss\u00e4 ty\u00f6skenteleminen arviointilomake 40osp_2018<\/a><\/p>\n<p><a href=\"https:\/\/blog.edu.turku.fi\/digioppimo\/files\/2020\/08\/Mielenterveys-ja-p\u00e4ihdety\u00f6n-menetelmien-k\u00e4ytt\u00f6-asiakas-ja-verkostoty\u00f6ss\u00e4-arviointilomake-35osp-2018.docx\">Mielenterveys- ja p\u00e4ihdety\u00f6n menetelmien k\u00e4ytt\u00f6 asiakas- ja verkostoty\u00f6ss\u00e4 arviointilomake 35osp 2018<\/a><\/p>\n<p>&nbsp;<\/p>\n<hr \/>\n<h2>Perustason ensihoidon osaamisala<\/h2>\n<h3><a href=\"https:\/\/eperusteet.opintopolku.fi\/#\/fi\/ammatillinen\/9616799\/tutkinnonosat\/9616685\">Ensihoidossa toimiminen 45 osp<\/a><\/h3>\n<h3><a href=\"https:\/\/eperusteet.opintopolku.fi\/#\/fi\/ammatillinen\/9616799\/tutkinnonosat\/9616686\">Akuuttihoitoty\u00f6ss\u00e4 toimiminen 30 osp<\/a><\/h3>\n<p>&nbsp;<\/p>\n<hr \/>\n<h2>Sairaanhoidon ja huolenpidon osaamisala<\/h2>\n<h3><a href=\"https:\/\/eperusteet.opintopolku.fi\/#\/fi\/ammatillinen\/9616799\/tutkinnonosat\/9616681\">Kotihoidossa toimiminen 30 osp<\/a><\/h3>\n<h3><a href=\"https:\/\/eperusteet.opintopolku.fi\/#\/fi\/ammatillinen\/9616799\/tutkinnonosat\/9616687\">Sairaanhoitoty\u00f6ss\u00e4 toimiminen 30 osp<\/a><\/h3>\n<p>&nbsp;<\/p>\n<hr \/>\n<h2>Suun terveydenhoidon osaamisala<\/h2>\n<h3><a href=\"https:\/\/eperusteet.opintopolku.fi\/#\/fi\/ammatillinen\/9616799\/tutkinnonosat\/9616688\">Suun hoitoty\u00f6ss\u00e4 toimiminen 45 osp <\/a><\/h3>\n<h3><a href=\"https:\/\/eperusteet.opintopolku.fi\/#\/fi\/ammatillinen\/9616799\/tutkinnonosat\/9616689\">Suun terveyden edist\u00e4misess\u00e4 toimiminen 30 osp<\/a><\/h3>\n<p>&nbsp;<\/p>\n<hr \/>\n<h2>Vammaisty\u00f6n osaamisala<\/h2>\n<h3><a href=\"https:\/\/eperusteet.opintopolku.fi\/#\/fi\/ammatillinen\/9616799\/tutkinnonosat\/9616690\">Osallisuuden edist\u00e4minen vammaisty\u00f6ss\u00e4 30 osp<\/a><\/h3>\n<h3><a href=\"https:\/\/eperusteet.opintopolku.fi\/#\/fi\/ammatillinen\/9616799\/tutkinnonosat\/9616691\">Toimintakyvyn yll\u00e4pit\u00e4minen ja edist\u00e4minen vammaisty\u00f6ss\u00e4 30 osp<\/a><\/h3>\n<p>&nbsp;<\/p>\n<hr \/>\n<hr \/>\n<p>&nbsp;<\/p>\n","protected":false},"excerpt":{"rendered":"<p>Sosiaali- ja terveysalan perustutkinto; l\u00e4hihoitaja Ty\u00f6vuorolista Salassapito- ja vaitiolositoumus N\u00e4yt\u00f6n arviointilomake Tapaturmaohjeet VARHA: Opiskelijan osallistuminen eristyspotilaan hoitoon harjoittelujaksolla Tutkinnon osien &hellip; <\/p>\n","protected":false},"author":2818,"featured_media":0,"parent":0,"menu_order":0,"comment_status":"closed","ping_status":"closed","template":"","meta":{"footnotes":""},"class_list":["post-204","page","type-page","status-publish","hentry"],"_links":{"self":[{"href":"https:\/\/blog.edu.turku.fi\/digioppimo\/wp-json\/wp\/v2\/pages\/204","targetHints":{"allow":["GET"]}}],"collection":[{"href":"https:\/\/blog.edu.turku.fi\/digioppimo\/wp-json\/wp\/v2\/pages"}],"about":[{"href":"https:\/\/blog.edu.turku.fi\/digioppimo\/wp-json\/wp\/v2\/types\/page"}],"author":[{"embeddable":true,"href":"https:\/\/blog.edu.turku.fi\/digioppimo\/wp-json\/wp\/v2\/users\/2818"}],"replies":[{"embeddable":true,"href":"https:\/\/blog.edu.turku.fi\/digioppimo\/wp-json\/wp\/v2\/comments?post=204"}],"version-history":[{"count":31,"href":"https:\/\/blog.edu.turku.fi\/digioppimo\/wp-json\/wp\/v2\/pages\/204\/revisions"}],"predecessor-version":[{"id":468,"href":"https:\/\/blog.edu.turku.fi\/digioppimo\/wp-json\/wp\/v2\/pages\/204\/revisions\/468"}],"wp:attachment":[{"href":"https:\/\/blog.edu.turku.fi\/digioppimo\/wp-json\/wp\/v2\/media?parent=204"}],"curies":[{"name":"wp","href":"https:\/\/api.w.org\/{rel}","templated":true}]}}