{"id":744,"date":"2019-06-20T11:26:09","date_gmt":"2019-06-20T08:26:09","guid":{"rendered":"https:\/\/blog.edu.turku.fi\/cygnaeusenh\/?page_id=744"},"modified":"2024-08-15T12:19:26","modified_gmt":"2024-08-15T09:19:26","slug":"cygnaeus-daghem-och-forskola","status":"publish","type":"page","link":"https:\/\/blog.edu.turku.fi\/cygnaeusenh\/","title":{"rendered":"Cygnaeus Daghem och F\u00f6rskola"},"content":{"rendered":"<p>Cygnaeus daghem och f\u00f6rskola hittas nu p\u00e5: <strong><a href=\"https:\/\/peda.net\/turku\/barnen\/cdof\">https:\/\/peda.net\/turku\/barnen\/cdof<\/a><\/strong><\/p>\n<p><strong>Enhetschefer:<\/strong> Linda Haglund &amp; Essi Ahokoski (moderskapsledig fr.o.m. 19.8.2024-)<\/p>\n<p>&nbsp;<\/p>\n<p>&nbsp;<\/p>\n","protected":false},"excerpt":{"rendered":"<p>Cygnaeus daghem och f\u00f6rskola hittas nu p\u00e5: https:\/\/peda.net\/turku\/barnen\/cdof Enhetschefer: Linda Haglund &amp; Essi Ahokoski (moderskapsledig fr.o.m. 19.8.2024-) &nbsp; &nbsp;<\/p>\n","protected":false},"author":2590,"featured_media":0,"parent":0,"menu_order":0,"comment_status":"closed","ping_status":"closed","template":"","meta":{"footnotes":""},"class_list":["post-744","page","type-page","status-publish","hentry"],"_links":{"self":[{"href":"https:\/\/blog.edu.turku.fi\/cygnaeusenh\/wp-json\/wp\/v2\/pages\/744","targetHints":{"allow":["GET"]}}],"collection":[{"href":"https:\/\/blog.edu.turku.fi\/cygnaeusenh\/wp-json\/wp\/v2\/pages"}],"about":[{"href":"https:\/\/blog.edu.turku.fi\/cygnaeusenh\/wp-json\/wp\/v2\/types\/page"}],"author":[{"embeddable":true,"href":"https:\/\/blog.edu.turku.fi\/cygnaeusenh\/wp-json\/wp\/v2\/users\/2590"}],"replies":[{"embeddable":true,"href":"https:\/\/blog.edu.turku.fi\/cygnaeusenh\/wp-json\/wp\/v2\/comments?post=744"}],"version-history":[{"count":6,"href":"https:\/\/blog.edu.turku.fi\/cygnaeusenh\/wp-json\/wp\/v2\/pages\/744\/revisions"}],"predecessor-version":[{"id":759,"href":"https:\/\/blog.edu.turku.fi\/cygnaeusenh\/wp-json\/wp\/v2\/pages\/744\/revisions\/759"}],"wp:attachment":[{"href":"https:\/\/blog.edu.turku.fi\/cygnaeusenh\/wp-json\/wp\/v2\/media?parent=744"}],"curies":[{"name":"wp","href":"https:\/\/api.w.org\/{rel}","templated":true}]}}