{"id":460,"date":"2022-11-24T14:18:20","date_gmt":"2022-11-24T12:18:20","guid":{"rendered":"https:\/\/blog.edu.turku.fi\/cygnaeus\/?page_id=460"},"modified":"2025-06-06T09:33:51","modified_gmt":"2025-06-06T06:33:51","slug":"elevrad","status":"publish","type":"page","link":"https:\/\/blog.edu.turku.fi\/cygnaeus\/elevrad\/","title":{"rendered":"Elevr\u00e5d"},"content":{"rendered":"<p>Elevr\u00e5det finns till f\u00f6r att fr\u00e4mja demokrati i skolan.\u00a0\u200b\u00a0Elevr\u00e5det funderar p\u00e5 hur man kan \u00f6ka skoltrivseln och skoltryggheten i skolan, genom att\u00a0diskutera kring skolans styrkor och utvecklingsm\u00f6jligheter. I elevr\u00e5det \u00e4r alla elevers r\u00f6ster lika mycket v\u00e4rda. Elevr\u00e5det ordnar olika temadagar som t.ex. Rocka sockorna.<\/p>\n<p>Cygnaeus skola har ett elevr\u00e5d som best\u00e5r av elever fr\u00e5n \u00e5k 1-6. Varje klass har r\u00f6stat fram en representant\u00a0och en suppleant.\u00a0\u200bElevr\u00e5det h\u00e5ller m\u00f6te 1 g\u00e5ng i m\u00e5naden och representanterna delger skolans \u00f6vriga elever om de \u00e4renden som diskuterats.\u00a0\u200b<\/p>\n<p>Elevr\u00e5dsverksamheten leds av l\u00e4rarrepresentanterna.<\/p>\n","protected":false},"excerpt":{"rendered":"<p>Elevr\u00e5det finns till f\u00f6r att fr\u00e4mja demokrati i skolan.\u00a0\u200b\u00a0Elevr\u00e5det funderar p\u00e5 hur man kan \u00f6ka skoltrivseln och skoltryggheten i skolan, genom att\u00a0diskutera kring skolans styrkor och utvecklingsm\u00f6jligheter. I elevr\u00e5det \u00e4r alla elevers r\u00f6ster lika mycket v\u00e4rda. Elevr\u00e5det ordnar olika temadagar som t.ex. Rocka sockorna. Cygnaeus skola har ett elevr\u00e5d som best\u00e5r av elever fr\u00e5n \u00e5k &hellip; <a href=\"https:\/\/blog.edu.turku.fi\/cygnaeus\/elevrad\/\" class=\"more-link\">Forts\u00e4tt l\u00e4sa<span class=\"screen-reader-text\"> \u201dElevr\u00e5d\u201d<\/span><\/a><\/p>\n","protected":false},"author":2142,"featured_media":0,"parent":0,"menu_order":0,"comment_status":"closed","ping_status":"closed","template":"","meta":{"footnotes":""},"class_list":["post-460","page","type-page","status-publish","hentry"],"_links":{"self":[{"href":"https:\/\/blog.edu.turku.fi\/cygnaeus\/wp-json\/wp\/v2\/pages\/460","targetHints":{"allow":["GET"]}}],"collection":[{"href":"https:\/\/blog.edu.turku.fi\/cygnaeus\/wp-json\/wp\/v2\/pages"}],"about":[{"href":"https:\/\/blog.edu.turku.fi\/cygnaeus\/wp-json\/wp\/v2\/types\/page"}],"author":[{"embeddable":true,"href":"https:\/\/blog.edu.turku.fi\/cygnaeus\/wp-json\/wp\/v2\/users\/2142"}],"replies":[{"embeddable":true,"href":"https:\/\/blog.edu.turku.fi\/cygnaeus\/wp-json\/wp\/v2\/comments?post=460"}],"version-history":[{"count":4,"href":"https:\/\/blog.edu.turku.fi\/cygnaeus\/wp-json\/wp\/v2\/pages\/460\/revisions"}],"predecessor-version":[{"id":627,"href":"https:\/\/blog.edu.turku.fi\/cygnaeus\/wp-json\/wp\/v2\/pages\/460\/revisions\/627"}],"wp:attachment":[{"href":"https:\/\/blog.edu.turku.fi\/cygnaeus\/wp-json\/wp\/v2\/media?parent=460"}],"curies":[{"name":"wp","href":"https:\/\/api.w.org\/{rel}","templated":true}]}}