{"id":409,"date":"2022-11-10T14:54:02","date_gmt":"2022-11-10T12:54:02","guid":{"rendered":"https:\/\/blog.edu.turku.fi\/cygnaeus\/?page_id=409"},"modified":"2025-12-17T14:43:30","modified_gmt":"2025-12-17T12:43:30","slug":"stod-for-larande-och-skolgang","status":"publish","type":"page","link":"https:\/\/blog.edu.turku.fi\/cygnaeus\/stod-for-larande-och-skolgang\/","title":{"rendered":"St\u00f6d f\u00f6r l\u00e4rande och skolg\u00e5ng"},"content":{"rendered":"<p style=\"text-align: center\"><b><span data-contrast=\"auto\">Sidan uppdateras under l\u00e4s\u00e5ret 2025-2026<\/span><\/b><\/p>\n<p>\u00a0 \u00a0 \u00a0 \u00a0 \u00a0 \u00a0 \u00a0 \u00a0 \u00a0 ******************************************************<\/p>\n<p>&nbsp;<\/p>\n","protected":false},"excerpt":{"rendered":"<p>Sidan uppdateras under l\u00e4s\u00e5ret 2025-2026 \u00a0 \u00a0 \u00a0 \u00a0 \u00a0 \u00a0 \u00a0 \u00a0 \u00a0 ****************************************************** &nbsp;<\/p>\n","protected":false},"author":2142,"featured_media":0,"parent":0,"menu_order":0,"comment_status":"closed","ping_status":"closed","template":"","meta":{"footnotes":""},"class_list":["post-409","page","type-page","status-publish","hentry"],"_links":{"self":[{"href":"https:\/\/blog.edu.turku.fi\/cygnaeus\/wp-json\/wp\/v2\/pages\/409","targetHints":{"allow":["GET"]}}],"collection":[{"href":"https:\/\/blog.edu.turku.fi\/cygnaeus\/wp-json\/wp\/v2\/pages"}],"about":[{"href":"https:\/\/blog.edu.turku.fi\/cygnaeus\/wp-json\/wp\/v2\/types\/page"}],"author":[{"embeddable":true,"href":"https:\/\/blog.edu.turku.fi\/cygnaeus\/wp-json\/wp\/v2\/users\/2142"}],"replies":[{"embeddable":true,"href":"https:\/\/blog.edu.turku.fi\/cygnaeus\/wp-json\/wp\/v2\/comments?post=409"}],"version-history":[{"count":9,"href":"https:\/\/blog.edu.turku.fi\/cygnaeus\/wp-json\/wp\/v2\/pages\/409\/revisions"}],"predecessor-version":[{"id":710,"href":"https:\/\/blog.edu.turku.fi\/cygnaeus\/wp-json\/wp\/v2\/pages\/409\/revisions\/710"}],"wp:attachment":[{"href":"https:\/\/blog.edu.turku.fi\/cygnaeus\/wp-json\/wp\/v2\/media?parent=409"}],"curies":[{"name":"wp","href":"https:\/\/api.w.org\/{rel}","templated":true}]}}