{"id":30,"date":"2016-11-16T14:40:39","date_gmt":"2016-11-16T12:40:39","guid":{"rendered":"https:\/\/blog.edu.turku.fi\/cygnaeus\/?page_id=30"},"modified":"2023-06-15T17:42:52","modified_gmt":"2023-06-15T14:42:52","slug":"laroplaner","status":"publish","type":"page","link":"https:\/\/blog.edu.turku.fi\/cygnaeus\/laroplaner\/","title":{"rendered":"L\u00e4roplaner"},"content":{"rendered":"<p>Cygnaeus skola har samarbetat med Sirkkala skola, St. Olofsskolan samt den finskspr\u00e5kiga undervisningssektorn i \u00c5bo med utformandet av inneh\u00e5llet i de enskilda l\u00e4ro\u00e4mnena utg\u00e5ende ifr\u00e5n Grunderna f\u00f6r l\u00e4roplanen utgivna av Utbildningstyrelsen.<br \/>\nL\u00e4roplanen \u00e4r ett levande dokument som st\u00e4ndigt genomg\u00e5r en granskning och bearbetning.<br \/>\nDen ny l\u00e4roplan har tr\u00e4tt i kraft h\u00f6sten 2016. Grunderna f\u00f6r den nya l\u00e4roplanen finns till p\u00e5seende (<a href=\"http:\/\/www.oph.fi\/lp2016\/grunderna_for_laroplanen\">http:\/\/www.oph.fi\/lp2016\/grunderna_for_laroplanen<\/a>)<\/p>\n<p>L\u00e4roplan (se \u00c5bo stads)<\/p>\n<p><a href=\"https:\/\/www.turku.fi\/sv\/dagvard-och-utbildning\/grundskolan-1-9\/undervisning\/laroplan\">\u00c5bo stads kommunala l\u00e4roplan<\/a><\/p>\n<p><a href=\"https:\/\/blog.edu.turku.fi\/ops2016\/files\/2020\/11\/kap1-12.pdf\">Cygnaeus skolas och Braheskolans l\u00e4roplan<\/a> (PDF 2 MB)<\/p>\n<p><a class=\"menu1\" href=\"http:\/\/ah.turku.fi\/ssnfu\/2016\/0609006x\/Images\/1462543.pdf\">Cygnaeus L\u00e4roplan \u00e4mnesvis \u00e5k1-2 (2016)<\/a> (PDF)<\/p>\n<p><a href=\"https:\/\/blog.edu.turku.fi\/ops2016\/files\/2020\/01\/%C3%A5k-3-6-%C3%A4mnesvisa.pdf\">Cygnaeus skola l\u00e4roplan \u00e5k 3-6 \u00e4mnesvisa<\/a> (2016) (PDF) uppdaterad 2021<\/p>\n<p><a href=\"https:\/\/blog.edu.turku.fi\/cygnaeus\/files\/2019\/10\/ikt-plan-2019-2022.pdf\">ikt-plan-2019-2022<\/a> (PDF 1MB)<\/p>\n<p><a href=\"https:\/\/blog.edu.turku.fi\/cygnaeus\/files\/2019\/10\/bilaga1-ak-1-6.pdf\">bilaga1-ak-1-6 <\/a>(PDF 2MB)<\/p>\n<p align=\"justify\">\n","protected":false},"excerpt":{"rendered":"<p>Cygnaeus skola har samarbetat med Sirkkala skola, St. Olofsskolan samt den finskspr\u00e5kiga undervisningssektorn i \u00c5bo med utformandet av inneh\u00e5llet i de enskilda l\u00e4ro\u00e4mnena utg\u00e5ende ifr\u00e5n Grunderna f\u00f6r l\u00e4roplanen utgivna av Utbildningstyrelsen. L\u00e4roplanen \u00e4r ett levande dokument som st\u00e4ndigt genomg\u00e5r en granskning och bearbetning. Den ny l\u00e4roplan har tr\u00e4tt i kraft h\u00f6sten 2016. Grunderna f\u00f6r den &hellip; <a href=\"https:\/\/blog.edu.turku.fi\/cygnaeus\/laroplaner\/\" class=\"more-link\">Forts\u00e4tt l\u00e4sa<span class=\"screen-reader-text\"> \u201dL\u00e4roplaner\u201d<\/span><\/a><\/p>\n","protected":false},"author":2119,"featured_media":0,"parent":0,"menu_order":0,"comment_status":"closed","ping_status":"closed","template":"","meta":{"footnotes":""},"class_list":["post-30","page","type-page","status-publish","hentry"],"_links":{"self":[{"href":"https:\/\/blog.edu.turku.fi\/cygnaeus\/wp-json\/wp\/v2\/pages\/30","targetHints":{"allow":["GET"]}}],"collection":[{"href":"https:\/\/blog.edu.turku.fi\/cygnaeus\/wp-json\/wp\/v2\/pages"}],"about":[{"href":"https:\/\/blog.edu.turku.fi\/cygnaeus\/wp-json\/wp\/v2\/types\/page"}],"author":[{"embeddable":true,"href":"https:\/\/blog.edu.turku.fi\/cygnaeus\/wp-json\/wp\/v2\/users\/2119"}],"replies":[{"embeddable":true,"href":"https:\/\/blog.edu.turku.fi\/cygnaeus\/wp-json\/wp\/v2\/comments?post=30"}],"version-history":[{"count":29,"href":"https:\/\/blog.edu.turku.fi\/cygnaeus\/wp-json\/wp\/v2\/pages\/30\/revisions"}],"predecessor-version":[{"id":490,"href":"https:\/\/blog.edu.turku.fi\/cygnaeus\/wp-json\/wp\/v2\/pages\/30\/revisions\/490"}],"wp:attachment":[{"href":"https:\/\/blog.edu.turku.fi\/cygnaeus\/wp-json\/wp\/v2\/media?parent=30"}],"curies":[{"name":"wp","href":"https:\/\/api.w.org\/{rel}","templated":true}]}}