{"id":72,"date":"2018-04-02T14:37:58","date_gmt":"2018-04-02T11:37:58","guid":{"rendered":"https:\/\/blog.edu.turku.fi\/brahe\/?page_id=72"},"modified":"2024-09-12T18:39:49","modified_gmt":"2024-09-12T15:39:49","slug":"sprakundervisning","status":"publish","type":"page","link":"https:\/\/blog.edu.turku.fi\/brahe\/sprakundervisning\/","title":{"rendered":"Spr\u00e5kundervisning"},"content":{"rendered":"<p class=\"rubrik_blue\">Spr\u00e5kprogrammet<\/p>\n<p>Fr\u00e5n och med \u00e5rskurs 1 l\u00e4ser alla elever finska A1<\/p>\n<p>Fr\u00e5n och med \u00e5k3\u00a0 l\u00e4ser alla elever engelska A2.<\/p>\n<p>I \u00e5k6 kan eleven v\u00e4lja mellan franska, spanska och tyska som frivilligt B-spr\u00e5k.<\/p>\n<p>Spr\u00e5kundervisningen fr\u00e5n och med \u00e5k3 sker i Cygnaeus skola.<\/p>\n","protected":false},"excerpt":{"rendered":"<p>Spr\u00e5kprogrammet Fr\u00e5n och med \u00e5rskurs 1 l\u00e4ser alla elever finska A1 Fr\u00e5n och med \u00e5k3\u00a0 l\u00e4ser alla elever engelska A2. I \u00e5k6 kan eleven v\u00e4lja mellan franska, spanska och tyska som frivilligt B-spr\u00e5k. Spr\u00e5kundervisningen fr\u00e5n och med \u00e5k3 sker i Cygnaeus skola.<\/p>\n","protected":false},"author":2119,"featured_media":0,"parent":0,"menu_order":0,"comment_status":"closed","ping_status":"closed","template":"","meta":{"footnotes":""},"class_list":["post-72","page","type-page","status-publish","hentry"],"_links":{"self":[{"href":"https:\/\/blog.edu.turku.fi\/brahe\/wp-json\/wp\/v2\/pages\/72","targetHints":{"allow":["GET"]}}],"collection":[{"href":"https:\/\/blog.edu.turku.fi\/brahe\/wp-json\/wp\/v2\/pages"}],"about":[{"href":"https:\/\/blog.edu.turku.fi\/brahe\/wp-json\/wp\/v2\/types\/page"}],"author":[{"embeddable":true,"href":"https:\/\/blog.edu.turku.fi\/brahe\/wp-json\/wp\/v2\/users\/2119"}],"replies":[{"embeddable":true,"href":"https:\/\/blog.edu.turku.fi\/brahe\/wp-json\/wp\/v2\/comments?post=72"}],"version-history":[{"count":5,"href":"https:\/\/blog.edu.turku.fi\/brahe\/wp-json\/wp\/v2\/pages\/72\/revisions"}],"predecessor-version":[{"id":197,"href":"https:\/\/blog.edu.turku.fi\/brahe\/wp-json\/wp\/v2\/pages\/72\/revisions\/197"}],"wp:attachment":[{"href":"https:\/\/blog.edu.turku.fi\/brahe\/wp-json\/wp\/v2\/media?parent=72"}],"curies":[{"name":"wp","href":"https:\/\/api.w.org\/{rel}","templated":true}]}}