{"id":751,"date":"2024-09-26T12:45:31","date_gmt":"2024-09-26T09:45:31","guid":{"rendered":"https:\/\/blog.edu.turku.fi\/aunela\/?page_id=751"},"modified":"2025-08-18T08:50:52","modified_gmt":"2025-08-18T05:50:52","slug":"poissaolot","status":"publish","type":"page","link":"https:\/\/blog.edu.turku.fi\/aunela\/opetus-ja-kasvatus\/poissaolot\/","title":{"rendered":"Poissaolot"},"content":{"rendered":"<p><strong>POISSAOLOISTA ILMOITTAMINEN:<\/strong><\/p>\n<p>Oppilaan poissaoloista on ilmoitettava luokanopettajalle heti ensimm\u00e4isen\u00e4 poissaolop\u00e4iv\u00e4n\u00e4.<\/p>\n<p>Poissaolosta voi ilmoittaa koululle Wilman kautta, puhelimitse tai tekstiviestill\u00e4.<\/p>\n<p>Mik\u00e4li oppilas on koulusta poissa muusta syyst\u00e4 kuin sairauden vuoksi, poissaolosta ilmoitetaan hyviss\u00e4 ajoin.<\/p>\n<p><strong>\u00a0OHJEET OPPILAAN POISSAOLOPYYNT\u00d6\u00c4 VARTEN: <\/strong><\/p>\n<ul>\n<li>Huoltaja kirjautuu Wilmaan k\u00e4ytt\u00e4m\u00e4ll\u00e4 Internet-selainta.<\/li>\n<li>Valitaan kohta <strong>HAKEMUKSET JA P\u00c4\u00c4T\u00d6KSET.<\/strong><\/li>\n<li>Valitaan <strong>TEE UUSI HAKEMUS.<\/strong><\/li>\n<li>Valitaan joko\u00a0<strong>poissaolopyynt\u00f6 1\u20133\u00a0p\u00e4iv\u00e4\u00e4<\/strong> tai <strong>poissaolopyynt\u00f6 yli 3 p\u00e4iv\u00e4\u00e4.<\/strong><\/li>\n<li><strong>T\u00e4ytet\u00e4\u00e4n lomake<\/strong> ja <strong>tallennetaan<\/strong>.<\/li>\n<li>Luokanopettaja k\u00e4sittelee hakemuksen ensin ja yli kolmen p\u00e4iv\u00e4n poissaoloissa hakemus siirtyy t\u00e4m\u00e4n j\u00e4lkeen koulunjohtajan k\u00e4sitelt\u00e4v\u00e4ksi.<\/li>\n<li>My\u00f6nnetty poissaolo n\u00e4kyy Wilmassa (hakemukset ja p\u00e4\u00e4t\u00f6kset -v\u00e4lilehti).<\/li>\n<\/ul>\n<p>Opettajan kanssa tulee sopia poissaolon aikaisten kouluteht\u00e4vien suorittamisesta.<\/p>\n<p><a href=\"https:\/\/www.turku.fi\/perusopetus\/koulupoissaolot\">https:\/\/www.turku.fi\/perusopetus\/koulupoissaolot<\/a><\/p>\n<p>&nbsp;<\/p>\n<p>&nbsp;<\/p>\n<p>&nbsp;<\/p>\n","protected":false},"excerpt":{"rendered":"<p>POISSAOLOISTA ILMOITTAMINEN: Oppilaan poissaoloista on ilmoitettava luokanopettajalle heti ensimm\u00e4isen\u00e4 poissaolop\u00e4iv\u00e4n\u00e4. Poissaolosta voi ilmoittaa koululle Wilman kautta, puhelimitse tai tekstiviestill\u00e4. Mik\u00e4li oppilas on koulusta poissa muusta syyst\u00e4 kuin sairauden vuoksi, poissaolosta ilmoitetaan hyviss\u00e4 ajoin. \u00a0OHJEET OPPILAAN POISSAOLOPYYNT\u00d6\u00c4 VARTEN: Huoltaja kirjautuu Wilmaan k\u00e4ytt\u00e4m\u00e4ll\u00e4 Internet-selainta. Valitaan kohta HAKEMUKSET JA P\u00c4\u00c4T\u00d6KSET. Valitaan TEE UUSI HAKEMUS. Valitaan joko\u00a0poissaolopyynt\u00f6 1\u20133\u00a0p\u00e4iv\u00e4\u00e4 tai &hellip; <a href=\"https:\/\/blog.edu.turku.fi\/aunela\/opetus-ja-kasvatus\/poissaolot\/\" class=\"more-link\">Jatka lukemista<span class=\"screen-reader-text\"> &#8221;Poissaolot&#8221;<\/span><\/a><\/p>\n","protected":false},"author":56,"featured_media":0,"parent":322,"menu_order":0,"comment_status":"closed","ping_status":"closed","template":"","meta":{"footnotes":""},"class_list":["post-751","page","type-page","status-publish","hentry"],"_links":{"self":[{"href":"https:\/\/blog.edu.turku.fi\/aunela\/wp-json\/wp\/v2\/pages\/751","targetHints":{"allow":["GET"]}}],"collection":[{"href":"https:\/\/blog.edu.turku.fi\/aunela\/wp-json\/wp\/v2\/pages"}],"about":[{"href":"https:\/\/blog.edu.turku.fi\/aunela\/wp-json\/wp\/v2\/types\/page"}],"author":[{"embeddable":true,"href":"https:\/\/blog.edu.turku.fi\/aunela\/wp-json\/wp\/v2\/users\/56"}],"replies":[{"embeddable":true,"href":"https:\/\/blog.edu.turku.fi\/aunela\/wp-json\/wp\/v2\/comments?post=751"}],"version-history":[{"count":9,"href":"https:\/\/blog.edu.turku.fi\/aunela\/wp-json\/wp\/v2\/pages\/751\/revisions"}],"predecessor-version":[{"id":794,"href":"https:\/\/blog.edu.turku.fi\/aunela\/wp-json\/wp\/v2\/pages\/751\/revisions\/794"}],"up":[{"embeddable":true,"href":"https:\/\/blog.edu.turku.fi\/aunela\/wp-json\/wp\/v2\/pages\/322"}],"wp:attachment":[{"href":"https:\/\/blog.edu.turku.fi\/aunela\/wp-json\/wp\/v2\/media?parent=751"}],"curies":[{"name":"wp","href":"https:\/\/api.w.org\/{rel}","templated":true}]}}