{"id":322,"date":"2016-10-27T12:27:56","date_gmt":"2016-10-27T09:27:56","guid":{"rendered":"https:\/\/blog.edu.turku.fi\/aunela\/?page_id=322"},"modified":"2024-09-26T12:30:09","modified_gmt":"2024-09-26T09:30:09","slug":"opetus-ja-kasvatus","status":"publish","type":"page","link":"https:\/\/blog.edu.turku.fi\/aunela\/opetus-ja-kasvatus\/","title":{"rendered":"Opetus ja kasvatus"},"content":{"rendered":"<p>&nbsp;<\/p>\n<p>Aunelan koulu on Prokoulu (Positiivisesti Ryhm\u00e4ss\u00e4 Oppiva koulu). Prokoulussa keskityt\u00e4\u00e4n siihen, miten meid\u00e4n tulisi toimia, jotta kaikilla olisi hyv\u00e4 olla ja opiskella koulussa.<\/p>\n<p>Harjoittelemme hyv\u00e4\u00e4n k\u00e4ytt\u00e4ytymiseen liittyvi\u00e4 toimintaohjeita pieniss\u00e4 paloissa.\u00a0 Opetamme yhdess\u00e4 sovittujen toimintaohjeiden mukaista k\u00e4ytt\u00e4ytymist\u00e4, kannustamme positiivisella palautteella, kehit\u00e4mme ty\u00f6rauhaa ja puutumme ei-toivottuun k\u00e4ytt\u00e4ytymiseen yhteisesti sovituilla tavoilla.<\/p>\n<table>\n<tbody>\n<tr>\n<td width=\"75\">&nbsp;<\/p>\n<p>&nbsp;<\/td>\n<td width=\"142\">&nbsp;<\/p>\n<p>Oppitunnit<\/td>\n<td width=\"142\">&nbsp;<\/p>\n<p>V\u00e4litunnit<\/td>\n<td width=\"113\">&nbsp;<\/p>\n<p>Ruokailu<\/td>\n<td width=\"94\">&nbsp;<\/p>\n<p>K\u00e4yt\u00e4v\u00e4<\/td>\n<\/tr>\n<tr>\n<td width=\"75\">&nbsp;<\/p>\n<p>&nbsp;<\/p>\n<p>Otan vastuun itsest\u00e4ni<\/p>\n<p>&nbsp;<\/td>\n<td width=\"142\">&nbsp;<\/p>\n<p>Pid\u00e4n opiskeluv\u00e4lineet mukana<\/p>\n<p>&nbsp;<\/p>\n<p>Toimin aikuisen ohjeen mukaan<\/td>\n<td width=\"142\">&nbsp;<\/p>\n<p>Kun kello soi, tulen heti jonoon<\/p>\n<p>&nbsp;<\/p>\n<p>Jonotan rauhallisesti<\/p>\n<p>&nbsp;<\/p>\n<p>Toimin aikuisen ohjeen mukaan<\/p>\n<p>&nbsp;<\/p>\n<p>Kerron kiusaamisesta aikuiselle<\/td>\n<td width=\"113\">&nbsp;<\/p>\n<p>Otan mink\u00e4 sy\u00f6n<\/p>\n<p>&nbsp;<\/p>\n<p>&nbsp;<\/p>\n<p>Huolehdin paikkani siistiksi<\/p>\n<p>&nbsp;<\/p>\n<p>&nbsp;<\/p>\n<p>&nbsp;<\/td>\n<td width=\"94\">&nbsp;<\/p>\n<p>Siirryn reippaasti luokkaan tai v\u00e4litunnille<\/p>\n<p>&nbsp;<\/td>\n<\/tr>\n<tr>\n<td width=\"75\">&nbsp;<\/p>\n<p>&nbsp;<\/p>\n<p>Kunnioitan kaikkia<\/p>\n<p>&nbsp;<\/td>\n<td width=\"142\">&nbsp;<\/p>\n<p>Puhun yst\u00e4v\u00e4llisesti<\/p>\n<p>&nbsp;<\/p>\n<p>Pyyd\u00e4n puheenvuoron viittaamalla<\/p>\n<p>&nbsp;<\/p>\n<p>Osaan toimia kaikkien kanssa<\/p>\n<p>&nbsp;<\/p>\n<p>Annan toisille ty\u00f6rauhan<\/td>\n<td width=\"142\">&nbsp;<\/p>\n<p>Puhun yst\u00e4v\u00e4llisesti<\/p>\n<p>&nbsp;<\/p>\n<p>Leikin ja pelaan reilusti<\/p>\n<p>&nbsp;<\/p>\n<p>&nbsp;<\/p>\n<p>Otan kaikki mukaan leikkiin<\/p>\n<p>&nbsp;<\/td>\n<td width=\"113\">&nbsp;<\/p>\n<p>Puhun hiljaisella \u00e4\u00e4nell\u00e4<\/p>\n<p>&nbsp;<\/p>\n<p>Kiit\u00e4n ruuasta<\/p>\n<p>&nbsp;<\/p>\n<p>&nbsp;<\/p>\n<p>Odotan omaa vuoroani<\/td>\n<td width=\"94\">&nbsp;<\/p>\n<p>Puhun hiljaisella \u00e4\u00e4nell\u00e4<\/p>\n<p>&nbsp;<\/p>\n<p>Annan toisille tilaa<\/td>\n<\/tr>\n<tr>\n<td width=\"75\">&nbsp;<\/p>\n<p>&nbsp;<\/p>\n<p>Toimin turvallisesti<\/p>\n<p>&nbsp;<\/td>\n<td width=\"142\">&nbsp;<\/p>\n<p>K\u00e4velen rauhallisesti<\/p>\n<p>&nbsp;<\/p>\n<p>Laitan tavarat paikoilleen<\/p>\n<p>&nbsp;<\/p>\n<p>&nbsp;<\/td>\n<td width=\"142\">&nbsp;<\/p>\n<p>Pysyn v\u00e4lituntialueella<\/p>\n<p>&nbsp;<\/p>\n<p>Varon etten satuta toisia<\/p>\n<p>&nbsp;<\/p>\n<p>Selvit\u00e4n riidat puhumalla<\/td>\n<td width=\"113\">&nbsp;<\/p>\n<p>K\u00e4velen rauhallisesti<\/p>\n<p>&nbsp;<\/p>\n<p>Pesen k\u00e4det<\/p>\n<p>&nbsp;<\/p>\n<p>&nbsp;<\/td>\n<td width=\"94\">&nbsp;<\/p>\n<p>K\u00e4velen rauhallisesti<\/p>\n<p>&nbsp;<\/p>\n<p>Laitan keng\u00e4t ja vaatteet omille paikoilleen<\/p>\n<p>&nbsp;<\/td>\n<\/tr>\n<\/tbody>\n<\/table>\n","protected":false},"excerpt":{"rendered":"<p>&nbsp; Aunelan koulu on Prokoulu (Positiivisesti Ryhm\u00e4ss\u00e4 Oppiva koulu). Prokoulussa keskityt\u00e4\u00e4n siihen, miten meid\u00e4n tulisi toimia, jotta kaikilla olisi hyv\u00e4 olla ja opiskella koulussa. Harjoittelemme hyv\u00e4\u00e4n k\u00e4ytt\u00e4ytymiseen liittyvi\u00e4 toimintaohjeita pieniss\u00e4 paloissa.\u00a0 Opetamme yhdess\u00e4 sovittujen toimintaohjeiden mukaista k\u00e4ytt\u00e4ytymist\u00e4, kannustamme positiivisella palautteella, kehit\u00e4mme ty\u00f6rauhaa ja puutumme ei-toivottuun k\u00e4ytt\u00e4ytymiseen yhteisesti sovituilla tavoilla. &nbsp; &nbsp; &nbsp; Oppitunnit &nbsp; V\u00e4litunnit &hellip; <a href=\"https:\/\/blog.edu.turku.fi\/aunela\/opetus-ja-kasvatus\/\" class=\"more-link\">Jatka lukemista<span class=\"screen-reader-text\"> &#8221;Opetus ja kasvatus&#8221;<\/span><\/a><\/p>\n","protected":false},"author":1375,"featured_media":0,"parent":0,"menu_order":0,"comment_status":"closed","ping_status":"closed","template":"","meta":{"footnotes":""},"class_list":["post-322","page","type-page","status-publish","hentry"],"_links":{"self":[{"href":"https:\/\/blog.edu.turku.fi\/aunela\/wp-json\/wp\/v2\/pages\/322","targetHints":{"allow":["GET"]}}],"collection":[{"href":"https:\/\/blog.edu.turku.fi\/aunela\/wp-json\/wp\/v2\/pages"}],"about":[{"href":"https:\/\/blog.edu.turku.fi\/aunela\/wp-json\/wp\/v2\/types\/page"}],"author":[{"embeddable":true,"href":"https:\/\/blog.edu.turku.fi\/aunela\/wp-json\/wp\/v2\/users\/1375"}],"replies":[{"embeddable":true,"href":"https:\/\/blog.edu.turku.fi\/aunela\/wp-json\/wp\/v2\/comments?post=322"}],"version-history":[{"count":18,"href":"https:\/\/blog.edu.turku.fi\/aunela\/wp-json\/wp\/v2\/pages\/322\/revisions"}],"predecessor-version":[{"id":746,"href":"https:\/\/blog.edu.turku.fi\/aunela\/wp-json\/wp\/v2\/pages\/322\/revisions\/746"}],"wp:attachment":[{"href":"https:\/\/blog.edu.turku.fi\/aunela\/wp-json\/wp\/v2\/media?parent=322"}],"curies":[{"name":"wp","href":"https:\/\/api.w.org\/{rel}","templated":true}]}}