{"id":261,"date":"2016-06-10T14:03:33","date_gmt":"2016-06-10T11:03:33","guid":{"rendered":"https:\/\/blog.edu.turku.fi\/aunela\/?page_id=261"},"modified":"2025-08-18T08:41:39","modified_gmt":"2025-08-18T05:41:39","slug":"oppilaskunta","status":"publish","type":"page","link":"https:\/\/blog.edu.turku.fi\/aunela\/oppilaskunta\/","title":{"rendered":"Oppilaskunta"},"content":{"rendered":"<p>Perusopetuslain mukaan koululla tulee olla sen oppilaista muodostuva oppilaskunta. Oppilaskunnan ja sen toimielinten teht\u00e4v\u00e4n\u00e4 on edist\u00e4\u00e4 oppilaiden yhteistoimintaa, vaikutusmahdollisuuksia ja osallistumista. Se innostaa oppilaita esitt\u00e4m\u00e4\u00e4n n\u00e4kemyksi\u00e4\u00e4n, toimimaan ja vaikuttamaan omiin ja yhteisiin asioihin. Oppilaskunta sek\u00e4 koulun ja kunnan muut osallisuutta tukevat rakenteet ja toimintatavat tarjoavat tilaisuuksia harjoitella demokratiataitoja k\u00e4yt\u00e4nn\u00f6ss\u00e4.<\/p>\n<p>Oppilaskuntaa edustaa oppilasj\u00e4senist\u00e4 muodostettu hallitus, jota ohjaa oppilaskunnan ohjaaja. Alakoulujen oppilaskunnat tekev\u00e4t yhteisty\u00f6t\u00e4 Turun Lasten Parlamentin kanssa.<\/p>\n<p>Oppilaskuntaan kuuluvat kaikki oppilaat. Oppilaskunnan toiminnasta vastaa ja p\u00e4\u00e4tt\u00e4\u00e4 oppilaskunnan hallitus sek\u00e4 oppilaskuntaa ohjaavat opettajat Hanna Honkanen ja Jasmina Pusa.<\/p>\n<p>Oppilaskunnan hallituksessa on j\u00e4seni\u00e4 kaikilta vuosiluokilta 1\u20136. Oppilaskunnan hallitukseen \u00e4\u00e4nest\u00e4m\u00e4ll\u00e4 valittu oppilas edustaa luokkaansa lukuvuoden kerrallaan. Hallituksen toimintakausi on lukuvuosi. Vain oppilailla on \u00e4\u00e4nioikeus oppilaskunnan vaaleissa.<\/p>\n<p>Jokaisesta luokasta valitaan yksi edustaja hallitukseen. Lis\u00e4ksi h\u00e4nelle valitaan varaj\u00e4sen.<\/p>\n<p>Varsinaisen hallituksen j\u00e4senen ollessa poissa kokouksesta, varaj\u00e4sen toimii t\u00e4ysivaltaisena hallituksen j\u00e4senen\u00e4 kokouksen ajan.<\/p>\n<p>Hallituksen j\u00e4senist\u00e4 valitaan oppilaat hoitamaan seuraavia luottamusteht\u00e4vi\u00e4: puheenjohtaja, varapuheenjohtaja, sihteeri ja varasihteeri.<\/p>\n<p>Oppilaskunnan hallitus kokoontuu keskim\u00e4\u00e4rin kerran kuukaudessa sek\u00e4 tarvittaessa muuna aikana.<\/p>\n","protected":false},"excerpt":{"rendered":"<p>Perusopetuslain mukaan koululla tulee olla sen oppilaista muodostuva oppilaskunta. Oppilaskunnan ja sen toimielinten teht\u00e4v\u00e4n\u00e4 on edist\u00e4\u00e4 oppilaiden yhteistoimintaa, vaikutusmahdollisuuksia ja osallistumista. Se innostaa oppilaita esitt\u00e4m\u00e4\u00e4n n\u00e4kemyksi\u00e4\u00e4n, toimimaan ja vaikuttamaan omiin ja yhteisiin asioihin. Oppilaskunta sek\u00e4 koulun ja kunnan muut osallisuutta tukevat rakenteet ja toimintatavat tarjoavat tilaisuuksia harjoitella demokratiataitoja k\u00e4yt\u00e4nn\u00f6ss\u00e4. Oppilaskuntaa edustaa oppilasj\u00e4senist\u00e4 muodostettu hallitus, jota &hellip; <a href=\"https:\/\/blog.edu.turku.fi\/aunela\/oppilaskunta\/\" class=\"more-link\">Jatka lukemista<span class=\"screen-reader-text\"> &#8221;Oppilaskunta&#8221;<\/span><\/a><\/p>\n","protected":false},"author":1375,"featured_media":0,"parent":0,"menu_order":0,"comment_status":"closed","ping_status":"closed","template":"","meta":{"footnotes":""},"class_list":["post-261","page","type-page","status-publish","hentry"],"_links":{"self":[{"href":"https:\/\/blog.edu.turku.fi\/aunela\/wp-json\/wp\/v2\/pages\/261","targetHints":{"allow":["GET"]}}],"collection":[{"href":"https:\/\/blog.edu.turku.fi\/aunela\/wp-json\/wp\/v2\/pages"}],"about":[{"href":"https:\/\/blog.edu.turku.fi\/aunela\/wp-json\/wp\/v2\/types\/page"}],"author":[{"embeddable":true,"href":"https:\/\/blog.edu.turku.fi\/aunela\/wp-json\/wp\/v2\/users\/1375"}],"replies":[{"embeddable":true,"href":"https:\/\/blog.edu.turku.fi\/aunela\/wp-json\/wp\/v2\/comments?post=261"}],"version-history":[{"count":4,"href":"https:\/\/blog.edu.turku.fi\/aunela\/wp-json\/wp\/v2\/pages\/261\/revisions"}],"predecessor-version":[{"id":791,"href":"https:\/\/blog.edu.turku.fi\/aunela\/wp-json\/wp\/v2\/pages\/261\/revisions\/791"}],"wp:attachment":[{"href":"https:\/\/blog.edu.turku.fi\/aunela\/wp-json\/wp\/v2\/media?parent=261"}],"curies":[{"name":"wp","href":"https:\/\/api.w.org\/{rel}","templated":true}]}}