{"id":2,"date":"2013-08-19T11:41:11","date_gmt":"2013-08-19T08:41:11","guid":{"rendered":"https:\/\/blog.edu.turku.fi\/aunela\/?page_id=2"},"modified":"2025-08-18T08:23:54","modified_gmt":"2025-08-18T05:23:54","slug":"esimerkkisivu","status":"publish","type":"page","link":"https:\/\/blog.edu.turku.fi\/aunela\/esimerkkisivu\/","title":{"rendered":"Yhteystiedot"},"content":{"rendered":"<p><strong>Opintie 1, 20210 Turku<\/strong><\/p>\n<address style=\"text-align: left\">Koulun johtaja Markku Laakso 050 432 3593\u00a0<\/address>\n<address style=\"text-align: left\">Koulusihteeri Marja-Liisa Rehula 044 907 4468 (tiistaina ja keskiviikkona)<\/address>\n<address style=\"text-align: left\">Kouluterveydenhoitaja Eveliina Halonen 040 358 7231 (tiistaina, torstaina ja perjantaina 8.00-15.30)<\/address>\n<address style=\"text-align: left\">Koulupsykologi Antti K\u00e4rn\u00e4 050 432 3177 (parillisten viikkojen keskiviikko, joka viikko torstaina ja perjantaina)<\/address>\n<address style=\"text-align: left\">Koulukuraattori Sarita Turkum\u00e4ki 044 907 4124 (maanantaina ja tiistaina)<\/address>\n<address style=\"text-align: left\">\n<address style=\"text-align: left\">Kaarea\/keitti\u00f6 ruokapalveluty\u00f6ntekij\u00e4 Heidi Haapala 040 173 0592<\/address>\n<address style=\"text-align: left\">Alltime\/siistij\u00e4 Seija Laurila 040 675 5589<\/address>\n<address>Coor Oy\/kiinteist\u00f6nhoitaja Jukka R\u00e4m\u00f6 050 408 2748<\/address>\n<\/address>\n<address style=\"text-align: left\">Iltap\u00e4iv\u00e4toiminta Jere Wiss 044 907 2982\u00a0\u00a0<\/address>\n<address style=\"text-align: left\">H\u00e4rk\u00e4m\u00e4en p\u00e4iv\u00e4kodin esikoulu<\/address>\n<address style=\"text-align: left;padding-left: 30px\">Esikot 040 596 4475 ja Aapelit 040 596 4918<\/address>\n<address style=\"text-align: left\">\u00a0<\/address>\n","protected":false},"excerpt":{"rendered":"<p>Opintie 1, 20210 Turku Koulun johtaja Markku Laakso 050 432 3593\u00a0 Koulusihteeri Marja-Liisa Rehula 044 907 4468 (tiistaina ja keskiviikkona) Kouluterveydenhoitaja Eveliina Halonen 040 358 7231 (tiistaina, torstaina ja perjantaina 8.00-15.30) Koulupsykologi Antti K\u00e4rn\u00e4 050 432 3177 (parillisten viikkojen keskiviikko, joka viikko torstaina ja perjantaina) Koulukuraattori Sarita Turkum\u00e4ki 044 907 4124 (maanantaina ja tiistaina) Kaarea\/keitti\u00f6 &hellip; <a href=\"https:\/\/blog.edu.turku.fi\/aunela\/esimerkkisivu\/\" class=\"more-link\">Jatka lukemista<span class=\"screen-reader-text\"> &#8221;Yhteystiedot&#8221;<\/span><\/a><\/p>\n","protected":false},"author":1,"featured_media":0,"parent":0,"menu_order":3,"comment_status":"closed","ping_status":"closed","template":"","meta":{"footnotes":""},"class_list":["post-2","page","type-page","status-publish","hentry"],"_links":{"self":[{"href":"https:\/\/blog.edu.turku.fi\/aunela\/wp-json\/wp\/v2\/pages\/2","targetHints":{"allow":["GET"]}}],"collection":[{"href":"https:\/\/blog.edu.turku.fi\/aunela\/wp-json\/wp\/v2\/pages"}],"about":[{"href":"https:\/\/blog.edu.turku.fi\/aunela\/wp-json\/wp\/v2\/types\/page"}],"author":[{"embeddable":true,"href":"https:\/\/blog.edu.turku.fi\/aunela\/wp-json\/wp\/v2\/users\/1"}],"replies":[{"embeddable":true,"href":"https:\/\/blog.edu.turku.fi\/aunela\/wp-json\/wp\/v2\/comments?post=2"}],"version-history":[{"count":75,"href":"https:\/\/blog.edu.turku.fi\/aunela\/wp-json\/wp\/v2\/pages\/2\/revisions"}],"predecessor-version":[{"id":787,"href":"https:\/\/blog.edu.turku.fi\/aunela\/wp-json\/wp\/v2\/pages\/2\/revisions\/787"}],"wp:attachment":[{"href":"https:\/\/blog.edu.turku.fi\/aunela\/wp-json\/wp\/v2\/media?parent=2"}],"curies":[{"name":"wp","href":"https:\/\/api.w.org\/{rel}","templated":true}]}}