{"id":35,"date":"2015-06-25T13:36:40","date_gmt":"2015-06-25T10:36:40","guid":{"rendered":"https:\/\/blog.edu.turku.fi\/arkeologinphy\/?page_id=35"},"modified":"2020-10-13T13:31:22","modified_gmt":"2020-10-13T10:31:22","slug":"metsatahdet","status":"publish","type":"page","link":"https:\/\/blog.edu.turku.fi\/arkeologinphy\/paivakoti-lampolankatu-6\/metsatahdet\/","title":{"rendered":"Mets\u00e4t\u00e4hdet"},"content":{"rendered":"<p>3-5 -vuotiaiden ryhm\u00e4<\/p>\n<p>Henkil\u00f6kuntana varhaiskasvatuksenopettaja ja kaksi lastenhoitajaa<\/p>\n","protected":false},"excerpt":{"rendered":"<p>3-5 -vuotiaiden ryhm\u00e4 Henkil\u00f6kuntana varhaiskasvatuksenopettaja ja kaksi lastenhoitajaa<\/p>\n","protected":false},"author":1130,"featured_media":0,"parent":31,"menu_order":0,"comment_status":"closed","ping_status":"closed","template":"","meta":{"footnotes":""},"class_list":["post-35","page","type-page","status-publish","hentry"],"_links":{"self":[{"href":"https:\/\/blog.edu.turku.fi\/arkeologinphy\/wp-json\/wp\/v2\/pages\/35","targetHints":{"allow":["GET"]}}],"collection":[{"href":"https:\/\/blog.edu.turku.fi\/arkeologinphy\/wp-json\/wp\/v2\/pages"}],"about":[{"href":"https:\/\/blog.edu.turku.fi\/arkeologinphy\/wp-json\/wp\/v2\/types\/page"}],"author":[{"embeddable":true,"href":"https:\/\/blog.edu.turku.fi\/arkeologinphy\/wp-json\/wp\/v2\/users\/1130"}],"replies":[{"embeddable":true,"href":"https:\/\/blog.edu.turku.fi\/arkeologinphy\/wp-json\/wp\/v2\/comments?post=35"}],"version-history":[{"count":4,"href":"https:\/\/blog.edu.turku.fi\/arkeologinphy\/wp-json\/wp\/v2\/pages\/35\/revisions"}],"predecessor-version":[{"id":218,"href":"https:\/\/blog.edu.turku.fi\/arkeologinphy\/wp-json\/wp\/v2\/pages\/35\/revisions\/218"}],"up":[{"embeddable":true,"href":"https:\/\/blog.edu.turku.fi\/arkeologinphy\/wp-json\/wp\/v2\/pages\/31"}],"wp:attachment":[{"href":"https:\/\/blog.edu.turku.fi\/arkeologinphy\/wp-json\/wp\/v2\/media?parent=35"}],"curies":[{"name":"wp","href":"https:\/\/api.w.org\/{rel}","templated":true}]}}