{"id":139,"date":"2024-05-17T11:08:41","date_gmt":"2024-05-17T08:08:41","guid":{"rendered":"https:\/\/blog.edu.turku.fi\/arbistesti\/?page_id=139"},"modified":"2026-04-20T18:21:33","modified_gmt":"2026-04-20T15:21:33","slug":"kurser-och-forelasningar","status":"publish","type":"page","link":"https:\/\/blog.edu.turku.fi\/arbis\/?page_id=139","title":{"rendered":"Kurser och f\u00f6rel\u00e4sningar"},"content":{"rendered":"\n<p>Anm\u00e4lningstiden till h\u00f6stterminens 2026 kurser fr\u00e5n och med <strong>17.8.2026 kl. 12.00<\/strong>; anm\u00e4lning \u00e4r m\u00f6jlig p\u00e5 webben, p\u00e5 kansliet eller via telefon p\u00e5 numret 044 907 4737.<\/p>\n\n\n\n<p><strong>Bekanta dig med kursutbudet och anm\u00e4l dig i <a href=\"https:\/\/uusi.opistopalvelut.fi\/abo\/sv\/\">den elektroniska kursportalen<\/a><\/strong>. <br>V\u00e4lkommen p\u00e5 kurs och f\u00f6rel\u00e4sningar!<\/p>\n\n\n\n<p><strong><a href=\"https:\/\/forms.office.com\/e\/w1gmEFdk5T\">H\u00e4r<\/a> <\/strong>kan du tipsa oss om kurser och f\u00f6rel\u00e4sningar som du \u00f6nskar att skulle ordnas.<\/p>\n\n\n\n<p>F\u00f6lj oss g\u00e4rna \u00e4ven p\u00e5 <a href=\"http:\/\/www.instagram.com\/aboarbis\">Instagram<\/a> och <a href=\"http:\/\/www.facebook.com\/aboarbis\">Facebook<\/a>! <\/p>\n\n\n\n<p>Du kan h\u00e4mta ditt eget tryckta exemplar av studieprogrammet fr\u00e5n Arbis kansli, Kaskisgatan 5. Studieprogrammet \u00e4r \u00e4ven tillg\u00e4ngligt bl.a. p\u00e5 f\u00f6ljande adresser:<\/p>\n\n\n\n<ul class=\"wp-block-list\">\n<li>ASA-biblioteket, F\u00e4nriksgatan 3<\/li>\n\n\n\n<li>Fabbes caf\u00e9, Fabriksgatan 6<\/li>\n\n\n\n<li>Folkh\u00e4lsans kvartersklubb, Henriksgatan 9<\/li>\n\n\n\n<li>Akademiska bokhandeln, Universitetsgatan 27<\/li>\n\n\n\n<li>Kansallinen kirjakauppa, Slottsgatan 16,<\/li>\n\n\n\n<li>Luckan, Auragatan 1, innerg\u00e5rden<\/li>\n\n\n\n<li>Monitori vid Salutorget, Auragatan 8<\/li>\n\n\n\n<li>Sibeliusmuseum, Biskopsgatan 17<\/li>\n\n\n\n<li>\u00c5bo stadsbibliotek, Slottsgatan 2<\/li>\n\n\n\n<li>\u00c5bo svenska f\u00f6rsamling, f\u00f6rsamlingsbyr\u00e5n, Auragatan 18, 3 v\u00e5ningen<\/li>\n\n\n\n<li>\u00c5bo svenska teater, Eriksgatan 13<\/li>\n\n\n\n<li>Skanssis shoppingcenter<\/li>\n\n\n\n<li>Lankamaailma, Humleg\u00e5rdsgatan 1<\/li>\n\n\n\n<li>Saluhallen, vid Eriksgatans ing\u00e5ng<\/li>\n\n\n\n<li>Restaurang Gr\u00e4dda, Biskopsgatan 15<\/li>\n\n\n\n<li>It\u00e4isenkadun taidetarvike, \u00d6sterl\u00e5nggatan 31 <\/li>\n\n\n\n<li>Caf\u00e9 Art, V\u00e4stra strandgatan 5<\/li>\n\n\n\n<li>Ilo Wool, Slottsgatan 8<\/li>\n<\/ul>\n","protected":false},"excerpt":{"rendered":"<p>Anm\u00e4lningstiden till h\u00f6stterminens 2026 kurser fr\u00e5n och med 17.8.2026 kl. 12.00; anm\u00e4lning \u00e4r m\u00f6jlig p\u00e5 webben, p\u00e5 kansliet eller via &hellip; <\/p>\n","protected":false},"author":3405,"featured_media":0,"parent":0,"menu_order":0,"comment_status":"closed","ping_status":"closed","template":"","meta":{"footnotes":""},"class_list":["post-139","page","type-page","status-publish","hentry"],"_links":{"self":[{"href":"https:\/\/blog.edu.turku.fi\/arbis\/index.php?rest_route=\/wp\/v2\/pages\/139","targetHints":{"allow":["GET"]}}],"collection":[{"href":"https:\/\/blog.edu.turku.fi\/arbis\/index.php?rest_route=\/wp\/v2\/pages"}],"about":[{"href":"https:\/\/blog.edu.turku.fi\/arbis\/index.php?rest_route=\/wp\/v2\/types\/page"}],"author":[{"embeddable":true,"href":"https:\/\/blog.edu.turku.fi\/arbis\/index.php?rest_route=\/wp\/v2\/users\/3405"}],"replies":[{"embeddable":true,"href":"https:\/\/blog.edu.turku.fi\/arbis\/index.php?rest_route=%2Fwp%2Fv2%2Fcomments&post=139"}],"version-history":[{"count":11,"href":"https:\/\/blog.edu.turku.fi\/arbis\/index.php?rest_route=\/wp\/v2\/pages\/139\/revisions"}],"predecessor-version":[{"id":1410,"href":"https:\/\/blog.edu.turku.fi\/arbis\/index.php?rest_route=\/wp\/v2\/pages\/139\/revisions\/1410"}],"wp:attachment":[{"href":"https:\/\/blog.edu.turku.fi\/arbis\/index.php?rest_route=%2Fwp%2Fv2%2Fmedia&parent=139"}],"curies":[{"name":"wp","href":"https:\/\/api.w.org\/{rel}","templated":true}]}}

Kurser och föreläsningar

<p>Anmälningstiden till höstterminens 2026 kurser från och med <strong>17.8.2026 kl. 12.00</strong>; anmälning är möjlig på webben, på kansliet eller via telefon på numret 044 907 4737.</p>



<p><strong>Bekanta dig med kursutbudet och anmäl dig i <a href="https://uusi.opistopalvelut.fi/abo/sv/">den elektroniska kursportalen</a></strong>. <br>Välkommen på kurs och föreläsningar!</p>



<p><strong><a href="https://forms.office.com/e/w1gmEFdk5T">Här</a> </strong>kan du tipsa oss om kurser och föreläsningar som du önskar att skulle ordnas.</p>



<p>Följ oss gärna även på <a href="http://www.instagram.com/aboarbis">Instagram</a> och <a href="http://www.facebook.com/aboarbis">Facebook</a>! </p>



<p>Du kan hämta ditt eget tryckta exemplar av studieprogrammet från Arbis kansli, Kaskisgatan 5. Studieprogrammet är även tillgängligt bl.a. på följande adresser:</p>



<ul class="wp-block-list">
<li>ASA-biblioteket, Fänriksgatan 3</li>



<li>Fabbes café, Fabriksgatan 6</li>



<li>Folkhälsans kvartersklubb, Henriksgatan 9</li>



<li>Akademiska bokhandeln, Universitetsgatan 27</li>



<li>Kansallinen kirjakauppa, Slottsgatan 16,</li>



<li>Luckan, Auragatan 1, innergården</li>



<li>Monitori vid Salutorget, Auragatan 8</li>



<li>Sibeliusmuseum, Biskopsgatan 17</li>



<li>Åbo stadsbibliotek, Slottsgatan 2</li>



<li>Åbo svenska församling, församlingsbyrån, Auragatan 18, 3 våningen</li>



<li>Åbo svenska teater, Eriksgatan 13</li>



<li>Skanssis shoppingcenter</li>



<li>Lankamaailma, Humlegårdsgatan 1</li>



<li>Saluhallen, vid Eriksgatans ingång</li>



<li>Restaurang Grädda, Biskopsgatan 15</li>



<li>Itäisenkadun taidetarvike, Österlånggatan 31 </li>



<li>Café Art, Västra strandgatan 5</li>



<li>Ilo Wool, Slottsgatan 8</li>
</ul>

<p>Anmälningstiden till höstterminens 2026 kurser från och med 17.8.2026 kl. 12.00; anmälning är möjlig på webben, på kansliet eller via &hellip; </p>
