{"id":647,"date":"2020-09-03T19:39:59","date_gmt":"2020-09-03T16:39:59","guid":{"rendered":"https:\/\/blog.edu.turku.fi\/anninsaksa\/?page_id=647"},"modified":"2026-04-01T07:32:35","modified_gmt":"2026-04-01T04:32:35","slug":"los-gehts-1","status":"publish","type":"page","link":"https:\/\/blog.edu.turku.fi\/anninsaksa\/los-gehts-1\/","title":{"rendered":"Los geht\u00b4s 1"},"content":{"rendered":"<h1>Lektion 1<\/h1>\n<ol>\n<li><a href=\"https:\/\/blog.edu.turku.fi\/anninsaksa\/2021\/09\/25\/tervehtiminen-ja-esittaytyminen\/\">Tervehtiminen ja esitt\u00e4ytyminen<\/a> (kaksi teht\u00e4v\u00e4\u00e4 ja videoita)<\/li>\n<li><a href=\"https:\/\/wordwall.net\/fi\/resource\/568123\/los-gehts-1-l1\">Muistipeli KPL 1 sanastosta<\/a> (Tarja Virtanen)<\/li>\n<li><a href=\"https:\/\/wordwall.net\/resource\/60358576\" target=\"_blank\" rel=\"noopener\">T\u00e4ydenn\u00e4 KPL 1 sanoilla<\/a> (Tarja Virtanen)<\/li>\n<\/ol>\n<h1>Lektion 2<\/h1>\n<ol>\n<li><a href=\"https:\/\/blog.edu.turku.fi\/anninsaksa\/2018\/01\/28\/farben-varit\/\">V\u00e4rit<\/a> (teht\u00e4vi\u00e4 ja videoita)<\/li>\n<li><a href=\"https:\/\/wordwall.net\/fi\/resource\/4656446\/los-gehts-1-kpl-2-t%c3%a4ydenn%c3%a4\">T\u00e4ydenn\u00e4 kappaleen 2 sanoilla<\/a> (Anitta)<\/li>\n<li><a href=\"https:\/\/wordwall.net\/fi\/resource\/36083264\">Kappaleen 2 sanastoa<\/a> (Anniwilander2)<\/li>\n<\/ol>\n<h1>Lektion 3<\/h1>\n<ol>\n<li><a href=\"https:\/\/blog.edu.turku.fi\/anninsaksa\/2021\/09\/25\/zahlen-0-12\/\">Luvut 0-12<\/a> (teht\u00e4vi\u00e4 ja videoita)<\/li>\n<li><a href=\"https:\/\/wordwall.net\/fi\/resource\/643931\/los-gehts-1-lektion-3-wie-sp%c3%a4t-ist-es\">Yhdist\u00e4 kellonajat<\/a> (Anitta)<\/li>\n<li><a href=\"https:\/\/wordwall.net\/fi\/resource\/643931\">Valitse oikea kellonaika<\/a> (Tarja Virtanen)<\/li>\n<li><a href=\"https:\/\/wordwall.net\/fi\/resource\/644489\/los-gehts-1-l3-t%c3%a4ydenn%c3%a4\">T\u00e4ydenn\u00e4 kappaleen 3 sanoilla<\/a> (Tarja Virtanen)<\/li>\n<li><a href=\"https:\/\/blog.edu.turku.fi\/anninsaksa\/2025\/09\/21\/aakkoset\/\">Aakkoset<\/a><\/li>\n<\/ol>\n<h1>Lektion 4<\/h1>\n<ul>\n<li><a href=\"https:\/\/wordwall.net\/resource\/659459\/los-gehts-1-l4-essen-trinken\" target=\"_blank\" rel=\"noopener noreferrer\">Ruokasanat (Tarja Virtanen)<\/a><\/li>\n<li><a href=\"https:\/\/wordwall.net\/resource\/659758\/los-gehts-1-l4-essen-trinken-2\" target=\"_blank\" rel=\"noopener noreferrer\">Ruokasanat (Tarja Virtanen)<\/a><\/li>\n<li><a href=\"https:\/\/wordwall.net\/resource\/659737\/los-gehts-1-l4-der-das-die\" target=\"_blank\" rel=\"noopener noreferrer\">Ruokasanat (Tarja Virtanen)<\/a><\/li>\n<li><a href=\"https:\/\/wordwall.net\/resource\/700292\/anittat-los-gehts-1-kpl-4\" target=\"_blank\" rel=\"noopener noreferrer\">Ruokasanat (anittat)<\/a><\/li>\n<li><a href=\"https:\/\/learningapps.org\/watch?v=p46xw6xvj21\" target=\"_blank\" rel=\"noopener\">Bitte ja Danke -sanojen k\u00e4ytt\u00f6<\/a><\/li>\n<li><a href=\"https:\/\/learningapps.org\/watch?v=ph63h2kbk21\" target=\"_blank\" rel=\"noopener\">J\u00e4rjestele keskustelu<\/a><\/li>\n<li><a href=\"https:\/\/wordwall.net\/resource\/644013\">Sanaruudukko<\/a> (Tarja Virtanen)<\/li>\n<li><a href=\"https:\/\/wordwall.net\/resource\/25049423\">Bonusecke: Ruokasanat (Tarja Virtanen)<\/a><\/li>\n<li><a href=\"https:\/\/wordwall.net\/fi\/resource\/8391944\">Bonusecke: der\/das\/die (Elinasipila)<\/a><\/li>\n<li><a href=\"https:\/\/wordwall.net\/fi\/resource\/6639821\">Koko kappaleen kertausta<\/a> (Tarja Virtanen)<\/li>\n<li><a href=\"https:\/\/learningapps.org\/watch?v=ptsmh5qek17\">Lis\u00e4teht\u00e4v\u00e4: Aamupala, etsi kuvasta<\/a><\/li>\n<\/ul>\n<h1>Lektion 5<\/h1>\n<ul>\n<li><a href=\"https:\/\/wordwall.net\/fi\/resource\/714518\/los-gehts-1-l5-adjektiivit\" target=\"_blank\" rel=\"noopener noreferrer\">Adjektiivit muistipeli ja muita pelej\u00e4 (Tarja Virtanen)<\/a><\/li>\n<li><a href=\"https:\/\/wordwall.net\/fi\/resource\/714558\/los-gehts-1-adjektiivit-2\" target=\"_blank\" rel=\"noopener noreferrer\">Adjektiivit hirsipuu ja muita pelej\u00e4 (Tarja Virtanen)<\/a><\/li>\n<li><a href=\"https:\/\/wordwall.net\/resource\/9360514\">Kappalesanasto, Wordwall (Heidihertell)<\/a><\/li>\n<li><a href=\"https:\/\/learningapps.org\/watch?v=p3vb1sjut23\">Aukkoteksti<\/a><\/li>\n<li><a href=\"https:\/\/learningapps.org\/watch?v=p0ntw1opj23\">Wer wird Million\u00e4r?<\/a><\/li>\n<li><a href=\"https:\/\/learningapps.org\/watch?v=pzrkf52z223\">Kirjaimet sekaisin<\/a><\/li>\n<li><a href=\"https:\/\/blog.edu.turku.fi\/anninsaksa\/2018\/01\/27\/sein-olla\/\" target=\"_blank\" rel=\"noopener\">Olla-verbi ja persoonapronominit, videot ja monta teht\u00e4v\u00e4\u00e4<\/a><\/li>\n<\/ul>\n<h1>Lektion 6<\/h1>\n<ul>\n<li><a href=\"https:\/\/blog.edu.turku.fi\/anninsaksa\/2020\/09\/21\/verbit-los-gehts-1\/\">Verbiteht\u00e4v\u00e4t<\/a><\/li>\n<li><a href=\"https:\/\/blog.edu.turku.fi\/anninsaksa\/2022\/01\/19\/verbin-taivutusta-yksikossa-ich-du-er-sie\/\">Verbin taivutus yksik\u00f6ss\u00e4 (ich, du, er, sie)<\/a><\/li>\n<li><a href=\"https:\/\/blog.edu.turku.fi\/anninsaksa\/2022\/01\/13\/verbien-taivutus-los-gehts-1-kpl-6\/\">Verbin taivutus kaikissa persoonissa<\/a><\/li>\n<li><a href=\"https:\/\/learningapps.org\/watch?v=prpubq3ot23\">Lektion 6: Yhdist\u00e4 sanat<\/a><\/li>\n<li><a href=\"https:\/\/learningapps.org\/watch?v=p1okqotdj23\">Haluatko milj\u00f6n\u00e4\u00e4riksi 1<\/a><\/li>\n<li><a href=\"https:\/\/learningapps.org\/watch?v=p9p3keu5k23\">Haluatko milj\u00f6n\u00e4\u00e4riksi 2<\/a><\/li>\n<li><a href=\"https:\/\/wordwall.net\/resource\/802847\">Lektion 6 kappalesanasto<\/a> (Anitta)<\/li>\n<li><a href=\"https:\/\/wordwall.net\/resource\/29830118\">Lektion 6 aukkoteksti<\/a> (Tarja Virtanen)<\/li>\n<li><a href=\"https:\/\/wordwall.net\/resource\/1213667\">Lektion 6 lauseita<\/a> (Jonnaleena)<\/li>\n<\/ul>\n<h1>Lektion 7<\/h1>\n<ol>\n<li><a href=\"https:\/\/wordwall.net\/fi\/resource\/2341512\/los-gehts-1-l7-yhdist%c3%a4-vaatteet\">Yhdist\u00e4 vaatesanat<\/a> (Tarja Virtanen)<\/li>\n<li><a href=\"https:\/\/wordwall.net\/fi\/resource\/1435637\/los-gehts-1-l7-vaatteet-muistipeli\">Vaatemuistipeli (Tarja Virtanen)<\/a><\/li>\n<li><a href=\"https:\/\/wordwall.net\/fi\/resource\/2376190\/los-gehts-1-l7-etsi-vaatesanoja\">Etsi vaatesanat (Tarja Virtanen)<\/a><\/li>\n<li><a href=\"https:\/\/wordwall.net\/resource\/2424847\">Harjoittele kappaleen lauseita korteilla<\/a> (Jonnaleena)<\/li>\n<li><a href=\"https:\/\/wordwall.net\/fi\/resource\/1096192\">Kappaleen lauseita<\/a> (Anitta)<\/li>\n<li><a href=\"https:\/\/wordwall.net\/fi\/resource\/1384330\">J\u00e4rjest\u00e4 kappaleen lauseet<\/a> (Anitta)<\/li>\n<li><a href=\"https:\/\/blog.edu.turku.fi\/anninsaksa\/2019\/09\/26\/haben-verbi-olla-omistaa-jollain-on-jotain\/\">Haben -verbin taivutus<\/a><\/li>\n<li><a href=\"https:\/\/blog.edu.turku.fi\/anninsaksa\/2022\/03\/09\/zahlen-1-20\/\">Numerot 0-20<\/a><\/li>\n<\/ol>\n<h1>Lektion 8<\/h1>\n<ol>\n<li><a href=\"https:\/\/wordwall.net\/fi\/resource\/2341579\/los-gehts-1-l8-tiere\">Yhdist\u00e4 el\u00e4imet (Tarja Virtanen)<\/a><\/li>\n<li><a href=\"https:\/\/wordwall.net\/fi\/resource\/2341953\/los-gehts-1-l8-mik%c3%a4-el%c3%a4in\">El\u00e4inten nimet (Tarja Virtanen)<\/a><\/li>\n<li><a href=\"https:\/\/wordwall.net\/fi\/resource\/2341854\/los-gehts-1-l8-tiere-muistipeli\">El\u00e4inmuistipeli (Tarja Virtanen)<\/a><\/li>\n<li><a href=\"https:\/\/wordwall.net\/fi\/resource\/2341462\/los-gehts-1-l8-farben-tiere\">El\u00e4imet ja v\u00e4rit (Tarja Virtanen)<\/a><\/li>\n<li><a href=\"https:\/\/wordwall.net\/fi\/resource\/805202\/los-gehts-1-kpl-8-sanasto\">Kappaleen sanastoa (Tarja Virtanen)<\/a><\/li>\n<li><a href=\"https:\/\/wordwall.net\/resource\/37942820\">Kappaleen sanastoa (Liisawieri)<\/a><\/li>\n<li><a href=\"https:\/\/wordwall.net\/resource\/37942343\">Kappaleen lauseita (Liisawieri)<\/a><\/li>\n<li><a href=\"https:\/\/learningapps.org\/watch?v=pib6b663n22\">Omistussanat mein\/e ja dein\/e<\/a><\/li>\n<li><a href=\"https:\/\/learningapps.org\/watch?v=p2u37ocg322\">El\u00e4imet ja mein\/e, dein\/e<\/a><\/li>\n<\/ol>\n<h1>Lektion 9<\/h1>\n<ul>\n<li><a href=\"https:\/\/wordwall.net\/resource\/805249\/los-gehts-1-kpl-9-sanasto\">Kappalesanasto (Anitta)<\/a><\/li>\n<li><a href=\"https:\/\/wordwall.net\/resource\/877237\/los-gehts-1-l9-kehonosat-ja-artikkeli\">Kehonosat ja artikkelit<\/a><\/li>\n<li><a href=\"https:\/\/wordwall.net\/fi\/resource\/49267210\">Artikkelit ein\/eine, der\/das \/die (Liisawieri)<\/a><\/li>\n<li><a href=\"https:\/\/learningapps.org\/watch?v=p7p879ru220\">Artikkelisanat ein\/e ja der\/das\/die<\/a><\/li>\n<li><a href=\"https:\/\/blog.edu.turku.fi\/anninsaksa\/2018\/01\/30\/korperteile-ruumiinosat\/\" target=\"_blank\" rel=\"noopener noreferrer\">Kehonosat (paljon harjoituksia ja videoita)<\/a><\/li>\n<\/ul>\n<h1>Lektion 10<\/h1>\n<ul>\n<li><a href=\"https:\/\/wordwall.net\/fi\/resource\/4820394\/los-gehts-1-l10-familie\">Familie (Tarja Virtanen)<\/a><\/li>\n<li><a href=\"https:\/\/wordwall.net\/fi\/resource\/24135065\">Familie (virtrit)<\/a><\/li>\n<li><a href=\"https:\/\/learningapps.org\/watch?v=pot0imfh225\">Familie: mein vai meine?<\/a><\/li>\n<li><a href=\"https:\/\/learningapps.org\/watch?v=p2higsxdk25\">Familie: er, sie vai monikon &#8221;sie&#8221;?<\/a><\/li>\n<li><a href=\"https:\/\/wordwall.net\/fi\/resource\/6957884\/kpl-10-sanasto-los-gehts\">Kappalesanasto, muistipeli ym. (Anitta)<\/a><\/li>\n<li><a href=\"https:\/\/wordwall.net\/fi\/resource\/805343\">Kappalesanasto, yhdistely ym. (Anitta)<\/a><\/li>\n<li><a href=\"https:\/\/wordwall.net\/fi\/resource\/60835691\">Kappalesanasto, sokkelopeli (Sannaeluoma)<\/a><\/li>\n<li><a href=\"https:\/\/wordwall.net\/fi\/resource\/63156823\">Teksti, aukkoteht\u00e4v\u00e4 (Anitta)<\/a><\/li>\n<li><a href=\"https:\/\/wordwall.net\/fi\/resource\/52242620\">Kappale, j\u00e4rjest\u00e4 lauseet (opeak)<\/a><\/li>\n<li><a href=\"https:\/\/blog.edu.turku.fi\/anninsaksa\/2022\/09\/25\/akkusatiivi-los-gehts-1-10\/\">Akkusatiivi<\/a><\/li>\n<\/ul>\n<h1>Lektion 11<\/h1>\n<ul>\n<li><a href=\"https:\/\/wordwall.net\/fi\/resource\/654468\/z1-l12-m%c3%b6bel-artikel\">Huonekalut (Tarja Virtanen)<\/a><\/li>\n<li><a href=\"https:\/\/wordwall.net\/resource\/23503939\">Kotisanat (Tarja Virtanen)<\/a><\/li>\n<li><a href=\"https:\/\/wordwall.net\/fi\/resource\/23502309\">Kotisanojen artikkelit (Tarja Virtanen)<\/a><\/li>\n<li><a href=\"https:\/\/wordwall.net\/fi\/resource\/1707940\/los-gehts-1-kpl-11-kotisanat\">Kaikki kotisanat (Anniope)<\/a><\/li>\n<li><a href=\"https:\/\/wordwall.net\/resource\/6652774\/los-gehts-1-l11-prepositioita\">Prepositiot (Tarja Virtanen)<\/a><\/li>\n<li><a href=\"https:\/\/wordwall.net\/fi\/resource\/8279455\/lg-kpl-11-aukkoteksti\">Aukkoteksti (Anitta)<\/a><\/li>\n<li><a href=\"https:\/\/wordwall.net\/fi\/resource\/807365\/los-gehts-1-kpl11-sanasto\">Kappalesanasto (Anitta)<\/a><\/li>\n<li><a href=\"https:\/\/wordwall.net\/fi\/resource\/100684842\">Kappale (j\u00e4rjest\u00e4 virkkeet<\/a>)<\/li>\n<\/ul>\n<h1>Lektion 12<\/h1>\n<ul>\n<li><a href=\"https:\/\/wordwall.net\/resource\/807435\">Verbit (Anitta)<\/a><\/li>\n<li><a href=\"https:\/\/wordwall.net\/fi\/resource\/66483112\">Verbit (Tarja Virtanen)<\/a><\/li>\n<li><a href=\"https:\/\/wordwall.net\/resource\/9513025\">Verbit, hirsipuu (<\/a><a href=\"https:\/\/wordwall.net\/resource\/9513025\">Heidihertell)<\/a><\/li>\n<li><a href=\"https:\/\/learningapps.org\/tools\/904\/30\/watch?id=pxaibj3qj20\">Verbit, Muistipeli<\/a><\/li>\n<li><a href=\"https:\/\/wordwall.net\/fi\/resource\/807454\/los-gehts-1-kpl-12-sanasto\">Kappalesanasto (Anitta)<\/a><\/li>\n<li><a href=\"https:\/\/wordwall.net\/fi\/resource\/66483763\">Kappaleen virkkeet (Tarja Virtanen)<\/a><\/li>\n<li><a href=\"https:\/\/blog.edu.turku.fi\/anninsaksa\/2022\/11\/08\/lisatehtava-freizeit-vapaa-aika\/\">Lis\u00e4teht\u00e4v\u00e4: Vapaa-aika<\/a><\/li>\n<li><a href=\"https:\/\/wordwall.net\/resource\/7693577\/los-gehts-1-l12-fahren\">Fahren (Tarja Virtanen)<\/a><\/li>\n<li><a href=\"https:\/\/wordwall.net\/resource\/714321\/z1-l13-fahren\">Fahren 2 (Tarja Virtanen<\/a><\/li>\n<li><a href=\"https:\/\/learningapps.org\/watch?v=pqrqut04k20\">Fahren Learningapps 1<\/a><\/li>\n<li><a href=\"https:\/\/learningapps.org\/watch?v=pcuqo47hc18\">Fahren: Tunnista oikeat taivutusmuodot<\/a><\/li>\n<li><a href=\"https:\/\/wordwall.net\/resource\/27323205\">Schlafen (Tarja Virtanen)<\/a><\/li>\n<li><a href=\"https:\/\/wordwall.net\/resource\/9699844\/los-gehts-1-l12-laufen\">Laufen (Tarja Virtanen)<\/a><\/li>\n<li><a href=\"https:\/\/learningapps.org\/watch?v=pp0yp68v520\">Laufen Learningapps 1<\/a><\/li>\n<li><a href=\"https:\/\/learningapps.org\/watch?v=pt4k8r0ft19\">Palapeli fahren-laufen-schlafen<\/a><\/li>\n<li><a href=\"https:\/\/wordwall.net\/fi\/resource\/807435\/los-gehts-1-kpl-12-kuvasanasto\">Harrastuksia (Anitta)<\/a><\/li>\n<\/ul>\n<p>Koko kirjan kertaus<\/p>\n<p><a href=\"https:\/\/wordwall.net\/fi\/resource\/8751699\/los-gehts-kirja-1-kertauslauseet\">Wordwall: Lauseita<\/a> (Anitta)<\/p>\n<p>&nbsp;<\/p>\n<p>&nbsp;<\/p>\n","protected":false},"excerpt":{"rendered":"<p>Lektion 1 Tervehtiminen ja esitt\u00e4ytyminen (kaksi teht\u00e4v\u00e4\u00e4 ja videoita) Muistipeli KPL 1 sanastosta (Tarja Virtanen) T\u00e4ydenn\u00e4 KPL 1 sanoilla (Tarja Virtanen) Lektion 2 V\u00e4rit (teht\u00e4vi\u00e4 ja videoita) T\u00e4ydenn\u00e4 kappaleen 2 sanoilla (Anitta) Kappaleen 2 sanastoa (Anniwilander2) Lektion 3 Luvut 0-12 (teht\u00e4vi\u00e4 ja videoita) Yhdist\u00e4 kellonajat (Anitta) Valitse oikea kellonaika (Tarja Virtanen) T\u00e4ydenn\u00e4 kappaleen 3 sanoilla [&hellip;]<\/p>\n","protected":false},"author":204,"featured_media":0,"parent":0,"menu_order":0,"comment_status":"closed","ping_status":"closed","template":"","meta":{"footnotes":""},"class_list":["post-647","page","type-page","status-publish","hentry"],"_links":{"self":[{"href":"https:\/\/blog.edu.turku.fi\/anninsaksa\/wp-json\/wp\/v2\/pages\/647","targetHints":{"allow":["GET"]}}],"collection":[{"href":"https:\/\/blog.edu.turku.fi\/anninsaksa\/wp-json\/wp\/v2\/pages"}],"about":[{"href":"https:\/\/blog.edu.turku.fi\/anninsaksa\/wp-json\/wp\/v2\/types\/page"}],"author":[{"embeddable":true,"href":"https:\/\/blog.edu.turku.fi\/anninsaksa\/wp-json\/wp\/v2\/users\/204"}],"replies":[{"embeddable":true,"href":"https:\/\/blog.edu.turku.fi\/anninsaksa\/wp-json\/wp\/v2\/comments?post=647"}],"version-history":[{"count":41,"href":"https:\/\/blog.edu.turku.fi\/anninsaksa\/wp-json\/wp\/v2\/pages\/647\/revisions"}],"predecessor-version":[{"id":976,"href":"https:\/\/blog.edu.turku.fi\/anninsaksa\/wp-json\/wp\/v2\/pages\/647\/revisions\/976"}],"wp:attachment":[{"href":"https:\/\/blog.edu.turku.fi\/anninsaksa\/wp-json\/wp\/v2\/media?parent=647"}],"curies":[{"name":"wp","href":"https:\/\/api.w.org\/{rel}","templated":true}]}}