{"id":11,"date":"2017-07-13T21:08:20","date_gmt":"2017-07-13T18:08:20","guid":{"rendered":"https:\/\/blog.edu.turku.fi\/anninsaksa\/?page_id=11"},"modified":"2021-04-20T07:38:46","modified_gmt":"2021-04-20T04:38:46","slug":"9-luokka","status":"publish","type":"page","link":"https:\/\/blog.edu.turku.fi\/anninsaksa\/9-luokka\/","title":{"rendered":"Magazin.de 2"},"content":{"rendered":"<h3><a href=\"https:\/\/blog.edu.turku.fi\/anninsaksa\/?p=482&amp;preview=true\" target=\"_blank\" rel=\"noopener noreferrer\">Sivustoja itsen\u00e4iseen saksan opiskeluun ja kertaamiseen<\/a><\/h3>\n<p>&#8230;&#8230;&#8230;&#8230;&#8230;&#8230;&#8230;&#8230;&#8230;&#8230;&#8230;.<\/p>\n<h3>Weihnachten &#8211; jouluteht\u00e4v\u00e4t<\/h3>\n<p>RATKAISUKIRJAIN: ?<\/p>\n<p><a href=\"https:\/\/blog.edu.turku.fi\/anninsaksa\/2018\/12\/16\/weihnachtsvokabular-joulusanastoa\/\" target=\"_blank\" rel=\"noopener noreferrer\">Joulusanastoa: Videoita ja teht\u00e4vi\u00e4<\/a><\/p>\n<h4><a href=\"https:\/\/blog.edu.turku.fi\/anninsaksa\/2018\/12\/17\/weihnachtswerbung\/\" target=\"_blank\" rel=\"noopener noreferrer\">Joulumainosten arviointia<\/a><\/h4>\n<h1>Einheit 1<\/h1>\n<ol>\n<li><a href=\"http:\/\/tarjavirtanen.fi\/v3\/files\/TY47joaLXQ\/17monate.htm\" target=\"_blank\" rel=\"noopener noreferrer\">Kuukaudet &#8211; valitse oikein (Tarja Virtanen)\u00a0\u00a0 RATKAISUKIRJAIN: F<\/a><\/li>\n<li><a href=\"https:\/\/learningapps.org\/watch?v=ptbyuueca20\">Kuukaudet &#8211; ristikko\u00a0 RATKAISUKIRJAIN: ?<\/a><\/li>\n<li><a href=\"http:\/\/LearningApps.org\/watch?v=pfgcxzduk17\" target=\"_blank\" rel=\"noopener noreferrer\">Aikasanat &#8211; im, am vai ei lainkaan prepositiota? RATKAISUKIRJAIN: ?<\/a><\/li>\n<li><a href=\"https:\/\/learningapps.org\/watch?v=pqnwxo96t20\">Olla \/ omistaa -verbien imperfekti (yhdist\u00e4) RATKAISUKIRJAIN: ?<\/a><\/li>\n<li><a href=\"http:\/\/LearningApps.org\/watch?v=pahiin3v517\" target=\"_blank\" rel=\"noopener noreferrer\">Olla \/ omistaa -verbien imperfekti (valitse vaihtoehdoista) RATKAISUKIRJAIN: ?<\/a><\/li>\n<li><a href=\"https:\/\/learningapps.org\/watch?v=pzmvky8n520\">Olla \/ omistaa -verbien imperfekti (aukkoteht\u00e4v\u00e4) RATKAISUKIRJAIN: ?<\/a><\/li>\n<li><a href=\"http:\/\/LearningApps.org\/watch?v=p36ixg04k17\" target=\"_blank\" rel=\"noopener noreferrer\">mit\/nehmen, tragen, an\/ziehen ja brauchen RATKAISUKIRJAIN: ?<\/a><\/li>\n<li><a href=\"http:\/\/LearningApps.org\/watch?v=ppw6cuyj317\" target=\"_blank\" rel=\"noopener noreferrer\">Keskustelu: Tapaamisen sopiminen RATKAISUKIRJAIN: ?<\/a><\/li>\n<li><a href=\"https:\/\/quizlet.com\/145090360\/magazinde-2-otava-e1-thema-schones-wetter-heute-flash-cards\/\" target=\"_blank\" rel=\"noopener noreferrer\">Magazin-kirjan s\u00e4\u00e4sanasto (Quizlet) RATKAISUKIRJAIN: K<\/a><\/li>\n<\/ol>\n<h3><a href=\"https:\/\/blog.edu.turku.fi\/anninsaksa\/2017\/10\/03\/saa\/\" target=\"_blank\" rel=\"noopener noreferrer\">S\u00e4\u00e4<\/a><\/h3>\n<h1>Einheit 2<\/h1>\n<h3>Thema: Essen<\/h3>\n<p><a href=\"https:\/\/blog.edu.turku.fi\/anninsaksa\/2017\/08\/05\/mittagsessen-im-deutschland\/\" target=\"_blank\" rel=\"noopener noreferrer\">Video: in der Kantine<\/a><\/p>\n<p><a href=\"https:\/\/blog.edu.turku.fi\/anninsaksa\/2017\/11\/30\/ruoka\/\" target=\"_blank\" rel=\"noopener noreferrer\">Ruokia ja juomia<\/a><\/p>\n<p><a href=\"http:\/\/tarjavirtanen.fi\/v3\/files\/68no7iNhLB\/11ruokasanat.htm\" target=\"_blank\" rel=\"noopener noreferrer\">Ruokia 1<\/a><\/p>\n<p><a href=\"http:\/\/tarjavirtanen.fi\/v3\/files\/2TvHKg7FeU\/13ruokasanoja.htm\" target=\"_blank\" rel=\"noopener noreferrer\">Ruokia 2<\/a><\/p>\n<p><a href=\"https:\/\/blog.edu.turku.fi\/anninsaksa\/2017\/11\/17\/im-cafe\/\" target=\"_blank\" rel=\"noopener noreferrer\">Tilaaminen kahvilassa<\/a><\/p>\n<p><a href=\"https:\/\/learningapps.org\/watch?v=p2njk6cjk17\" target=\"_blank\" rel=\"noopener noreferrer\">J\u00e4rjest\u00e4 ravintolakeskustelu<\/a><\/p>\n<p><a href=\"https:\/\/www.hueber.de\/shared\/uebungen\/themen-aktuell\/lerner\/uebungen\/fset.php?Volume=1&amp;Lection=3&amp;Exercise=3&amp;SubExercise=1\" target=\"_blank\" rel=\"noopener noreferrer\">Aukkoteht\u00e4v\u00e4: Ravintolassa<\/a><\/p>\n<p><a href=\"https:\/\/www.hueber.de\/shared\/uebungen\/themen-aktuell\/lerner\/uebungen\/fset.php?Volume=1&amp;Lection=3&amp;Exercise=4&amp;SubExercise=1\" target=\"_blank\" rel=\"noopener noreferrer\">Aukkoteht\u00e4v\u00e4: Ravintolassa 2<\/a><\/p>\n<h2>Grammatik:<\/h2>\n<p><a href=\"https:\/\/learningapps.org\/watch?v=p7eqymmqc17\" target=\"_blank\" rel=\"noopener noreferrer\">Sivulauseet<\/a><\/p>\n<p><a href=\"https:\/\/learningapps.org\/watch?v=p85028k9k17\" target=\"_blank\" rel=\"noopener noreferrer\">man-passiivi 1<\/a><\/p>\n<p><a href=\"https:\/\/learningapps.org\/watch?v=phcvk3tdk17\" target=\"_blank\" rel=\"noopener noreferrer\">man-passiivi 2<\/a><\/p>\n<p>&nbsp;<\/p>\n<h1>Einheit 3<\/h1>\n<p><a href=\"https:\/\/blog.edu.turku.fi\/anninsaksa\/2017\/12\/09\/wohnen-5-klasse\/\">Thema: Wohnen<\/a><\/p>\n<p><a href=\"https:\/\/blog.edu.turku.fi\/anninsaksa\/2018\/01\/28\/wegbeschreibung-tien-neuvominen\/\">Wegbeschreibung &#8211; tien neuvominen<\/a><\/p>\n<p><a href=\"https:\/\/blog.edu.turku.fi\/anninsaksa\/2017\/11\/17\/modaaliverbit\/\">Modalverben &#8211; modaaliapuverbit<\/a><\/p>\n<p><a href=\"https:\/\/learningapps.org\/watch?v=paymzywvj19\" target=\"_blank\" rel=\"noopener noreferrer\">Sanastoa: Haluatko miljon\u00e4\u00e4riksi?<\/a><\/p>\n<p><a href=\"https:\/\/learningapps.org\/watch?v=p0trxu2i319\" target=\"_blank\" rel=\"noopener noreferrer\">Tekstin lauseita<\/a><\/p>\n<p>&nbsp;<\/p>\n<h1>Einheit 4<\/h1>\n<ul>\n<li><a href=\"https:\/\/www.youtube.com\/watch?v=QrEM-HYjJIw\" target=\"_blank\" rel=\"noopener noreferrer\">Akkusatiivi ja datiivi<\/a> (Pia H\u00e4gglund-Viljasen opetusvideo, \u00e4l\u00e4 v\u00e4lit\u00e4 mukana olevasta genetiivimuodosta)<\/li>\n<li><a href=\"https:\/\/blog.edu.turku.fi\/anninsaksa\/2019\/03\/11\/datiivi\/\" target=\"_blank\" rel=\"noopener noreferrer\">Datiivi -sivu (teht\u00e4vi\u00e4 ja video)<\/a><\/li>\n<li><a href=\"https:\/\/learningapps.org\/watch?v=pr6m5gexc19\" target=\"_blank\" rel=\"noopener noreferrer\">Kappaleen sanat (suomenna)<\/a><\/li>\n<li><a href=\"https:\/\/learningapps.org\/watch?v=pe2n0dvgn19\" target=\"_blank\" rel=\"noopener noreferrer\">Kappaleen sanat (kirjoita saksaksi)<\/a><\/li>\n<li><a href=\"https:\/\/learningapps.org\/watch?v=p06yyiam219\" target=\"_blank\" rel=\"noopener noreferrer\">Ostoksilla: fraaseja<\/a><\/li>\n<li><a href=\"https:\/\/quizlet.com\/145096986\/magazinde-2-otava-e4-text-wien-ganz-nah-siniset-sanat-flash-cards\/\" target=\"_blank\" rel=\"noopener noreferrer\">Quizlet: siniset sanat<\/a><\/li>\n<li><a href=\"https:\/\/blog.edu.turku.fi\/anninsaksa\/2018\/02\/19\/kleidung-vaatteet-tehtavat\/\" target=\"_blank\" rel=\"noopener noreferrer\">Kertaus: Vaatesanat<\/a><\/li>\n<\/ul>\n<h2>Einheit 5<\/h2>\n<ul>\n<li><a href=\"https:\/\/blog.edu.turku.fi\/anninsaksa\/2018\/12\/29\/saannollisten-verbien-perfekti\/\" target=\"_blank\" rel=\"noopener noreferrer\">S\u00e4\u00e4nn\u00f6llisten verbien perfekti<\/a><\/li>\n<li><a href=\"https:\/\/learningapps.org\/watch?v=ppok5oik319\" target=\"_blank\" rel=\"noopener noreferrer\">Perfekti: ge-etuliitteell\u00e4 vai ilman?<\/a><\/li>\n<li><a href=\"https:\/\/learningapps.org\/watch?v=pt564eqtk19\" target=\"_blank\" rel=\"noopener noreferrer\">Perfektej\u00e4: s\u00e4\u00e4nn\u00f6llisi\u00e4 ja ilman ge-etuliitett\u00e4<\/a><\/li>\n<li><a href=\"https:\/\/blog.edu.turku.fi\/anninsaksa\/2019\/05\/05\/sein-ja-haben-perfektin-apuverbina\/\" target=\"_blank\" rel=\"noopener noreferrer\">Perfektien apuverbit &#8221;haben&#8221; ja &#8221;sein&#8221;<\/a><\/li>\n<li><a href=\"https:\/\/blog.edu.turku.fi\/anninsaksa\/2018\/01\/30\/korperteile-ruumiinosat\/\" target=\"_blank\" rel=\"noopener noreferrer\">Kehonosat<\/a> (osa teht\u00e4vist\u00e4 vaatii Flash-liit\u00e4nn\u00e4isen)<\/li>\n<li><a href=\"https:\/\/quizlet.com\/_3pkpun?x=1jqt&amp;i=1gabso\">Sairaudet ja kehonosat (Quizlet)<\/a><\/li>\n<\/ul>\n<p>&nbsp;<\/p>\n<p>&nbsp;<\/p>\n","protected":false},"excerpt":{"rendered":"<p>Sivustoja itsen\u00e4iseen saksan opiskeluun ja kertaamiseen &#8230;&#8230;&#8230;&#8230;&#8230;&#8230;&#8230;&#8230;&#8230;&#8230;&#8230;. Weihnachten &#8211; jouluteht\u00e4v\u00e4t RATKAISUKIRJAIN: ? Joulusanastoa: Videoita ja teht\u00e4vi\u00e4 Joulumainosten arviointia Einheit 1 Kuukaudet &#8211; valitse oikein (Tarja Virtanen)\u00a0\u00a0 RATKAISUKIRJAIN: F Kuukaudet &#8211; ristikko\u00a0 RATKAISUKIRJAIN: ? Aikasanat &#8211; im, am vai ei lainkaan prepositiota? RATKAISUKIRJAIN: ? Olla \/ omistaa -verbien imperfekti (yhdist\u00e4) RATKAISUKIRJAIN: ? Olla \/ omistaa -verbien [&hellip;]<\/p>\n","protected":false},"author":204,"featured_media":0,"parent":0,"menu_order":0,"comment_status":"closed","ping_status":"closed","template":"","meta":{"footnotes":""},"class_list":["post-11","page","type-page","status-publish","hentry"],"_links":{"self":[{"href":"https:\/\/blog.edu.turku.fi\/anninsaksa\/wp-json\/wp\/v2\/pages\/11","targetHints":{"allow":["GET"]}}],"collection":[{"href":"https:\/\/blog.edu.turku.fi\/anninsaksa\/wp-json\/wp\/v2\/pages"}],"about":[{"href":"https:\/\/blog.edu.turku.fi\/anninsaksa\/wp-json\/wp\/v2\/types\/page"}],"author":[{"embeddable":true,"href":"https:\/\/blog.edu.turku.fi\/anninsaksa\/wp-json\/wp\/v2\/users\/204"}],"replies":[{"embeddable":true,"href":"https:\/\/blog.edu.turku.fi\/anninsaksa\/wp-json\/wp\/v2\/comments?post=11"}],"version-history":[{"count":29,"href":"https:\/\/blog.edu.turku.fi\/anninsaksa\/wp-json\/wp\/v2\/pages\/11\/revisions"}],"predecessor-version":[{"id":701,"href":"https:\/\/blog.edu.turku.fi\/anninsaksa\/wp-json\/wp\/v2\/pages\/11\/revisions\/701"}],"wp:attachment":[{"href":"https:\/\/blog.edu.turku.fi\/anninsaksa\/wp-json\/wp\/v2\/media?parent=11"}],"curies":[{"name":"wp","href":"https:\/\/api.w.org\/{rel}","templated":true}]}}