{"id":4,"date":"2025-11-18T12:17:42","date_gmt":"2025-11-18T10:17:42","guid":{"rendered":"https:\/\/blog.edu.turku.fi\/allu\/?page_id=4"},"modified":"2026-04-02T15:31:17","modified_gmt":"2026-04-02T12:31:17","slug":"sivu-1","status":"publish","type":"page","link":"https:\/\/blog.edu.turku.fi\/allu\/sivu-1\/","title":{"rendered":"MAA11"},"content":{"rendered":"\n<h2 class=\"wp-block-heading has-text-color has-link-color has-x-large-font-size wp-elements-eabb9c4302ceb8a2b07149fd3afa446d\" style=\"color:#4e56b1\"><strong>MAA11<\/strong><\/h2>\n\n\n\n<p class=\"has-text-color has-link-color wp-elements-bd9b78f178319a8283120688269cbe44\" style=\"color:#4e56b1\"><strong>Alla olevasta valikosta voit valita, mink\u00e4 MAA11 aihealueen teht\u00e4vi\u00e4 haluat tehd\u00e4:<\/strong><\/p>\n\n\n\n<div class=\"wp-block-group is-layout-constrained wp-block-group-is-layout-constrained\">\n<div class=\"wp-block-buttons is-layout-flex wp-block-buttons-is-layout-flex\">\n<div class=\"wp-block-button has-custom-width wp-block-button__width-100 is-style-fill\"><a class=\"wp-block-button__link has-black-color has-text-color has-background has-link-color has-medium-font-size has-custom-font-size wp-element-button\" href=\"https:\/\/blog.edu.turku.fi\/allu\/sivu-1\/logiikka\/\" style=\"background-color:#d6d6ff\">Logiikka<\/a><\/div>\n\n\n\n<div class=\"wp-block-button has-custom-width wp-block-button__width-100 is-style-fill\"><a class=\"wp-block-button__link has-black-color has-text-color has-background has-link-color has-medium-font-size has-custom-font-size wp-element-button\" href=\"https:\/\/blog.edu.turku.fi\/allu\/sivu-1\/lukuteoria\/\" style=\"background-color:#d6d6ff\">Lukuteoria<\/a><\/div>\n\n\n\n<div class=\"wp-block-button has-custom-width wp-block-button__width-100 is-style-fill\"><a class=\"wp-block-button__link has-black-color has-text-color has-background has-link-color has-medium-font-size has-custom-font-size wp-element-button\" href=\"https:\/\/blog.edu.turku.fi\/allu\/sivu-1\/lukujarjestelmat\/\" style=\"background-color:#d6d6ff\">Lukuj\u00e4rjestelm\u00e4t<\/a><\/div>\n\n\n\n<div class=\"wp-block-button has-custom-width wp-block-button__width-100 is-style-fill\"><a class=\"wp-block-button__link has-black-color has-text-color has-background has-link-color has-medium-font-size has-custom-font-size wp-element-button\" href=\"https:\/\/blog.edu.turku.fi\/allu\/sivu-1\/algoritmit\/\" style=\"background-color:#d6d6ff\">Algoritmit<\/a><\/div>\n\n\n\n<div class=\"wp-block-button has-custom-width wp-block-button__width-100 is-style-fill\"><a class=\"wp-block-button__link has-black-color has-text-color has-background has-link-color has-medium-font-size has-custom-font-size wp-element-button\" href=\"https:\/\/blog.edu.turku.fi\/allu\/sivu-1\/ohjelmoinnin_aiheet\" style=\"background-color:#d6d6ff\">Ohjelmointi<\/a><\/div>\n\n\n\n<div class=\"wp-block-button has-custom-width wp-block-button__width-100 is-style-fill\"><a class=\"wp-block-button__link has-black-color has-text-color has-background has-link-color has-medium-font-size has-custom-font-size wp-element-button\" href=\"https:\/\/blog.edu.turku.fi\/allu\/sivu-1\/yo-tehtavat\" style=\"background-color:#d6d6ff\">YO-teht\u00e4v\u00e4t<\/a><\/div>\n<\/div>\n\n\n\n<div class=\"wp-block-buttons is-layout-flex wp-block-buttons-is-layout-flex\">\n<div class=\"wp-block-button has-custom-width wp-block-button__width-100\"><a class=\"wp-block-button__link has-black-color has-text-color has-background has-link-color has-medium-font-size has-custom-font-size wp-element-button\" href=\"https:\/\/blog.edu.turku.fi\/allu\/muut_lisamateriaali\/\" style=\"background-color:#d6d6ff\">Muut lis\u00e4materiaalit<\/a><\/div>\n<\/div>\n<\/div>\n\n\n\n<p><\/p>\n\n\n\n<p><\/p>\n","protected":false},"excerpt":{"rendered":"<p>MAA11 Alla olevasta valikosta voit valita, mink\u00e4 MAA11 aihealueen teht\u00e4vi\u00e4 haluat tehd\u00e4:<\/p>\n","protected":false},"author":9,"featured_media":0,"parent":0,"menu_order":0,"comment_status":"closed","ping_status":"closed","template":"","meta":{"footnotes":""},"class_list":["post-4","page","type-page","status-publish","hentry"],"_links":{"self":[{"href":"https:\/\/blog.edu.turku.fi\/allu\/wp-json\/wp\/v2\/pages\/4","targetHints":{"allow":["GET"]}}],"collection":[{"href":"https:\/\/blog.edu.turku.fi\/allu\/wp-json\/wp\/v2\/pages"}],"about":[{"href":"https:\/\/blog.edu.turku.fi\/allu\/wp-json\/wp\/v2\/types\/page"}],"author":[{"embeddable":true,"href":"https:\/\/blog.edu.turku.fi\/allu\/wp-json\/wp\/v2\/users\/9"}],"replies":[{"embeddable":true,"href":"https:\/\/blog.edu.turku.fi\/allu\/wp-json\/wp\/v2\/comments?post=4"}],"version-history":[{"count":27,"href":"https:\/\/blog.edu.turku.fi\/allu\/wp-json\/wp\/v2\/pages\/4\/revisions"}],"predecessor-version":[{"id":2898,"href":"https:\/\/blog.edu.turku.fi\/allu\/wp-json\/wp\/v2\/pages\/4\/revisions\/2898"}],"wp:attachment":[{"href":"https:\/\/blog.edu.turku.fi\/allu\/wp-json\/wp\/v2\/media?parent=4"}],"curies":[{"name":"wp","href":"https:\/\/api.w.org\/{rel}","templated":true}]}}