{"id":387,"date":"2026-02-24T14:48:56","date_gmt":"2026-02-24T12:48:56","guid":{"rendered":"https:\/\/blog.edu.turku.fi\/allu\/?page_id=387"},"modified":"2026-04-10T11:18:32","modified_gmt":"2026-04-10T08:18:32","slug":"vuokaaviot_perus","status":"publish","type":"page","link":"https:\/\/blog.edu.turku.fi\/allu\/sivu-1\/algoritmit\/vuokaaviot\/vuokaaviot_perus\/","title":{"rendered":"Vuokaaviot_perus"},"content":{"rendered":"\n<div class=\"wp-block-buttons is-layout-flex wp-block-buttons-is-layout-flex\">\n<div class=\"wp-block-button\"><a class=\"wp-block-button__link has-black-color has-text-color has-background has-link-color wp-element-button\" href=\"https:\/\/blog.edu.turku.fi\/allu\/sivu-1\/algoritmit\/vuokaaviot\/\" style=\"background-color:#d6d6ff\">Palaa takaisin<\/a><\/div>\n<\/div>\n\n\n\n<div style=\"height:43px\" aria-hidden=\"true\" class=\"wp-block-spacer\"><\/div>\n\n\n\n<h2 class=\"wp-block-heading\">Vuokaaviot \u2013 perus teht\u00e4v\u00e4t<\/h2>\n\n\n\n<div style=\"height:20px\" aria-hidden=\"true\" class=\"wp-block-spacer\"><\/div>\n\n\n\n<h3 class=\"wp-block-heading has-black-color has-text-color has-link-color wp-elements-4657544f8ced2e24372c51f9dfad22b4\" style=\"font-size:18px\"><strong>Teht\u00e4v\u00e4 1.<\/strong> Tee vuokaavio kouluun her\u00e4\u00e4misest\u00e4. Jos ei ole pakko nousta, jatka makoilua. Muuten nouse yl\u00f6s.<\/h3>\n\n\n\n<div data-wp-context=\"{ &quot;autoclose&quot;: false, &quot;accordionItems&quot;: [] }\" data-wp-interactive=\"core\/accordion\" role=\"group\" class=\"wp-block-accordion is-layout-flow wp-block-accordion-is-layout-flow\">\n<div data-wp-class--is-open=\"state.isOpen\" data-wp-context=\"{ &quot;id&quot;: &quot;accordion-item-1&quot;, &quot;openByDefault&quot;: false }\" data-wp-init=\"callbacks.initAccordionItems\" data-wp-on-window--hashchange=\"callbacks.hashChange\" class=\"wp-block-accordion-item is-layout-flow wp-block-accordion-item-is-layout-flow\">\n<h3 class=\"wp-block-accordion-heading has-background has-medium-font-size\" style=\"background-color:#d6d6ff\"><button aria-expanded=\"false\" aria-controls=\"accordion-item-1-panel\" data-wp-bind--aria-expanded=\"state.isOpen\" data-wp-on--click=\"actions.toggle\" data-wp-on--keydown=\"actions.handleKeyDown\" id=\"accordion-item-1\" type=\"button\" class=\"wp-block-accordion-heading__toggle\"><span class=\"wp-block-accordion-heading__toggle-title\">Vastaus<\/span><span class=\"wp-block-accordion-heading__toggle-icon\" aria-hidden=\"true\">+<\/span><\/button><\/h3>\n\n\n\n<div inert aria-labelledby=\"accordion-item-1\" data-wp-bind--inert=\"!state.isOpen\" id=\"accordion-item-1-panel\" role=\"region\" class=\"wp-block-accordion-panel is-layout-flow wp-block-accordion-panel-is-layout-flow\">\n<figure class=\"wp-block-image alignleft size-full is-resized\"><img loading=\"lazy\" decoding=\"async\" width=\"702\" height=\"601\" src=\"https:\/\/blog.edu.turku.fi\/allu\/files\/2026\/03\/AFE01B12-606E-4352-9F68-6632B3B7C9EB.png\" alt=\"Aloitus(Alku)\n\u2192 Prosessi (Her\u00e4\u00e4 kouluun)\n\u2192  Valinta (Onko pakko nousta yl\u00f6s?)\n\u2022 Kyll\u00e4 \u2192 Prosessi (Nouse yl\u00f6s)\n\u2022 Ei \u2192 Prosessi (Jatka makoilua)\n\u2192 Loppu (Loppu)\" class=\"wp-image-1160\" style=\"aspect-ratio:1.1680576138106753;width:580px;height:auto\" srcset=\"https:\/\/blog.edu.turku.fi\/allu\/files\/2026\/03\/AFE01B12-606E-4352-9F68-6632B3B7C9EB.png 702w, https:\/\/blog.edu.turku.fi\/allu\/files\/2026\/03\/AFE01B12-606E-4352-9F68-6632B3B7C9EB-300x257.png 300w\" sizes=\"auto, (max-width: 702px) 100vw, 702px\" \/><\/figure>\n<\/div>\n<\/div>\n<\/div>\n\n\n\n<div style=\"height:43px\" aria-hidden=\"true\" class=\"wp-block-spacer\"><\/div>\n\n\n\n<h3 class=\"wp-block-heading\" style=\"font-size:18px\"><strong>Teht\u00e4v\u00e4 2. <\/strong>Tee vuokaavio kerman vispaamisesta. Jos kerma ei ole kuohkea, jatka vispaamista.<\/h3>\n\n\n\n<div data-wp-context=\"{ &quot;autoclose&quot;: false, &quot;accordionItems&quot;: [] }\" data-wp-interactive=\"core\/accordion\" role=\"group\" class=\"wp-block-accordion is-layout-flow wp-block-accordion-is-layout-flow\">\n<div data-wp-class--is-open=\"state.isOpen\" data-wp-context=\"{ &quot;id&quot;: &quot;accordion-item-2&quot;, &quot;openByDefault&quot;: false }\" data-wp-init=\"callbacks.initAccordionItems\" data-wp-on-window--hashchange=\"callbacks.hashChange\" class=\"wp-block-accordion-item is-layout-flow wp-block-accordion-item-is-layout-flow\">\n<h3 class=\"wp-block-accordion-heading has-background has-medium-font-size\" style=\"background-color:#d6d6ff\"><button aria-expanded=\"false\" aria-controls=\"accordion-item-2-panel\" data-wp-bind--aria-expanded=\"state.isOpen\" data-wp-on--click=\"actions.toggle\" data-wp-on--keydown=\"actions.handleKeyDown\" id=\"accordion-item-2\" type=\"button\" class=\"wp-block-accordion-heading__toggle\"><span class=\"wp-block-accordion-heading__toggle-title\">Vastaus<\/span><span class=\"wp-block-accordion-heading__toggle-icon\" aria-hidden=\"true\">+<\/span><\/button><\/h3>\n\n\n\n<div inert aria-labelledby=\"accordion-item-2\" data-wp-bind--inert=\"!state.isOpen\" id=\"accordion-item-2-panel\" role=\"region\" class=\"wp-block-accordion-panel is-layout-flow wp-block-accordion-panel-is-layout-flow\">\n<figure class=\"wp-block-image alignleft size-full is-resized\"><img loading=\"lazy\" decoding=\"async\" width=\"365\" height=\"625\" src=\"https:\/\/blog.edu.turku.fi\/allu\/files\/2026\/03\/8ECB8085-EB93-4A45-A4F8-E0946015F670-1.png\" alt=\"Alku (Alku)\n\u2192 Prosessi (Vispaa kerma)\n\u2192 Valinta (Onko kerma kuohkea?)\n\u2022 Ei \u2192 Paluu prosessiin (Vispaa kerma)\n\u2022 Kyll\u00e4 \u2192 Prosessi (Lopeta vispaaminen)\n\u2192 Loppu (Loppu)\" class=\"wp-image-1164\" style=\"aspect-ratio:0.5839895997399935;width:287px;height:auto\" srcset=\"https:\/\/blog.edu.turku.fi\/allu\/files\/2026\/03\/8ECB8085-EB93-4A45-A4F8-E0946015F670-1.png 365w, https:\/\/blog.edu.turku.fi\/allu\/files\/2026\/03\/8ECB8085-EB93-4A45-A4F8-E0946015F670-1-175x300.png 175w\" sizes=\"auto, (max-width: 365px) 100vw, 365px\" \/><\/figure>\n<\/div>\n<\/div>\n<\/div>\n\n\n\n<div style=\"height:43px\" aria-hidden=\"true\" class=\"wp-block-spacer\"><\/div>\n\n\n\n<h3 class=\"wp-block-heading\" style=\"font-size:18px\"><strong>Teht\u00e4v\u00e4 3. <\/strong>Tee vuokaavio, jossa kysyt\u00e4\u00e4n k\u00e4ytt\u00e4j\u00e4lt\u00e4 lempiel\u00e4int\u00e4 ja tulostetaan se. <\/h3>\n\n\n\n<div class=\"wp-block-group is-layout-constrained wp-block-group-is-layout-constrained\">\n<div data-wp-context=\"{ &quot;autoclose&quot;: false, &quot;accordionItems&quot;: [] }\" data-wp-interactive=\"core\/accordion\" role=\"group\" class=\"wp-block-accordion is-layout-flow wp-block-accordion-is-layout-flow\">\n<div data-wp-class--is-open=\"state.isOpen\" data-wp-context=\"{ &quot;id&quot;: &quot;accordion-item-3&quot;, &quot;openByDefault&quot;: false }\" data-wp-init=\"callbacks.initAccordionItems\" data-wp-on-window--hashchange=\"callbacks.hashChange\" class=\"wp-block-accordion-item is-layout-flow wp-block-accordion-item-is-layout-flow\">\n<h3 class=\"wp-block-accordion-heading has-background has-medium-font-size\" style=\"background-color:#d6d6ff\"><button aria-expanded=\"false\" aria-controls=\"accordion-item-3-panel\" data-wp-bind--aria-expanded=\"state.isOpen\" data-wp-on--click=\"actions.toggle\" data-wp-on--keydown=\"actions.handleKeyDown\" id=\"accordion-item-3\" type=\"button\" class=\"wp-block-accordion-heading__toggle\"><span class=\"wp-block-accordion-heading__toggle-title\">VINKKI<\/span><span class=\"wp-block-accordion-heading__toggle-icon\" aria-hidden=\"true\">+<\/span><\/button><\/h3>\n\n\n\n<div inert aria-labelledby=\"accordion-item-3\" data-wp-bind--inert=\"!state.isOpen\" id=\"accordion-item-3-panel\" role=\"region\" class=\"wp-block-accordion-panel is-layout-flow wp-block-accordion-panel-is-layout-flow\">\n<p>Vuokaavio mallintaa ohjelmaa, joka ensin pyyt\u00e4\u00e4 k\u00e4ytt\u00e4j\u00e4lt\u00e4 sy\u00f6tteen (lempiel\u00e4in) ja sen j\u00e4lkeen tulostaa annetun vastauksen.<\/p>\n\n\n\n<details class=\"wp-block-details is-layout-flow wp-block-details-is-layout-flow\"><summary>Ohjelma koodina:<\/summary>\n<pre class=\"wp-block-code\"><code>lemppari=input(\"Mik\u00e4 on lempiel\u00e4imesi\")\nprint(lemppari)<\/code><\/pre>\n<\/details>\n<\/div>\n<\/div>\n<\/div>\n\n\n\n<div data-wp-context=\"{ &quot;autoclose&quot;: false, &quot;accordionItems&quot;: [] }\" data-wp-interactive=\"core\/accordion\" role=\"group\" class=\"wp-block-accordion is-layout-flow wp-block-accordion-is-layout-flow\">\n<div data-wp-class--is-open=\"state.isOpen\" data-wp-context=\"{ &quot;id&quot;: &quot;accordion-item-4&quot;, &quot;openByDefault&quot;: false }\" data-wp-init=\"callbacks.initAccordionItems\" data-wp-on-window--hashchange=\"callbacks.hashChange\" class=\"wp-block-accordion-item is-layout-flow wp-block-accordion-item-is-layout-flow\">\n<h3 class=\"wp-block-accordion-heading has-background has-medium-font-size\" style=\"background-color:#d6d6ff\"><button aria-expanded=\"false\" aria-controls=\"accordion-item-4-panel\" data-wp-bind--aria-expanded=\"state.isOpen\" data-wp-on--click=\"actions.toggle\" data-wp-on--keydown=\"actions.handleKeyDown\" id=\"accordion-item-4\" type=\"button\" class=\"wp-block-accordion-heading__toggle\"><span class=\"wp-block-accordion-heading__toggle-title\">Vastaus<\/span><span class=\"wp-block-accordion-heading__toggle-icon\" aria-hidden=\"true\">+<\/span><\/button><\/h3>\n\n\n\n<div inert aria-labelledby=\"accordion-item-4\" data-wp-bind--inert=\"!state.isOpen\" id=\"accordion-item-4-panel\" role=\"region\" class=\"wp-block-accordion-panel is-layout-flow wp-block-accordion-panel-is-layout-flow\">\n<div class=\"wp-block-group is-vertical is-layout-flex wp-container-core-group-is-layout-fe9cc265 wp-block-group-is-layout-flex\">\n<figure class=\"wp-block-image size-full is-resized\"><img loading=\"lazy\" decoding=\"async\" width=\"286\" height=\"514\" src=\"https:\/\/blog.edu.turku.fi\/allu\/files\/2026\/04\/FD3B3ED4-0CA7-4B76-BF7E-302747D31C11.png\" alt=\"Aloitus (Aloitus)\n\u2192 Sy\u00f6te (Sy\u00f6t\u00e4 lempiel\u00e4imesi)\n\u2192 Tuloste (Tulosta sy\u00f6tetty el\u00e4in)\n\u2192 Lopetus (Lopetus)\n\" class=\"wp-image-3163\" style=\"aspect-ratio:0.6152252191045587;width:241px;height:auto\" srcset=\"https:\/\/blog.edu.turku.fi\/allu\/files\/2026\/04\/FD3B3ED4-0CA7-4B76-BF7E-302747D31C11.png 286w, https:\/\/blog.edu.turku.fi\/allu\/files\/2026\/04\/FD3B3ED4-0CA7-4B76-BF7E-302747D31C11-167x300.png 167w\" sizes=\"auto, (max-width: 286px) 100vw, 286px\" \/><\/figure>\n\n\n\n<p class=\"has-black-color has-text-color has-link-color wp-elements-dae8cab51c97890c0c79dd94d2a367b8\" style=\"font-size:16px\">K\u00e4yt\u00e4th\u00e4n sy\u00f6te\u2011\/tulostesymbolia, etk\u00e4 tavallista prosessisymbolia.<br>Jos kirjasarjassasi sy\u00f6te\u2011\/tulostesymbolia ei ole esitelty, voit k\u00e4ytt\u00e4\u00e4 prosessisymbolia.<\/p>\n\n\n\n<figure class=\"wp-block-image size-full is-resized\"><img loading=\"lazy\" decoding=\"async\" width=\"360\" height=\"146\" src=\"https:\/\/blog.edu.turku.fi\/allu\/files\/2026\/03\/F932C304-3055-4A64-B6EE-53B3F010894A.png\" alt=\"Kuva, jossa visuaalisoidaan, ett\u00e4 k\u00e4yt\u00e4 sy\u00f6te\/tuloste-symbolia, ei prosessisymbolia\" class=\"wp-image-1169\" style=\"aspect-ratio:2.4659103071818476;width:295px;height:auto\" srcset=\"https:\/\/blog.edu.turku.fi\/allu\/files\/2026\/03\/F932C304-3055-4A64-B6EE-53B3F010894A.png 360w, https:\/\/blog.edu.turku.fi\/allu\/files\/2026\/03\/F932C304-3055-4A64-B6EE-53B3F010894A-300x122.png 300w\" sizes=\"auto, (max-width: 360px) 100vw, 360px\" \/><\/figure>\n\n\n\n<p class=\"has-black-color has-text-color has-link-color wp-elements-46412a49e3a114a0df6bee69c6522f0a\" style=\"font-size:16px\">Ohjelma koodina: Voit kokeilla Abi Codessa kopioimalla alla olevan koodin:<\/p>\n\n\n\n<pre class=\"wp-block-code has-black-color has-text-color has-link-color wp-elements-2daf0f8ad7449c45a4fa2309f0be8336\" style=\"font-size:16px\"><code>lemppari=input(\"Mik\u00e4 on lempiel\u00e4imesi\")\nprint(lemppari)<\/code><\/pre>\n<\/div>\n<\/div>\n<\/div>\n<\/div>\n<\/div>\n\n\n\n<p><\/p>\n","protected":false},"excerpt":{"rendered":"<p>Vuokaaviot \u2013 perus teht\u00e4v\u00e4t Teht\u00e4v\u00e4 1. Tee vuokaavio kouluun her\u00e4\u00e4misest\u00e4. Jos ei ole pakko nousta, jatka makoilua. Muuten nouse yl\u00f6s. Teht\u00e4v\u00e4 2. Tee vuokaavio kerman vispaamisesta. Jos kerma ei ole kuohkea, jatka vispaamista. Teht\u00e4v\u00e4 3. Tee vuokaavio, jossa kysyt\u00e4\u00e4n k\u00e4ytt\u00e4j\u00e4lt\u00e4<\/p>\n","protected":false},"author":3744,"featured_media":0,"parent":358,"menu_order":0,"comment_status":"closed","ping_status":"closed","template":"","meta":{"footnotes":""},"class_list":["post-387","page","type-page","status-publish","hentry"],"_links":{"self":[{"href":"https:\/\/blog.edu.turku.fi\/allu\/wp-json\/wp\/v2\/pages\/387","targetHints":{"allow":["GET"]}}],"collection":[{"href":"https:\/\/blog.edu.turku.fi\/allu\/wp-json\/wp\/v2\/pages"}],"about":[{"href":"https:\/\/blog.edu.turku.fi\/allu\/wp-json\/wp\/v2\/types\/page"}],"author":[{"embeddable":true,"href":"https:\/\/blog.edu.turku.fi\/allu\/wp-json\/wp\/v2\/users\/3744"}],"replies":[{"embeddable":true,"href":"https:\/\/blog.edu.turku.fi\/allu\/wp-json\/wp\/v2\/comments?post=387"}],"version-history":[{"count":26,"href":"https:\/\/blog.edu.turku.fi\/allu\/wp-json\/wp\/v2\/pages\/387\/revisions"}],"predecessor-version":[{"id":3171,"href":"https:\/\/blog.edu.turku.fi\/allu\/wp-json\/wp\/v2\/pages\/387\/revisions\/3171"}],"up":[{"embeddable":true,"href":"https:\/\/blog.edu.turku.fi\/allu\/wp-json\/wp\/v2\/pages\/358"}],"wp:attachment":[{"href":"https:\/\/blog.edu.turku.fi\/allu\/wp-json\/wp\/v2\/media?parent=387"}],"curies":[{"name":"wp","href":"https:\/\/api.w.org\/{rel}","templated":true}]}}