{"id":358,"date":"2026-02-24T14:22:11","date_gmt":"2026-02-24T12:22:11","guid":{"rendered":"https:\/\/blog.edu.turku.fi\/allu\/?page_id=358"},"modified":"2026-04-10T12:36:54","modified_gmt":"2026-04-10T09:36:54","slug":"vuokaaviot","status":"publish","type":"page","link":"https:\/\/blog.edu.turku.fi\/allu\/sivu-1\/algoritmit\/vuokaaviot\/","title":{"rendered":"Vuokaaviot"},"content":{"rendered":"\n<div class=\"wp-block-buttons is-layout-flex wp-block-buttons-is-layout-flex\">\n<div class=\"wp-block-button\"><a class=\"wp-block-button__link has-black-color has-text-color has-background has-link-color wp-element-button\" href=\"https:\/\/blog.edu.turku.fi\/allu\/sivu-1\/algoritmit\" style=\"background-color:#d6d6ff\">Palaa takaisin<\/a><\/div>\n<\/div>\n\n\n\n<div style=\"height:43px\" aria-hidden=\"true\" class=\"wp-block-spacer\"><\/div>\n\n\n\n<h2 class=\"wp-block-heading has-text-color has-link-color wp-elements-a623bf8419774a32d8a47247812e2af1\" style=\"color:#4e56b1\"><strong>Vuokaaviot<\/strong><\/h2>\n\n\n\n<div style=\"height:20px\" aria-hidden=\"true\" class=\"wp-block-spacer\"><\/div>\n\n\n\n<p>Ymm\u00e4rr\u00e4th\u00e4n n\u00e4m\u00e4 symbolit ennen aloittamista. Sy\u00f6te-\/tulostesymbolia ei esitell\u00e4 kaikissa pitk\u00e4n matematiikan kirjasarjoissa.<\/p>\n\n\n\n<figure class=\"wp-block-image size-full\"><img loading=\"lazy\" decoding=\"async\" width=\"907\" height=\"157\" src=\"https:\/\/blog.edu.turku.fi\/allu\/files\/2026\/03\/A97AB388-6505-4778-91A8-1749DE870BA4.png\" alt=\"Py\u00f6ristetty suorakulmio (Aloitus\/Lopetus), nuoli, jossa lukee Kulkusuunta, vinonainen paralelogrammi (Sy\u00f6te\/Tuloste), suorakulmio (Prosessi) ja vinoneli\u00f6 (Valinta), josta l\u00e4htee haarat Kyll\u00e4 ja Ei.&quot;\n\" class=\"wp-image-1139\" srcset=\"https:\/\/blog.edu.turku.fi\/allu\/files\/2026\/03\/A97AB388-6505-4778-91A8-1749DE870BA4.png 907w, https:\/\/blog.edu.turku.fi\/allu\/files\/2026\/03\/A97AB388-6505-4778-91A8-1749DE870BA4-300x52.png 300w, https:\/\/blog.edu.turku.fi\/allu\/files\/2026\/03\/A97AB388-6505-4778-91A8-1749DE870BA4-768x133.png 768w\" sizes=\"auto, (max-width: 907px) 100vw, 907px\" \/><\/figure>\n\n\n\n<div class=\"wp-block-group is-layout-constrained wp-block-group-is-layout-constrained\">\n<div data-wp-context=\"{ &quot;autoclose&quot;: false, &quot;accordionItems&quot;: [] }\" data-wp-interactive=\"core\/accordion\" role=\"group\" class=\"wp-block-accordion is-layout-flow wp-block-accordion-is-layout-flow\">\n<div data-wp-class--is-open=\"state.isOpen\" data-wp-context=\"{ &quot;id&quot;: &quot;accordion-item-1&quot;, &quot;openByDefault&quot;: false }\" data-wp-init=\"callbacks.initAccordionItems\" data-wp-on-window--hashchange=\"callbacks.hashChange\" class=\"wp-block-accordion-item is-layout-flow wp-block-accordion-item-is-layout-flow\">\n<h3 class=\"wp-block-accordion-heading has-background has-medium-font-size\" style=\"background-color:#d6d6ff\"><button aria-expanded=\"false\" aria-controls=\"accordion-item-1-panel\" data-wp-bind--aria-expanded=\"state.isOpen\" data-wp-on--click=\"actions.toggle\" data-wp-on--keydown=\"actions.handleKeyDown\" id=\"accordion-item-1\" type=\"button\" class=\"wp-block-accordion-heading__toggle\"><span class=\"wp-block-accordion-heading__toggle-title\">Symbolit esiteltyn\u00e4:<\/span><span class=\"wp-block-accordion-heading__toggle-icon\" aria-hidden=\"true\">+<\/span><\/button><\/h3>\n\n\n\n<div inert aria-labelledby=\"accordion-item-1\" data-wp-bind--inert=\"!state.isOpen\" id=\"accordion-item-1-panel\" role=\"region\" class=\"wp-block-accordion-panel is-layout-flow wp-block-accordion-panel-is-layout-flow\">\n<div data-wp-interactive=\"core\/file\" class=\"wp-block-file\"><object data-wp-bind--hidden=\"!state.hasPdfPreview\" hidden class=\"wp-block-file__embed\" data=\"https:\/\/blog.edu.turku.fi\/allu\/files\/2026\/04\/Symbolit_esiteltyna.pdf\" type=\"application\/pdf\" style=\"width:100%;height:600px\" aria-label=\"Tiedoston Symbolit_esiteltyn\u00e4 upotus.\"><\/object><a id=\"wp-block-file--media-7da2ee87-c0c9-4e81-a45f-1d639f4e1cd1\" href=\"https:\/\/blog.edu.turku.fi\/allu\/files\/2026\/04\/Symbolit_esiteltyna.pdf\">Symbolit_esiteltyn\u00e4<\/a><a href=\"https:\/\/blog.edu.turku.fi\/allu\/files\/2026\/04\/Symbolit_esiteltyna.pdf\" class=\"wp-block-file__button wp-element-button\" download aria-describedby=\"wp-block-file--media-7da2ee87-c0c9-4e81-a45f-1d639f4e1cd1\">Lataa<\/a><\/div>\n<\/div>\n<\/div>\n<\/div>\n\n\n\n<div data-wp-context=\"{ &quot;autoclose&quot;: false, &quot;accordionItems&quot;: [] }\" data-wp-interactive=\"core\/accordion\" role=\"group\" class=\"wp-block-accordion is-layout-flow wp-block-accordion-is-layout-flow\">\n<div data-wp-class--is-open=\"state.isOpen\" data-wp-context=\"{ &quot;id&quot;: &quot;accordion-item-2&quot;, &quot;openByDefault&quot;: false }\" data-wp-init=\"callbacks.initAccordionItems\" data-wp-on-window--hashchange=\"callbacks.hashChange\" class=\"wp-block-accordion-item is-layout-flow wp-block-accordion-item-is-layout-flow\">\n<h3 class=\"wp-block-accordion-heading has-background has-medium-font-size\" style=\"background-color:#d6d6ff\"><button aria-expanded=\"false\" aria-controls=\"accordion-item-2-panel\" data-wp-bind--aria-expanded=\"state.isOpen\" data-wp-on--click=\"actions.toggle\" data-wp-on--keydown=\"actions.handleKeyDown\" id=\"accordion-item-2\" type=\"button\" class=\"wp-block-accordion-heading__toggle\"><span class=\"wp-block-accordion-heading__toggle-title\">Ohjeita vuokaavion piirt\u00e4miseen<\/span><span class=\"wp-block-accordion-heading__toggle-icon\" aria-hidden=\"true\">+<\/span><\/button><\/h3>\n\n\n\n<div inert aria-labelledby=\"accordion-item-2\" data-wp-bind--inert=\"!state.isOpen\" id=\"accordion-item-2-panel\" role=\"region\" class=\"wp-block-accordion-panel is-layout-flow wp-block-accordion-panel-is-layout-flow\">\n<div data-wp-interactive=\"core\/file\" class=\"wp-block-file\"><object data-wp-bind--hidden=\"!state.hasPdfPreview\" hidden class=\"wp-block-file__embed\" data=\"https:\/\/blog.edu.turku.fi\/allu\/files\/2026\/04\/Ohjeita_vuokaavion_piirtamiseen.pdf\" type=\"application\/pdf\" style=\"width:100%;height:600px\" aria-label=\"Tiedoston Ohjeita_vuokaavion_piirt\u00e4miseen upotus.\"><\/object><a id=\"wp-block-file--media-0155ad10-3971-4645-bc3a-b49053926f42\" href=\"https:\/\/blog.edu.turku.fi\/allu\/files\/2026\/04\/Ohjeita_vuokaavion_piirtamiseen.pdf\">Ohjeita_vuokaavion_piirt\u00e4miseen<\/a><a href=\"https:\/\/blog.edu.turku.fi\/allu\/files\/2026\/04\/Ohjeita_vuokaavion_piirtamiseen.pdf\" class=\"wp-block-file__button wp-element-button\" download aria-describedby=\"wp-block-file--media-0155ad10-3971-4645-bc3a-b49053926f42\">Lataa<\/a><\/div>\n<\/div>\n<\/div>\n<\/div>\n<\/div>\n\n\n\n<div style=\"height:16px\" aria-hidden=\"true\" class=\"wp-block-spacer\"><\/div>\n\n\n\n<details class=\"wp-block-details has-black-color has-text-color has-background is-layout-flow wp-container-core-details-is-layout-8a368f38 wp-block-details-is-layout-flow\" style=\"background-color:#d6d6ff;font-size:22px\"><summary>Teht\u00e4v\u00e4: Rakenna vuokaavio :<\/summary>\n<p><br>Aloita valitsemalla oikeat symbolit ja ved\u00e4 ne paikoilleen. Sen j\u00e4lkeen ved\u00e4 teksti symbolien p\u00e4\u00e4lle.<br>Huomio, ett\u00e4 teksti ei v\u00e4ltt\u00e4m\u00e4tt\u00e4 mahdu kokonaan symbolin sis\u00e4lle.<\/p>\n\n\n\n<p>Prosessi\u2011 ja sy\u00f6te \/ tuloste\u2011symbolit voisivat olla my\u00f6s toisin p\u00e4in, mutta ohjelma ei tarjonnut siihen mahdollisuutta. Sy\u00f6te \/ tuloste-symboli tulee ennen prosessisymbolia. Kannattaa painaa Ctrl ja \u2013 samaan aikaan, jotta saat koko rakenteen n\u00e4kyviin. (Ohjelma ei antanut tehd\u00e4 teht\u00e4v\u00e4\u00e4 pienemm\u00e4ss\u00e4 n\u00e4kym\u00e4ss\u00e4)<\/p>\n\n\n\n<div class=\"wp-block-group is-layout-constrained wp-block-group-is-layout-constrained\"><div class=\"h5p-iframe-wrapper\"><iframe id=\"h5p-iframe-12\" class=\"h5p-iframe\" data-content-id=\"12\" style=\"height:1px\" src=\"about:blank\" frameBorder=\"0\" scrolling=\"no\" title=\"Vuokaavioteht\u00e4v\u00e4\"><\/iframe><\/div>\n<\/div>\n<\/details>\n\n\n\n<div style=\"height:43px\" aria-hidden=\"true\" class=\"wp-block-spacer\"><\/div>\n\n\n\n<p class=\"has-text-color has-link-color wp-elements-9b8b8c1ce71dd6dd2eb89de23499e5d5\" style=\"color:#4e56b1;font-size:18px\"><strong>Teht\u00e4v\u00e4t on jaettu kolmeen eri vaikeustasoon. Valitse alta sinulle sopiva taso.<\/strong><\/p>\n\n\n\n<div class=\"wp-block-buttons is-layout-flex wp-block-buttons-is-layout-flex\">\n<div class=\"wp-block-button has-custom-width wp-block-button__width-75\"><a class=\"wp-block-button__link has-black-color has-text-color has-background has-link-color wp-element-button\" href=\"https:\/\/blog.edu.turku.fi\/allu\/sivu-1\/algoritmit\/vuokaaviot\/vuokaaviot_helpot\/\" style=\"background-color:#e6f3b7\">Helppo<\/a><\/div>\n\n\n\n<div class=\"wp-block-button has-custom-width wp-block-button__width-75\"><a class=\"wp-block-button__link has-black-color has-text-color has-background has-link-color wp-element-button\" href=\"https:\/\/blog.edu.turku.fi\/allu\/sivu-1\/algoritmit\/vuokaaviot\/vuokaaviot_perus\/\" style=\"background-color:#d6d6ff\">Perus<\/a><\/div>\n\n\n\n<div class=\"wp-block-button has-custom-width wp-block-button__width-75\"><a class=\"wp-block-button__link has-black-color has-text-color has-background has-link-color wp-element-button\" href=\"https:\/\/blog.edu.turku.fi\/allu\/sivu-1\/algoritmit\/vuokaaviot\/vuokaaviot_vaikeat\/\" style=\"background-color:#fcd8c8\">Vaikea<\/a><\/div>\n<\/div>\n\n\n\n<p><\/p>\n","protected":false},"excerpt":{"rendered":"<p>Vuokaaviot Ymm\u00e4rr\u00e4th\u00e4n n\u00e4m\u00e4 symbolit ennen aloittamista. Sy\u00f6te-\/tulostesymbolia ei esitell\u00e4 kaikissa pitk\u00e4n matematiikan kirjasarjoissa. Teht\u00e4v\u00e4t on jaettu kolmeen eri vaikeustasoon. Valitse alta sinulle sopiva taso.<\/p>\n","protected":false},"author":3744,"featured_media":0,"parent":105,"menu_order":0,"comment_status":"closed","ping_status":"closed","template":"","meta":{"footnotes":""},"class_list":["post-358","page","type-page","status-publish","hentry"],"_links":{"self":[{"href":"https:\/\/blog.edu.turku.fi\/allu\/wp-json\/wp\/v2\/pages\/358","targetHints":{"allow":["GET"]}}],"collection":[{"href":"https:\/\/blog.edu.turku.fi\/allu\/wp-json\/wp\/v2\/pages"}],"about":[{"href":"https:\/\/blog.edu.turku.fi\/allu\/wp-json\/wp\/v2\/types\/page"}],"author":[{"embeddable":true,"href":"https:\/\/blog.edu.turku.fi\/allu\/wp-json\/wp\/v2\/users\/3744"}],"replies":[{"embeddable":true,"href":"https:\/\/blog.edu.turku.fi\/allu\/wp-json\/wp\/v2\/comments?post=358"}],"version-history":[{"count":54,"href":"https:\/\/blog.edu.turku.fi\/allu\/wp-json\/wp\/v2\/pages\/358\/revisions"}],"predecessor-version":[{"id":3198,"href":"https:\/\/blog.edu.turku.fi\/allu\/wp-json\/wp\/v2\/pages\/358\/revisions\/3198"}],"up":[{"embeddable":true,"href":"https:\/\/blog.edu.turku.fi\/allu\/wp-json\/wp\/v2\/pages\/105"}],"wp:attachment":[{"href":"https:\/\/blog.edu.turku.fi\/allu\/wp-json\/wp\/v2\/media?parent=358"}],"curies":[{"name":"wp","href":"https:\/\/api.w.org\/{rel}","templated":true}]}}