{"id":2821,"date":"2026-04-02T09:35:40","date_gmt":"2026-04-02T06:35:40","guid":{"rendered":"https:\/\/blog.edu.turku.fi\/allu\/?page_id=2821"},"modified":"2026-04-13T12:34:45","modified_gmt":"2026-04-13T09:34:45","slug":"muut_lisamateriaalit","status":"publish","type":"page","link":"https:\/\/blog.edu.turku.fi\/allu\/sivu-1\/muut_lisamateriaalit\/","title":{"rendered":"Muut lis\u00e4materiaalit"},"content":{"rendered":"\n<div class=\"wp-block-buttons is-layout-flex wp-block-buttons-is-layout-flex\">\n<div class=\"wp-block-button\"><a class=\"wp-block-button__link has-black-color has-text-color has-background has-link-color wp-element-button\" href=\"https:\/\/blog.edu.turku.fi\/allu\/sivu-1\/\" style=\"background-color:#d6d6ff\">Palaa takaisin<\/a><\/div>\n<\/div>\n\n\n\n<div style=\"height:43px\" aria-hidden=\"true\" class=\"wp-block-spacer\"><\/div>\n\n\n\n<h2 class=\"wp-block-heading\">Muut lis\u00e4materiaalit<\/h2>\n\n\n\n<div style=\"height:43px\" aria-hidden=\"true\" class=\"wp-block-spacer\"><\/div>\n\n\n\n<h3 class=\"wp-block-heading has-medium-font-size\">Lego-robotit:<\/h3>\n\n\n\n<ul class=\"wp-block-list\">\n<li><a href=\"https:\/\/aoe.fi\/#\/materiaali\/3115\">MAA11-opintojakson ohjelmointiosuus: Python ja Lego-robotit &#8211; Avointen oppimateriaalien kirjasto (aoe.fi)<\/a> (Lego Mindstorms)<\/li>\n\n\n\n<li><a href=\"https:\/\/www.robotiikkajatiedekasvatus.org\/toiminta\/materiaalit\/lego-robotin-ohjelmontiharjoituksia\/\">Lego-robotin ohjelmontiharjoituksia &#8211; Robotiikka- ja tiedekasvatus ry<\/a> (Lego Education Spike lohkomuotoisesti)<\/li>\n\n\n\n<li><a href=\"https:\/\/koodimatskut.fi\/\">Koodimatskut &#8211;\u00a0Ohjelmoinnin oppimateriaaleja alakouluille<\/a> (Virtuaalisesti Lego-robotin tyylisi\u00e4 teht\u00e4vi\u00e4)<\/li>\n\n\n\n<li><a href=\"https:\/\/www.innokas.fi\/materiaalit\/robotit-fysiikan-opetuksessa\/\">Lego EV3: Robotit fysiikan opetuksessa \u2013 Innokas<\/a> (Lego Mindstorms)<\/li>\n\n\n\n<li><a href=\"https:\/\/peda.net\/jyvaskyla\/ict\/palvelut\/ohjelmointi-robotiikka\/marhle\/valmistelut\"><\/a><a href=\"https:\/\/peda.net\/jyvaskyla\/ict\/palvelut\/ohjelmointi-robotiikka\/marhle\">Lego EV3 robotiikkaa peruskouluun<\/a> (Lego Mindstorms)<\/li>\n<\/ul>\n\n\n\n<div style=\"height:43px\" aria-hidden=\"true\" class=\"wp-block-spacer\"><\/div>\n\n\n\n<h3 class=\"wp-block-heading has-medium-font-size\">Matematiikka ja ohjelmointi:<\/h3>\n\n\n\n<ul class=\"wp-block-list\">\n<li><a href=\"https:\/\/tie.koodariksi.fi\/maa11\/\">Tie koodariksi &#8211; MAA11 Algoritmit ja lukuteoria<\/a><\/li>\n\n\n\n<li><a href=\"https:\/\/matikka.omaantahtiin.com\/pitkamatikka\/maa11\">MAA11 &#8211; Eiran aikuislukio<\/a><\/li>\n\n\n\n<li><a href=\"https:\/\/ohjelmointi-26.mooc.fi\/\">MOOC &#8211; Ohjelmoinnin perusteet ja jatkokurssi 2026<\/a><\/li>\n\n\n\n<li><a href=\"https:\/\/aoe.fi\/#\/materiaali\/338\">Ohjelmointia matematiikan opetukseen &#8211; LUMATIKKA<\/a><\/li>\n\n\n\n<li><a href=\"https:\/\/www.ohjelmointiputka.net\/oppaat\/opas.php?tunnus=python3_01\">Ohjelmointiputka: Oppaat: Python-ohjelmointi: Osa 1 &#8211; Ensimm\u00e4inen ohjelma<\/a><\/li>\n<\/ul>\n\n\n\n<div style=\"height:43px\" aria-hidden=\"true\" class=\"wp-block-spacer\"><\/div>\n\n\n\n<h3 class=\"wp-block-heading has-medium-font-size\">ViLLE-kurssit:<\/h3>\n\n\n\n<ul class=\"wp-block-list\">\n<li>Ohjelmointi, lukion jatkokurssi (Java) 2025\u20132026 (Syvent\u00e4v\u00e4, ei Python. MAA11)<\/li>\n\n\n\n<li>Ohjelmointi, lukion peruskurssi (Python) 2025\u20132026 <\/li>\n\n\n\n<li>Tietotekniikka ja kyberturvallisuus 2025\u20132026 (Sis\u00e4lt\u00e4\u00e4 MAA11 matikkaosuuksia my\u00f6s!)<\/li>\n<\/ul>\n\n\n\n<p><\/p>\n","protected":false},"excerpt":{"rendered":"<p>Muut lis\u00e4materiaalit Lego-robotit: Matematiikka ja ohjelmointi: ViLLE-kurssit:<\/p>\n","protected":false},"author":3744,"featured_media":0,"parent":4,"menu_order":0,"comment_status":"closed","ping_status":"closed","template":"","meta":{"footnotes":""},"class_list":["post-2821","page","type-page","status-publish","hentry"],"_links":{"self":[{"href":"https:\/\/blog.edu.turku.fi\/allu\/wp-json\/wp\/v2\/pages\/2821","targetHints":{"allow":["GET"]}}],"collection":[{"href":"https:\/\/blog.edu.turku.fi\/allu\/wp-json\/wp\/v2\/pages"}],"about":[{"href":"https:\/\/blog.edu.turku.fi\/allu\/wp-json\/wp\/v2\/types\/page"}],"author":[{"embeddable":true,"href":"https:\/\/blog.edu.turku.fi\/allu\/wp-json\/wp\/v2\/users\/3744"}],"replies":[{"embeddable":true,"href":"https:\/\/blog.edu.turku.fi\/allu\/wp-json\/wp\/v2\/comments?post=2821"}],"version-history":[{"count":25,"href":"https:\/\/blog.edu.turku.fi\/allu\/wp-json\/wp\/v2\/pages\/2821\/revisions"}],"predecessor-version":[{"id":3243,"href":"https:\/\/blog.edu.turku.fi\/allu\/wp-json\/wp\/v2\/pages\/2821\/revisions\/3243"}],"up":[{"embeddable":true,"href":"https:\/\/blog.edu.turku.fi\/allu\/wp-json\/wp\/v2\/pages\/4"}],"wp:attachment":[{"href":"https:\/\/blog.edu.turku.fi\/allu\/wp-json\/wp\/v2\/media?parent=2821"}],"curies":[{"name":"wp","href":"https:\/\/api.w.org\/{rel}","templated":true}]}}