{"id":187,"date":"2026-02-24T07:20:04","date_gmt":"2026-02-24T05:20:04","guid":{"rendered":"https:\/\/blog.edu.turku.fi\/allu\/?page_id=187"},"modified":"2026-03-30T14:28:09","modified_gmt":"2026-03-30T11:28:09","slug":"ohjelmoinnin_aiheet","status":"publish","type":"page","link":"https:\/\/blog.edu.turku.fi\/allu\/sivu-1\/ohjelmoinnin_aiheet\/","title":{"rendered":"Ohjelmointi"},"content":{"rendered":"\n<div class=\"wp-block-buttons is-layout-flex wp-block-buttons-is-layout-flex\">\n<div class=\"wp-block-button\"><a class=\"wp-block-button__link has-black-color has-text-color has-background has-link-color wp-element-button\" href=\"https:\/\/blog.edu.turku.fi\/allu\/sivu-1\/\" style=\"background-color:#d6d6ff\">Palaa takaisin<\/a><\/div>\n<\/div>\n\n\n\n<div style=\"height:43px\" aria-hidden=\"true\" class=\"wp-block-spacer\"><\/div>\n\n\n\n<h2 class=\"wp-block-heading has-text-color has-link-color wp-elements-f9cdbf2d5b997bfdf399e1458f9ecb31\" style=\"color:#4e56b1\"><strong>Ohjelmointi &#8211; teht\u00e4vien aiheet<\/strong><\/h2>\n\n\n\n<div style=\"height:43px\" aria-hidden=\"true\" class=\"wp-block-spacer\"><\/div>\n\n\n\n<div data-wp-context=\"{ &quot;autoclose&quot;: false, &quot;accordionItems&quot;: [] }\" data-wp-interactive=\"core\/accordion\" role=\"group\" class=\"wp-block-accordion is-layout-flow wp-block-accordion-is-layout-flow\">\n<div data-wp-class--is-open=\"state.isOpen\" data-wp-context=\"{ &quot;id&quot;: &quot;accordion-item-1&quot;, &quot;openByDefault&quot;: false }\" data-wp-init=\"callbacks.initAccordionItems\" data-wp-on-window--hashchange=\"callbacks.hashChange\" class=\"wp-block-accordion-item is-layout-flow wp-block-accordion-item-is-layout-flow\">\n<h3 class=\"wp-block-accordion-heading has-background has-medium-font-size\" style=\"border-style:none;border-width:0px;border-top-left-radius:0px;border-top-right-radius:0px;border-bottom-left-radius:0px;border-bottom-right-radius:0px;background-color:#d6d6ff\"><button aria-expanded=\"false\" aria-controls=\"accordion-item-1-panel\" data-wp-bind--aria-expanded=\"state.isOpen\" data-wp-on--click=\"actions.toggle\" data-wp-on--keydown=\"actions.handleKeyDown\" id=\"accordion-item-1\" type=\"button\" class=\"wp-block-accordion-heading__toggle\"><span class=\"wp-block-accordion-heading__toggle-title\">Ohje: miten teet ohjelmointiteht\u00e4v\u00e4t<\/span><span class=\"wp-block-accordion-heading__toggle-icon\" aria-hidden=\"true\">+<\/span><\/button><\/h3>\n\n\n\n<div inert aria-labelledby=\"accordion-item-1\" data-wp-bind--inert=\"!state.isOpen\" id=\"accordion-item-1-panel\" role=\"region\" class=\"wp-block-accordion-panel is-layout-flow wp-block-accordion-panel-is-layout-flow\">\n<div data-wp-interactive=\"core\/file\" class=\"wp-block-file has-link-color wp-elements-fa2afbdccd1667abbbc230f5990322e8\"><object data-wp-bind--hidden=\"!state.hasPdfPreview\" hidden class=\"wp-block-file__embed\" data=\"https:\/\/blog.edu.turku.fi\/allu\/files\/2026\/03\/Ohjelmointi-ohjeet-1.pdf\" type=\"application\/pdf\" style=\"width:100%;height:600px\" aria-label=\"Tiedoston Ohjelmointi ohjeet upotus.\"><\/object><a id=\"wp-block-file--media-426609a4-b371-45ff-8eb5-77c812d6f0e4\" href=\"https:\/\/blog.edu.turku.fi\/allu\/files\/2026\/03\/Ohjelmointi-ohjeet-1.pdf\">Ohjelmointi ohjeet<\/a><a href=\"https:\/\/blog.edu.turku.fi\/allu\/files\/2026\/03\/Ohjelmointi-ohjeet-1.pdf\" class=\"wp-block-file__button wp-element-button\" download aria-describedby=\"wp-block-file--media-426609a4-b371-45ff-8eb5-77c812d6f0e4\">Lataa<\/a><\/div>\n<\/div>\n<\/div>\n<\/div>\n\n\n\n<div style=\"height:43px\" aria-hidden=\"true\" class=\"wp-block-spacer\"><\/div>\n\n\n\n<p class=\"has-text-color has-link-color wp-elements-e6fa5d7326de8a89527eb0d556990d38\" style=\"color:#4e56b1;font-size:18px\"><strong>Alla olevasta valikosta voit valita, mink\u00e4 ohjelmoinnin aiheen teht\u00e4vi\u00e4 haluat tehd\u00e4:<\/strong><\/p>\n\n\n\n<div class=\"wp-block-buttons is-content-justification-center is-layout-flex wp-container-core-buttons-is-layout-a89b3969 wp-block-buttons-is-layout-flex\">\n<div class=\"wp-block-button has-custom-width wp-block-button__width-100 is-style-fill\"><a class=\"wp-block-button__link has-black-color has-text-color has-background has-link-color has-medium-font-size has-custom-font-size wp-element-button\" href=\"https:\/\/blog.edu.turku.fi\/allu\/ohjelmoinnin-perusteet-tasot\/\" style=\"background-color:#d6d6ff\">Ohjelmoinnin perusteet<\/a><\/div>\n\n\n\n<div class=\"wp-block-button has-custom-width wp-block-button__width-100\"><a class=\"wp-block-button__link has-black-color has-text-color has-background has-link-color has-medium-font-size has-custom-font-size wp-element-button\" href=\"https:\/\/blog.edu.turku.fi\/allu\/sivu-1\/alaspain-eriyttava\/valinta_tasot\/\" style=\"background-color:#d6d6ff\">Valinta<\/a><\/div>\n\n\n\n<div class=\"wp-block-button has-custom-width wp-block-button__width-100\"><a class=\"wp-block-button__link has-black-color has-text-color has-background has-link-color has-medium-font-size has-custom-font-size wp-element-button\" href=\"https:\/\/blog.edu.turku.fi\/allu\/sivu-1\/alaspain-eriyttava\/toisto-tasot\/\" style=\"background-color:#d6d6ff\">Toisto<\/a><\/div>\n\n\n\n<div class=\"wp-block-button has-custom-width wp-block-button__width-100\"><a class=\"wp-block-button__link has-black-color has-text-color has-background has-link-color has-medium-font-size has-custom-font-size wp-element-button\" href=\"https:\/\/blog.edu.turku.fi\/allu\/sivu-1\/alaspain-eriyttava\/ohjelmointi\/\" style=\"background-color:#d6d6ff\">Funktio<\/a><\/div>\n\n\n\n<div class=\"wp-block-button has-custom-width wp-block-button__width-100\"><a class=\"wp-block-button__link has-black-color has-text-color has-background has-link-color has-medium-font-size has-custom-font-size wp-element-button\" href=\"https:\/\/blog.edu.turku.fi\/allu\/sivu-1\/ohjelmoinnin_aiheet\/ohjelmointi_kertaavat\/\" style=\"background-color:#d6d6ff\">Kertaus<\/a><\/div>\n<\/div>\n\n\n\n<div class=\"wp-block-buttons is-layout-flex wp-block-buttons-is-layout-flex\"><\/div>\n\n\n\n<p><\/p>\n","protected":false},"excerpt":{"rendered":"<p>Ohjelmointi &#8211; teht\u00e4vien aiheet Alla olevasta valikosta voit valita, mink\u00e4 ohjelmoinnin aiheen teht\u00e4vi\u00e4 haluat tehd\u00e4:<\/p>\n","protected":false},"author":3745,"featured_media":0,"parent":4,"menu_order":0,"comment_status":"closed","ping_status":"closed","template":"","meta":{"footnotes":""},"class_list":["post-187","page","type-page","status-publish","hentry"],"_links":{"self":[{"href":"https:\/\/blog.edu.turku.fi\/allu\/wp-json\/wp\/v2\/pages\/187","targetHints":{"allow":["GET"]}}],"collection":[{"href":"https:\/\/blog.edu.turku.fi\/allu\/wp-json\/wp\/v2\/pages"}],"about":[{"href":"https:\/\/blog.edu.turku.fi\/allu\/wp-json\/wp\/v2\/types\/page"}],"author":[{"embeddable":true,"href":"https:\/\/blog.edu.turku.fi\/allu\/wp-json\/wp\/v2\/users\/3745"}],"replies":[{"embeddable":true,"href":"https:\/\/blog.edu.turku.fi\/allu\/wp-json\/wp\/v2\/comments?post=187"}],"version-history":[{"count":34,"href":"https:\/\/blog.edu.turku.fi\/allu\/wp-json\/wp\/v2\/pages\/187\/revisions"}],"predecessor-version":[{"id":2683,"href":"https:\/\/blog.edu.turku.fi\/allu\/wp-json\/wp\/v2\/pages\/187\/revisions\/2683"}],"up":[{"embeddable":true,"href":"https:\/\/blog.edu.turku.fi\/allu\/wp-json\/wp\/v2\/pages\/4"}],"wp:attachment":[{"href":"https:\/\/blog.edu.turku.fi\/allu\/wp-json\/wp\/v2\/media?parent=187"}],"curies":[{"name":"wp","href":"https:\/\/api.w.org\/{rel}","templated":true}]}}