{"id":851,"date":"2021-09-08T08:35:06","date_gmt":"2021-09-08T05:35:06","guid":{"rendered":"https:\/\/blog.edu.turku.fi\/alkuopetus\/?page_id=851"},"modified":"2021-09-08T08:35:06","modified_gmt":"2021-09-08T05:35:06","slug":"hepokullan-pilotti-esi-ja-alkuopetuksenyhteistyo","status":"publish","type":"page","link":"https:\/\/blog.edu.turku.fi\/alkuopetus\/hepokullan-pilotti-esi-ja-alkuopetuksenyhteistyo\/","title":{"rendered":"Hepokullan pilotti: Esi- ja alkuopetuksenyhteisty\u00f6"},"content":{"rendered":"<p><a href=\"https:\/\/edumailturku-my.sharepoint.com\/:p:\/g\/personal\/inkeri_latvala_edu_turku_fi\/ERKLhkBaswtJpC7waaLtSCAB2sXn_niTsJhxsfkq5NO3bA?e=Quf5o8\">Esi- ja alkuopetuksen yhteisty\u00f6pilotti Powerpoint<\/a><\/p>\n<p>Powerpoint-esitys Hepokullan koulussa toteutetusta esi-ja alkuopetuksen yhteisty\u00f6st\u00e4.<\/p>\n","protected":false},"excerpt":{"rendered":"<p>Esi- ja alkuopetuksen yhteisty\u00f6pilotti Powerpoint Powerpoint-esitys Hepokullan koulussa toteutetusta esi-ja alkuopetuksen yhteisty\u00f6st\u00e4.<\/p>\n","protected":false},"author":2699,"featured_media":0,"parent":0,"menu_order":0,"comment_status":"closed","ping_status":"closed","template":"","meta":{"footnotes":""},"class_list":["post-851","page","type-page","status-publish","hentry"],"_links":{"self":[{"href":"https:\/\/blog.edu.turku.fi\/alkuopetus\/wp-json\/wp\/v2\/pages\/851","targetHints":{"allow":["GET"]}}],"collection":[{"href":"https:\/\/blog.edu.turku.fi\/alkuopetus\/wp-json\/wp\/v2\/pages"}],"about":[{"href":"https:\/\/blog.edu.turku.fi\/alkuopetus\/wp-json\/wp\/v2\/types\/page"}],"author":[{"embeddable":true,"href":"https:\/\/blog.edu.turku.fi\/alkuopetus\/wp-json\/wp\/v2\/users\/2699"}],"replies":[{"embeddable":true,"href":"https:\/\/blog.edu.turku.fi\/alkuopetus\/wp-json\/wp\/v2\/comments?post=851"}],"version-history":[{"count":1,"href":"https:\/\/blog.edu.turku.fi\/alkuopetus\/wp-json\/wp\/v2\/pages\/851\/revisions"}],"predecessor-version":[{"id":852,"href":"https:\/\/blog.edu.turku.fi\/alkuopetus\/wp-json\/wp\/v2\/pages\/851\/revisions\/852"}],"wp:attachment":[{"href":"https:\/\/blog.edu.turku.fi\/alkuopetus\/wp-json\/wp\/v2\/media?parent=851"}],"curies":[{"name":"wp","href":"https:\/\/api.w.org\/{rel}","templated":true}]}}