{"id":57,"date":"2014-09-28T17:00:18","date_gmt":"2014-09-28T14:00:18","guid":{"rendered":"https:\/\/blog.edu.turku.fi\/alkuopetus\/?page_id=57"},"modified":"2017-10-16T12:49:47","modified_gmt":"2017-10-16T09:49:47","slug":"hyodyllisia-linkkeja-matematiikan-opetukseen-2","status":"publish","type":"page","link":"https:\/\/blog.edu.turku.fi\/alkuopetus\/oppiainelinkit\/matematiikka\/hyodyllisia-linkkeja-matematiikan-opetukseen-2\/","title":{"rendered":"Hy\u00f6dyllisi\u00e4 linkkej\u00e4 matematiikan opetukseen"},"content":{"rendered":"<p><strong>Vinkkej\u00e4 ja ideoita toiminnalliseen matematiikan opetukseen:<\/strong><\/p>\n<p><a href=\"https:\/\/ouluma.fi\/sivu\/peruskoulu\/matematiikka-1-2\/\">OuLUMA<\/a><\/p>\n<p><a href=\"http:\/\/www.edu.fi\/nappituntuma\">http:\/\/www.edu.fi\/nappituntuma<\/a><\/p>\n<p><a href=\"http:\/\/lukujaliikkuen.fi\/\">http:\/\/lukujaliikkuen.fi\/<\/a><\/p>\n<p><a href=\"http:\/\/www.luma.fi\/summamutikka\/2623\">http:\/\/www.luma.fi\/summamutikka\/2623<\/a><\/p>\n<p><a href=\"https:\/\/blog.edu.turku.fi\/alkuopetus\/files\/2014\/09\/hajotelma-ja-0pallokortit_paivitetty1.pdf\" rel=\"\">hajotelma-ja-0pallokortit_paivitetty1<\/a><\/p>\n<p><strong>Kaikkea mahdollista matematiikasta (teht\u00e4vi\u00e4, koulutusta, materiaalia, testej\u00e4):<\/strong><\/p>\n<p><a href=\"http:\/\/www.opperi.fi\">http:\/\/www.opperi.fi\/<\/a><\/p>\n<p><a href=\"http:\/\/varganemenyi.fi\/\">Varga-Nem\u00e9nyi ry\u00a0<\/a>(paljon tulostettavaa materiaalia luokkaan)<\/p>\n<p><strong>Verkkoteht\u00e4vi\u00e4:<\/strong><\/p>\n<p><a href=\"http:\/\/www.mathplayground.com\/index.html\">Mathplayground<\/a><\/p>\n<p><a href=\"http:\/\/www.mathplayground.com\/mobile\/mathlinesAddition_fullscreen.htm\">Math lines addition<\/a><\/p>\n<p><a href=\"http:\/\/www.kolumbus.fi\/mm.salo\/\">http:\/\/www.kolumbus.fi\/mm.salo\/<\/a><\/p>\n<p><a title=\"Englannin kielinen sivusto matematiikan teht\u00e4vi\u00e4 monipuolisesti\" href=\"http:\/\/www.softschools.com\/math\/\">Soft school<\/a><\/p>\n<p><a href=\"http:\/\/www.opperi.fi\/02_opetusvinkkeja\/2201_abaco.html\">Abacomath<\/a><\/p>\n<p><strong>Kun haluat lis\u00e4haastetta oppilaille &#8211; matikkadiplomi:<\/strong><\/p>\n<p><a href=\"http:\/\/solmu.math.helsinki.fi\/diplomi.html\">http:\/\/solmu.math.helsinki.fi\/diplomi.html<\/a><\/p>\n<p>&nbsp;<\/p>\n<p><strong>Apua lukujonotaitojen, hajotelmien ja esim. sarjoittamisen harjoitteluun:<\/strong><\/p>\n<p><a href=\"http:\/\/www.edu.fi\/verkko_oppimateriaalit\/matematiikan_erityisopetukseen_aihioita\">http:\/\/www.edu.fi\/verkko_oppimateriaalit\/matematiikan_erityisopetukseen_aihioita<\/a><\/p>\n<p><strong>Blogikuvauksia toiminnallisista tavoista opettaa ja oppia matematiikkaa:<\/strong><\/p>\n<p><a href=\"http:\/\/openideat.blogspot.fi\/search\/label\/matematiikka\">http:\/\/openideat.blogspot.fi\/search\/label\/matematiikka<\/a><\/p>\n<p><a href=\"http:\/\/temmellys.blogspot.fi\/p\/taustatietoa.html\">http:\/\/temmellys.blogspot.fi\/p\/taustatietoa.html<\/a><\/p>\n<p><a href=\"http:\/\/iloinenmatikka.blogspot.fi\/search\/label\/lukum%C3%A4%C3%A4r%C3%A4t\">Iloinen matikka<\/a><\/p>\n<p>&nbsp;<\/p>\n<p>&nbsp;<\/p>\n","protected":false},"excerpt":{"rendered":"<p>Vinkkej\u00e4 ja ideoita toiminnalliseen matematiikan opetukseen: OuLUMA http:\/\/www.edu.fi\/nappituntuma http:\/\/lukujaliikkuen.fi\/ http:\/\/www.luma.fi\/summamutikka\/2623 hajotelma-ja-0pallokortit_paivitetty1 Kaikkea mahdollista matematiikasta (teht\u00e4vi\u00e4, koulutusta, materiaalia, testej\u00e4): http:\/\/www.opperi.fi\/ Varga-Nem\u00e9nyi ry\u00a0(paljon tulostettavaa materiaalia luokkaan) Verkkoteht\u00e4vi\u00e4: Mathplayground Math lines addition http:\/\/www.kolumbus.fi\/mm.salo\/ Soft school Abacomath Kun haluat lis\u00e4haastetta oppilaille &#8211; matikkadiplomi: http:\/\/solmu.math.helsinki.fi\/diplomi.html &nbsp; Apua lukujonotaitojen, hajotelmien ja esim. sarjoittamisen harjoitteluun: http:\/\/www.edu.fi\/verkko_oppimateriaalit\/matematiikan_erityisopetukseen_aihioita Blogikuvauksia toiminnallisista tavoista opettaa ja oppia &hellip; <a href=\"https:\/\/blog.edu.turku.fi\/alkuopetus\/oppiainelinkit\/matematiikka\/hyodyllisia-linkkeja-matematiikan-opetukseen-2\/\" class=\"more-link\">Jatka lukemista<span class=\"screen-reader-text\"> &#8221;Hy\u00f6dyllisi\u00e4 linkkej\u00e4 matematiikan opetukseen&#8221;<\/span><\/a><\/p>\n","protected":false},"author":904,"featured_media":0,"parent":359,"menu_order":0,"comment_status":"closed","ping_status":"closed","template":"","meta":{"footnotes":""},"class_list":["post-57","page","type-page","status-publish","hentry"],"_links":{"self":[{"href":"https:\/\/blog.edu.turku.fi\/alkuopetus\/wp-json\/wp\/v2\/pages\/57","targetHints":{"allow":["GET"]}}],"collection":[{"href":"https:\/\/blog.edu.turku.fi\/alkuopetus\/wp-json\/wp\/v2\/pages"}],"about":[{"href":"https:\/\/blog.edu.turku.fi\/alkuopetus\/wp-json\/wp\/v2\/types\/page"}],"author":[{"embeddable":true,"href":"https:\/\/blog.edu.turku.fi\/alkuopetus\/wp-json\/wp\/v2\/users\/904"}],"replies":[{"embeddable":true,"href":"https:\/\/blog.edu.turku.fi\/alkuopetus\/wp-json\/wp\/v2\/comments?post=57"}],"version-history":[{"count":17,"href":"https:\/\/blog.edu.turku.fi\/alkuopetus\/wp-json\/wp\/v2\/pages\/57\/revisions"}],"predecessor-version":[{"id":546,"href":"https:\/\/blog.edu.turku.fi\/alkuopetus\/wp-json\/wp\/v2\/pages\/57\/revisions\/546"}],"up":[{"embeddable":true,"href":"https:\/\/blog.edu.turku.fi\/alkuopetus\/wp-json\/wp\/v2\/pages\/359"}],"wp:attachment":[{"href":"https:\/\/blog.edu.turku.fi\/alkuopetus\/wp-json\/wp\/v2\/media?parent=57"}],"curies":[{"name":"wp","href":"https:\/\/api.w.org\/{rel}","templated":true}]}}