{"id":25,"date":"2014-09-05T14:51:13","date_gmt":"2014-09-05T11:51:13","guid":{"rendered":"https:\/\/blog.edu.turku.fi\/alkuopetus\/?page_id=25"},"modified":"2021-04-21T16:09:43","modified_gmt":"2021-04-21T13:09:43","slug":"ops-2016","status":"publish","type":"page","link":"https:\/\/blog.edu.turku.fi\/alkuopetus\/ops-2016\/","title":{"rendered":"OPS 2016"},"content":{"rendered":"<p>Valtakunnallinen OPS-ty\u00f6: <a href=\"http:\/\/www.oph.fi\/ops2016\/perusteet\">http:\/\/www.oph.fi\/ops2016\/perusteet<\/a><\/p>\n<p>Turun OPS-ty\u00f6: <a href=\"https:\/\/blog.edu.turku.fi\/ops2016\/\">https:\/\/blog.edu.turku.fi\/ops2016\/\u00a0<\/a><\/p>\n<p>Turun perusopetuksen opetussuunnitelma luku 13, vuosiluokat 1-2<br \/>\neli vuosiluokkaistetut tavoitteet ja sis\u00e4ll\u00f6t <a href=\"https:\/\/blog.edu.turku.fi\/ops2016\/files\/2015\/04\/luku-13-1-2lk.pdf\">t\u00e4\u00e4ll\u00e4<\/a>.<\/p>\n<p>Ja luvut 1-12 <a href=\"https:\/\/blog.edu.turku.fi\/ops2016\/files\/2015\/04\/Turun-ops-luvut-1-12.pdf\">t\u00e4\u00e4ll\u00e4<\/a>.<\/p>\n<p>Turun esiopetuksen opetussuunnitelman l\u00f6yd\u00e4t <a href=\"https:\/\/blog.edu.turku.fi\/alkuopetus\/files\/2016\/03\/Turun-esiopetussuunnitelma-20161.pdf\">t\u00e4\u00e4lt\u00e4<\/a>.<\/p>\n","protected":false},"excerpt":{"rendered":"<p>Valtakunnallinen OPS-ty\u00f6: http:\/\/www.oph.fi\/ops2016\/perusteet Turun OPS-ty\u00f6: https:\/\/blog.edu.turku.fi\/ops2016\/\u00a0 Turun perusopetuksen opetussuunnitelma luku 13, vuosiluokat 1-2 eli vuosiluokkaistetut tavoitteet ja sis\u00e4ll\u00f6t t\u00e4\u00e4ll\u00e4. Ja luvut 1-12 t\u00e4\u00e4ll\u00e4. Turun esiopetuksen opetussuunnitelman l\u00f6yd\u00e4t t\u00e4\u00e4lt\u00e4.<\/p>\n","protected":false},"author":904,"featured_media":0,"parent":0,"menu_order":0,"comment_status":"closed","ping_status":"closed","template":"","meta":{"footnotes":""},"class_list":["post-25","page","type-page","status-publish","hentry"],"_links":{"self":[{"href":"https:\/\/blog.edu.turku.fi\/alkuopetus\/wp-json\/wp\/v2\/pages\/25","targetHints":{"allow":["GET"]}}],"collection":[{"href":"https:\/\/blog.edu.turku.fi\/alkuopetus\/wp-json\/wp\/v2\/pages"}],"about":[{"href":"https:\/\/blog.edu.turku.fi\/alkuopetus\/wp-json\/wp\/v2\/types\/page"}],"author":[{"embeddable":true,"href":"https:\/\/blog.edu.turku.fi\/alkuopetus\/wp-json\/wp\/v2\/users\/904"}],"replies":[{"embeddable":true,"href":"https:\/\/blog.edu.turku.fi\/alkuopetus\/wp-json\/wp\/v2\/comments?post=25"}],"version-history":[{"count":8,"href":"https:\/\/blog.edu.turku.fi\/alkuopetus\/wp-json\/wp\/v2\/pages\/25\/revisions"}],"predecessor-version":[{"id":812,"href":"https:\/\/blog.edu.turku.fi\/alkuopetus\/wp-json\/wp\/v2\/pages\/25\/revisions\/812"}],"wp:attachment":[{"href":"https:\/\/blog.edu.turku.fi\/alkuopetus\/wp-json\/wp\/v2\/media?parent=25"}],"curies":[{"name":"wp","href":"https:\/\/api.w.org\/{rel}","templated":true}]}}