{"id":216,"date":"2016-03-14T18:32:16","date_gmt":"2016-03-14T16:32:16","guid":{"rendered":"https:\/\/blog.edu.turku.fi\/alkuopetus\/?page_id=216"},"modified":"2016-03-14T18:32:16","modified_gmt":"2016-03-14T16:32:16","slug":"suunnittelutyokalu-esi-ja-alkuopetuksen-yhteistyota-varten","status":"publish","type":"page","link":"https:\/\/blog.edu.turku.fi\/alkuopetus\/esi-ja-alkuopetuksen-yhteistyo\/suunnittelutyokalu-esi-ja-alkuopetuksen-yhteistyota-varten\/","title":{"rendered":"Suunnitteluty\u00f6kalu esi- ja alkuopetuksen yhteisty\u00f6t\u00e4 varten"},"content":{"rendered":"<p><strong><a href=\"https:\/\/blog.edu.turku.fi\/alkuopetus\/files\/2016\/03\/Esi-ja-alkuopetuksen-yhteisty\u00f6n-suunnittelyty\u00f6kalu.docx\" rel=\"\">Esi- ja alkuopetuksen yhteisty\u00f6n suunnittelyty\u00f6kalu<\/a><\/strong><\/p>\n<p>Klikkaa yll\u00e4olevaa linkki\u00e4 ja saat suunnitteluty\u00f6kalun auki syyslukukauden yhteisty\u00f6kokousta varten.<\/p>\n","protected":false},"excerpt":{"rendered":"<p>Esi- ja alkuopetuksen yhteisty\u00f6n suunnittelyty\u00f6kalu Klikkaa yll\u00e4olevaa linkki\u00e4 ja saat suunnitteluty\u00f6kalun auki syyslukukauden yhteisty\u00f6kokousta varten.<\/p>\n","protected":false},"author":904,"featured_media":0,"parent":27,"menu_order":0,"comment_status":"closed","ping_status":"closed","template":"","meta":{"footnotes":""},"class_list":["post-216","page","type-page","status-publish","hentry"],"_links":{"self":[{"href":"https:\/\/blog.edu.turku.fi\/alkuopetus\/wp-json\/wp\/v2\/pages\/216","targetHints":{"allow":["GET"]}}],"collection":[{"href":"https:\/\/blog.edu.turku.fi\/alkuopetus\/wp-json\/wp\/v2\/pages"}],"about":[{"href":"https:\/\/blog.edu.turku.fi\/alkuopetus\/wp-json\/wp\/v2\/types\/page"}],"author":[{"embeddable":true,"href":"https:\/\/blog.edu.turku.fi\/alkuopetus\/wp-json\/wp\/v2\/users\/904"}],"replies":[{"embeddable":true,"href":"https:\/\/blog.edu.turku.fi\/alkuopetus\/wp-json\/wp\/v2\/comments?post=216"}],"version-history":[{"count":1,"href":"https:\/\/blog.edu.turku.fi\/alkuopetus\/wp-json\/wp\/v2\/pages\/216\/revisions"}],"predecessor-version":[{"id":218,"href":"https:\/\/blog.edu.turku.fi\/alkuopetus\/wp-json\/wp\/v2\/pages\/216\/revisions\/218"}],"up":[{"embeddable":true,"href":"https:\/\/blog.edu.turku.fi\/alkuopetus\/wp-json\/wp\/v2\/pages\/27"}],"wp:attachment":[{"href":"https:\/\/blog.edu.turku.fi\/alkuopetus\/wp-json\/wp\/v2\/media?parent=216"}],"curies":[{"name":"wp","href":"https:\/\/api.w.org\/{rel}","templated":true}]}}